{"id":27,"date":"2014-09-17T16:24:03","date_gmt":"2014-09-17T16:24:03","guid":{"rendered":"http:\/\/agora.xtec.cat\/iesmallafre\/?page_id=27"},"modified":"2024-10-15T12:49:52","modified_gmt":"2024-10-15T10:49:52","slug":"historia","status":"publish","type":"page","link":"https:\/\/agora.xtec.cat\/iesmallafre\/linstitut\/historia\/","title":{"rendered":"Hist\u00f2ria"},"content":{"rendered":"<p>L&#8217;INS Dolors Mallafr\u00e8 i Ros va comen\u00e7ar a funcionar durant el curs 1992\/1993 com a extensi\u00f3 de l&#8217;Institut de Batxillerat Manuel de Cabanyes de la nostra localitat, impartint des dels seus or\u00edgens l&#8217;Ensenyament Secundari Obligatori de manera anticipada. La denominaci\u00f3 d&#8217;IES La Paperera que tenia origin\u00e0riament fou deguda al Centre de Formaci\u00f3 Ocupacional hom\u00f2nim, en els espais del qual tingueren lloc les classes d&#8217;aquell primer curs.<\/p>\n<p>A partir del curs 1993\/1994, el nostre institut est\u00e0 ubicat als afores del barri de la Geltr\u00fa. Fins al curs 1996\/1997 vam dur a terme les nostres activitats en m\u00f2duls prefabricats i en espais compartits amb el Col\u00b7legi P\u00fablic Sant Jordi. El curs 1995\/1996 es va produir la implantaci\u00f3 del 3r d&#8217;ESO a tots els instituts de la comarca i, per al nostre centre en concret, ha representat l&#8217;assoliment de la qualificaci\u00f3 d&#8217;IES i, en el terreny acad\u00e8mic, l&#8217;arribada de la primera promoci\u00f3 d&#8217;alumnes a les proves d&#8217;acc\u00e9s a la Universitat. El curs 1996\/1997, amb la incorporaci\u00f3 del primer cicle d&#8217;ESO, va representar la compleci\u00f3 de tots els nivells educatius previstos per a l&#8217;Institut. Aix\u00ed mateix, es va consolidant lentament la plantilla definitiva.<\/p>\n<p>El curs 1997\/1998 vam tenir per primera vegada un edifici d&#8217;\u00fas exclusiu, el nombre de grups i alumnes previstos per al nostre centre en el Mapa Escolar i l&#8217;estructura de gesti\u00f3 i d&#8217;organitzaci\u00f3 completa, amb tots els \u00f2rgans de govern i de coordinaci\u00f3 que hem anat configurant. A m\u00e9s, vam incorporar l&#8217;oferta de la modalitat d&#8217;Arts de Batxillerat, donant compliment a una voluntat que des dels nostres or\u00edgens hav\u00edem tingut.<\/p>\n<p>Tamb\u00e9 durant aquest curs, el Consell Escolar va aprovar el Projecte Educatiu de Centre (PEC) i el Reglament de R\u00e8gim Interior (RRI). El curs es va tancar amb l&#8217;acord del Govern d&#8217;adjudicar les obres de construcci\u00f3 del nou edifici perqu\u00e8 estigui a punt dins de l&#8217;any 2000.<\/p>\n<p>Durant el curs 1998\/1999 va sortir publicat al DOGC l&#8217;adjudicaci\u00f3 d&#8217;obres del nou edifici . El 29 de juny de 2000 van presentar-se 11 empreses al concurs, que s&#8217;havia de resoldre el 25 de juliol. Al Febrer del 2002 ens vam traslladar i el 9 de maig va ser inaugurat oficialment el nou centre.<\/p>\n<p>L\u2019INS Dolors Mallafr\u00e8 i Ros compta entre el seu alumnat amb alumnes amb necessitats educatives especials greus i permanents i \u00e9s centre de reagrupament d\u2019alumnat amb d\u00e8ficits auditius.<\/p>\n<p>&nbsp;<\/p>\n","protected":false},"excerpt":{"rendered":"<p>L&#8217;INS Dolors Mallafr\u00e8 i Ros va comen\u00e7ar a funcionar durant el curs 1992\/1993 com a extensi\u00f3 de l&#8217;Institut de Batxillerat Manuel de Cabanyes de la nostra localitat, impartint des dels seus or\u00edgens l&#8217;Ensenyament Secundari Obligatori de manera anticipada. La denominaci\u00f3 d&#8217;IES La Paperera que tenia&hellip;  <a href=\"https:\/\/agora.xtec.cat\/iesmallafre\/linstitut\/historia\/\" title=\"Read Hist\u00f2ria\">Llegeix m\u00e9s\u00bb<\/a><\/p>\n","protected":false},"author":1,"featured_media":0,"parent":19,"menu_order":20,"comment_status":"closed","ping_status":"closed","template":"page-templates\/side-menu.php","meta":{"_bbp_topic_count":0,"_bbp_reply_count":0,"_bbp_total_topic_count":0,"_bbp_total_reply_count":0,"_bbp_voice_count":0,"_bbp_anonymous_reply_count":0,"_bbp_topic_count_hidden":0,"_bbp_reply_count_hidden":0,"_bbp_forum_subforum_count":0,"footnotes":""},"class_list":["post-27","page","type-page","status-publish","hentry"],"post_mailing_queue_ids":[],"_links":{"self":[{"href":"https:\/\/agora.xtec.cat\/iesmallafre\/wp-json\/wp\/v2\/pages\/27","targetHints":{"allow":["GET"]}}],"collection":[{"href":"https:\/\/agora.xtec.cat\/iesmallafre\/wp-json\/wp\/v2\/pages"}],"about":[{"href":"https:\/\/agora.xtec.cat\/iesmallafre\/wp-json\/wp\/v2\/types\/page"}],"author":[{"embeddable":true,"href":"https:\/\/agora.xtec.cat\/iesmallafre\/wp-json\/wp\/v2\/users\/1"}],"replies":[{"embeddable":true,"href":"https:\/\/agora.xtec.cat\/iesmallafre\/wp-json\/wp\/v2\/comments?post=27"}],"version-history":[{"count":3,"href":"https:\/\/agora.xtec.cat\/iesmallafre\/wp-json\/wp\/v2\/pages\/27\/revisions"}],"predecessor-version":[{"id":366,"href":"https:\/\/agora.xtec.cat\/iesmallafre\/wp-json\/wp\/v2\/pages\/27\/revisions\/366"}],"up":[{"embeddable":true,"href":"https:\/\/agora.xtec.cat\/iesmallafre\/wp-json\/wp\/v2\/pages\/19"}],"wp:attachment":[{"href":"https:\/\/agora.xtec.cat\/iesmallafre\/wp-json\/wp\/v2\/media?parent=27"}],"curies":[{"name":"wp","href":"https:\/\/api.w.org\/{rel}","templated":true}]}}

Història

<p>L&#8217;INS Dolors Mallafrè i Ros va començar a funcionar durant el curs 1992/1993 com a extensió de l&#8217;Institut de Batxillerat Manuel de Cabanyes de la nostra localitat, impartint des dels seus orígens l&#8217;Ensenyament Secundari Obligatori de manera anticipada. La denominació d&#8217;IES La Paperera que tenia originàriament fou deguda al Centre de Formació Ocupacional homònim, en els espais del qual tingueren lloc les classes d&#8217;aquell primer curs.</p>
<p>A partir del curs 1993/1994, el nostre institut està ubicat als afores del barri de la Geltrú. Fins al curs 1996/1997 vam dur a terme les nostres activitats en mòduls prefabricats i en espais compartits amb el Col·legi Públic Sant Jordi. El curs 1995/1996 es va produir la implantació del 3r d&#8217;ESO a tots els instituts de la comarca i, per al nostre centre en concret, ha representat l&#8217;assoliment de la qualificació d&#8217;IES i, en el terreny acadèmic, l&#8217;arribada de la primera promoció d&#8217;alumnes a les proves d&#8217;accés a la Universitat. El curs 1996/1997, amb la incorporació del primer cicle d&#8217;ESO, va representar la compleció de tots els nivells educatius previstos per a l&#8217;Institut. Així mateix, es va consolidant lentament la plantilla definitiva.</p>
<p>El curs 1997/1998 vam tenir per primera vegada un edifici d&#8217;ús exclusiu, el nombre de grups i alumnes previstos per al nostre centre en el Mapa Escolar i l&#8217;estructura de gestió i d&#8217;organització completa, amb tots els òrgans de govern i de coordinació que hem anat configurant. A més, vam incorporar l&#8217;oferta de la modalitat d&#8217;Arts de Batxillerat, donant compliment a una voluntat que des dels nostres orígens havíem tingut.</p>
<p>També durant aquest curs, el Consell Escolar va aprovar el Projecte Educatiu de Centre (PEC) i el Reglament de Règim Interior (RRI). El curs es va tancar amb l&#8217;acord del Govern d&#8217;adjudicar les obres de construcció del nou edifici perquè estigui a punt dins de l&#8217;any 2000.</p>
<p>Durant el curs 1998/1999 va sortir publicat al DOGC l&#8217;adjudicació d&#8217;obres del nou edifici . El 29 de juny de 2000 van presentar-se 11 empreses al concurs, que s&#8217;havia de resoldre el 25 de juliol. Al Febrer del 2002 ens vam traslladar i el 9 de maig va ser inaugurat oficialment el nou centre.</p>
<p>L’INS Dolors Mallafrè i Ros compta entre el seu alumnat amb alumnes amb necessitats educatives especials greus i permanents i és centre de reagrupament d’alumnat amb dèficits auditius.</p>
<p>&nbsp;</p>

<p>L&#8217;INS Dolors Mallafrè i Ros va començar a funcionar durant el curs 1992/1993 com a extensió de l&#8217;Institut de Batxillerat Manuel de Cabanyes de la nostra localitat, impartint des dels seus orígens l&#8217;Ensenyament Secundari Obligatori de manera anticipada. La denominació d&#8217;IES La Paperera que tenia&hellip;  <a href="https://agora.xtec.cat/iesmallafre/linstitut/historia/" title="Read Història">Llegeix més»</a></p>
