{"id":24992,"date":"2025-03-11T13:33:35","date_gmt":"2025-03-11T12:33:35","guid":{"rendered":"https:\/\/agora.xtec.cat\/iesmallafre\/?page_id=24992"},"modified":"2025-03-11T13:33:35","modified_gmt":"2025-03-11T12:33:35","slug":"comunicacio","status":"publish","type":"page","link":"https:\/\/agora.xtec.cat\/iesmallafre\/comunicacio\/","title":{"rendered":"Comunicaci\u00f3"},"content":{"rendered":"<p>El nostre centre compta amb una comissi\u00f3 de comunicaci\u00f3, encarregada de donar a con\u00e8ixer les activitats que es duen a terme i de fer arribar informaci\u00f3 rellevant a tota la comunitat educativa.<\/p>\n<p>A m\u00e9s, la comissi\u00f3 s\u2019encarrega d\u2019actualitzar i vetllar pel correcte funcionament del protocol de comunicaci\u00f3, establint les directrius per a la difusi\u00f3 de les diverses informacions del centre.<\/p>\n<p>Segons el tipus de contingut i els destinataris, utilitzem diferents canals de comunicaci\u00f3:<\/p>\n<p>&#8211; Web del centre<br \/>\n&#8211; Xarxes socials Instagram<br \/>\n&#8211; Aplicaci\u00f3 TPV Escola per a pagaments<br \/>\n&#8211; Missatgeria iEduca<\/p>\n<p>Amb aquests canals, assegurem que tota la informaci\u00f3 arribi de manera efectiva i actualitzada a la comunitat educativa.<\/p>\n","protected":false},"excerpt":{"rendered":"<p>El nostre centre compta amb una comissi\u00f3 de comunicaci\u00f3, encarregada de donar a con\u00e8ixer les activitats que es duen a terme i de fer arribar informaci\u00f3 rellevant a tota la comunitat educativa.<br \/>\nA m\u00e9s, la comissi\u00f3 s\u2019encarrega d\u2019actualitzar i vetllar pel correcte funcionament del protocol de&hellip;  <a href=\"https:\/\/agora.xtec.cat\/iesmallafre\/comunicacio\/\" title=\"Read Comunicaci\u00f3\">Llegeix m\u00e9s\u00bb<\/a><\/p>\n","protected":false},"author":16,"featured_media":0,"parent":0,"menu_order":0,"comment_status":"closed","ping_status":"closed","template":"page-templates\/side-menu.php","meta":{"_bbp_topic_count":0,"_bbp_reply_count":0,"_bbp_total_topic_count":0,"_bbp_total_reply_count":0,"_bbp_voice_count":0,"_bbp_anonymous_reply_count":0,"_bbp_topic_count_hidden":0,"_bbp_reply_count_hidden":0,"_bbp_forum_subforum_count":0,"footnotes":""},"class_list":["post-24992","page","type-page","status-publish","hentry"],"post_mailing_queue_ids":[],"_links":{"self":[{"href":"https:\/\/agora.xtec.cat\/iesmallafre\/wp-json\/wp\/v2\/pages\/24992","targetHints":{"allow":["GET"]}}],"collection":[{"href":"https:\/\/agora.xtec.cat\/iesmallafre\/wp-json\/wp\/v2\/pages"}],"about":[{"href":"https:\/\/agora.xtec.cat\/iesmallafre\/wp-json\/wp\/v2\/types\/page"}],"author":[{"embeddable":true,"href":"https:\/\/agora.xtec.cat\/iesmallafre\/wp-json\/wp\/v2\/users\/16"}],"replies":[{"embeddable":true,"href":"https:\/\/agora.xtec.cat\/iesmallafre\/wp-json\/wp\/v2\/comments?post=24992"}],"version-history":[{"count":1,"href":"https:\/\/agora.xtec.cat\/iesmallafre\/wp-json\/wp\/v2\/pages\/24992\/revisions"}],"predecessor-version":[{"id":24994,"href":"https:\/\/agora.xtec.cat\/iesmallafre\/wp-json\/wp\/v2\/pages\/24992\/revisions\/24994"}],"wp:attachment":[{"href":"https:\/\/agora.xtec.cat\/iesmallafre\/wp-json\/wp\/v2\/media?parent=24992"}],"curies":[{"name":"wp","href":"https:\/\/api.w.org\/{rel}","templated":true}]}}