{"id":24945,"date":"2025-03-11T11:58:47","date_gmt":"2025-03-11T10:58:47","guid":{"rendered":"https:\/\/agora.xtec.cat\/iesmallafre\/?page_id=24945"},"modified":"2026-04-09T11:41:22","modified_gmt":"2026-04-09T09:41:22","slug":"cicles-formatius","status":"publish","type":"page","link":"https:\/\/agora.xtec.cat\/iesmallafre\/cicles-formatius\/","title":{"rendered":"Cicles Formatius d&#8217;arts esc\u00e8niques"},"content":{"rendered":"<p>Els cicles formatius d&#8217;arts esc\u00e8niques ofereixen formaci\u00f3 professional en l&#8217;\u00e0mbit dels oficis de les arts del circ, de les t\u00e8cniques d&#8217;actuaci\u00f3 i de les t\u00e8cniques de direcci\u00f3 coral, i capaciten per a la incorporaci\u00f3 al mercat laboral en una professi\u00f3 concreta.<\/p>\n<h2 class=\"pd-15 pd-30\">Quin cicle formatiu ofereix el nostre institut:<\/h2>\n<ul>\n<li>T\u00e8cniques d&#8217;Actuaci\u00f3 Teatral &#8211; Cicle Superior<\/li>\n<\/ul>\n<p>Podeu trobar tota la informaci\u00f3 a la\u00a0<a href=\"https:\/\/sites.google.com\/insmallafre.cat\/tat-dolors-mallafr-i-ros\/inici?authuser=3\" target=\"_blank\" rel=\"https:\/\/sites.google.com\/insmallafre.cat\/tat-dolors-mallafr-i-ros\/inici?authuser=3 noopener\">p\u00e0gina web del Cicle Formatiu de Grau Superior en T\u00e8cniques d\u2019Actuaci\u00f3 Teatral<\/a>.<\/p>\n<p><a href=\"https:\/\/agora.xtec.cat\/iesmallafre\/wp-content\/uploads\/usu105\/2026\/03\/TAT_2026.png\"><img loading=\"lazy\" decoding=\"async\" class=\"wp-image-25972 aligncenter\" src=\"https:\/\/agora.xtec.cat\/iesmallafre\/wp-content\/uploads\/usu105\/2026\/03\/TAT_2026.png\" alt=\"\" width=\"461\" height=\"259\" srcset=\"https:\/\/agora.xtec.cat\/iesmallafre\/wp-content\/uploads\/usu105\/2026\/03\/TAT_2026.png 1920w, https:\/\/agora.xtec.cat\/iesmallafre\/wp-content\/uploads\/usu105\/2026\/03\/TAT_2026-300x169.png 300w, https:\/\/agora.xtec.cat\/iesmallafre\/wp-content\/uploads\/usu105\/2026\/03\/TAT_2026-1024x576.png 1024w, https:\/\/agora.xtec.cat\/iesmallafre\/wp-content\/uploads\/usu105\/2026\/03\/TAT_2026-768x432.png 768w, https:\/\/agora.xtec.cat\/iesmallafre\/wp-content\/uploads\/usu105\/2026\/03\/TAT_2026-1536x864.png 1536w\" sizes=\"auto, (max-width: 461px) 100vw, 461px\" \/><\/a><\/p>\n","protected":false},"excerpt":{"rendered":"<p>Els cicles formatius d&#8217;arts esc\u00e8niques ofereixen formaci\u00f3 professional en l&#8217;\u00e0mbit dels oficis de les arts del circ, de les t\u00e8cniques d&#8217;actuaci\u00f3 i de les t\u00e8cniques de direcci\u00f3 coral, i capaciten per a la incorporaci\u00f3 al mercat laboral en una professi\u00f3 concreta.<br \/>\nQuin cicle formatiu ofereix el&hellip;  <a href=\"https:\/\/agora.xtec.cat\/iesmallafre\/cicles-formatius\/\" title=\"Read Cicles Formatius d&#8217;arts esc\u00e8niques\">Llegeix m\u00e9s\u00bb<\/a><\/p>\n","protected":false},"author":16,"featured_media":0,"parent":0,"menu_order":0,"comment_status":"closed","ping_status":"closed","template":"page-templates\/side-menu.php","meta":{"_bbp_topic_count":0,"_bbp_reply_count":0,"_bbp_total_topic_count":0,"_bbp_total_reply_count":0,"_bbp_voice_count":0,"_bbp_anonymous_reply_count":0,"_bbp_topic_count_hidden":0,"_bbp_reply_count_hidden":0,"_bbp_forum_subforum_count":0,"footnotes":""},"class_list":["post-24945","page","type-page","status-publish","hentry"],"post_mailing_queue_ids":[],"_links":{"self":[{"href":"https:\/\/agora.xtec.cat\/iesmallafre\/wp-json\/wp\/v2\/pages\/24945","targetHints":{"allow":["GET"]}}],"collection":[{"href":"https:\/\/agora.xtec.cat\/iesmallafre\/wp-json\/wp\/v2\/pages"}],"about":[{"href":"https:\/\/agora.xtec.cat\/iesmallafre\/wp-json\/wp\/v2\/types\/page"}],"author":[{"embeddable":true,"href":"https:\/\/agora.xtec.cat\/iesmallafre\/wp-json\/wp\/v2\/users\/16"}],"replies":[{"embeddable":true,"href":"https:\/\/agora.xtec.cat\/iesmallafre\/wp-json\/wp\/v2\/comments?post=24945"}],"version-history":[{"count":6,"href":"https:\/\/agora.xtec.cat\/iesmallafre\/wp-json\/wp\/v2\/pages\/24945\/revisions"}],"predecessor-version":[{"id":24951,"href":"https:\/\/agora.xtec.cat\/iesmallafre\/wp-json\/wp\/v2\/pages\/24945\/revisions\/24951"}],"wp:attachment":[{"href":"https:\/\/agora.xtec.cat\/iesmallafre\/wp-json\/wp\/v2\/media?parent=24945"}],"curies":[{"name":"wp","href":"https:\/\/api.w.org\/{rel}","templated":true}]}}

Cicles Formatius d&#8217;arts escèniques

<p>Els cicles formatius d&#8217;arts escèniques ofereixen formació professional en l&#8217;àmbit dels oficis de les arts del circ, de les tècniques d&#8217;actuació i de les tècniques de direcció coral, i capaciten per a la incorporació al mercat laboral en una professió concreta.</p>
<h2 class="pd-15 pd-30">Quin cicle formatiu ofereix el nostre institut:</h2>
<ul>
<li>Tècniques d&#8217;Actuació Teatral &#8211; Cicle Superior</li>
</ul>
<p>Podeu trobar tota la informació a la <a href="https://sites.google.com/insmallafre.cat/tat-dolors-mallafr-i-ros/inici?authuser=3" target="_blank" rel="https://sites.google.com/insmallafre.cat/tat-dolors-mallafr-i-ros/inici?authuser=3 noopener">pàgina web del Cicle Formatiu de Grau Superior en Tècniques d’Actuació Teatral</a>.</p>
<p><a href="https://agora.xtec.cat/iesmallafre/wp-content/uploads/usu105/2026/03/TAT_2026.png"><img loading="lazy" decoding="async" class="wp-image-25972 aligncenter" src="https://agora.xtec.cat/iesmallafre/wp-content/uploads/usu105/2026/03/TAT_2026.png" alt="" width="461" height="259" srcset="https://agora.xtec.cat/iesmallafre/wp-content/uploads/usu105/2026/03/TAT_2026.png 1920w, https://agora.xtec.cat/iesmallafre/wp-content/uploads/usu105/2026/03/TAT_2026-300x169.png 300w, https://agora.xtec.cat/iesmallafre/wp-content/uploads/usu105/2026/03/TAT_2026-1024x576.png 1024w, https://agora.xtec.cat/iesmallafre/wp-content/uploads/usu105/2026/03/TAT_2026-768x432.png 768w, https://agora.xtec.cat/iesmallafre/wp-content/uploads/usu105/2026/03/TAT_2026-1536x864.png 1536w" sizes="auto, (max-width: 461px) 100vw, 461px" /></a></p>

<p>Els cicles formatius d&#8217;arts escèniques ofereixen formació professional en l&#8217;àmbit dels oficis de les arts del circ, de les tècniques d&#8217;actuació i de les tècniques de direcció coral, i capaciten per a la incorporació al mercat laboral en una professió concreta.<br />
Quin cicle formatiu ofereix el&hellip;  <a href="https://agora.xtec.cat/iesmallafre/cicles-formatius/" title="Read Cicles Formatius d&#8217;arts escèniques">Llegeix més»</a></p>
