{"id":24723,"date":"2025-01-28T12:11:29","date_gmt":"2025-01-28T11:11:29","guid":{"rendered":"https:\/\/agora.xtec.cat\/iesmallafre\/?page_id=24723"},"modified":"2025-01-28T12:11:35","modified_gmt":"2025-01-28T11:11:35","slug":"rodem-anuncis-als-nostres-museus","status":"publish","type":"page","link":"https:\/\/agora.xtec.cat\/iesmallafre\/projecte-educatiu\/ambit-artistic-creatiu\/rodem-anuncis-als-nostres-museus\/","title":{"rendered":"Rodem anuncis als nostres museus"},"content":{"rendered":"<div>\n<p>A l\u2019assignatura de Publicitat, impartida a 1r de Batxillerat Art\u00edstic-Pl\u00e0stic, es realitza un projecte que s\u2019ha convertit en un exercici molt esperat del curs. Consisteix en produir un v\u00eddeo publicitari en un espai patrimonial del nostre entorn, combinant creativitat i aprenentatge pr\u00e0ctic.<\/p>\n<p>Els darrers anys, aquest projecte s\u2019ha desenvolupat en ubicacions tan emblem\u00e0tiques com els Museus V\u00edctor Balaguer, Casa Papiol, Torre Blava i la Masia d\u2019en Cabanyes. El curs 2023-24, l\u2019escenari triat va ser l\u2019Espai Far de Vilanova i la Geltr\u00fa, un equipament singular que molts alumnes no coneixien abans de comen\u00e7ar el projecte.<\/p>\n<h3>Un projecte complet i ben planificat<\/h3>\n<p>L\u2019activitat comen\u00e7a amb la redacci\u00f3 del gui\u00f3 literari i t\u00e8cnic, on els grups, formats per tres o quatre persones, van desenvolupar la seva hist\u00f2ria tenint l\u2019Espai Far com a tel\u00f3 de fons. Despr\u00e9s de visitar pr\u00e8viament aquest espai muse\u00edstic i patrimonial, els alumnes van planificar tots els detalls t\u00e8cnics i humans necessaris per al rodatge de l&#8217;anunci publicitari.<\/p>\n<p>El rodatge es va dur a terme en una tarda, amb una durada aproximada de tres hores. Els diferents grups van treballar simult\u00e0niament, aconseguint uns resultats molt positius gr\u00e0cies a la bona coordinaci\u00f3 i planificaci\u00f3.<\/p>\n<h3>Col\u00b7laboraci\u00f3 amb l\u2019entorn<\/h3>\n<p>Per donar un toc m\u00e9s professional al projecte, es va col\u00b7laborar amb l\u2019empresa Bon Preu, que va proporcionar l\u2019avituallament necessari per als alumnes durant el rodatge. Aquesta experi\u00e8ncia va permetre a l\u2019alumnat comprendre la import\u00e0ncia de tenir en compte tots els aspectes log\u00edstics d\u2019un espot publicitari.<\/p>\n<p>A m\u00e9s, volem agrair la disponibilitat de l\u2019Espai Far, que va facilitar l\u2019acc\u00e9s a les instal\u00b7lacions, permetent un rodatge sense cap dificultat.<\/p>\n<h3>Un exercici d\u2019aprenentatge i creativitat<\/h3>\n<p>Aquest projecte no nom\u00e9s fomenta la creativitat i l\u2019organitzaci\u00f3, sin\u00f3 que tamb\u00e9 proporciona als alumnes una experi\u00e8ncia pr\u00e0ctica i immersiva en el m\u00f3n de la publicitat. Produir un espot en un entorn real \u00e9s una oportunitat \u00fanica per aprendre i posar en pr\u00e0ctica els coneixements adquirits a classe, creant contingut que promociona el patrimoni cultural de la nostra ciutat.<\/p>\n<p>Enhorabona a l\u2019alumnat i professorat implicat per aquesta magn\u00edfica iniciativa!<\/p>\n<p><iframe loading=\"lazy\" title=\"1. L\u2019Espai Far: Publicitat Creativa des de l\u2019Aula\" width=\"500\" height=\"281\" src=\"https:\/\/www.youtube.com\/embed\/qGi8mJZ2Zus?feature=oembed\" frameborder=\"0\" allow=\"accelerometer; autoplay; clipboard-write; encrypted-media; gyroscope; picture-in-picture; web-share\" referrerpolicy=\"strict-origin-when-cross-origin\" allowfullscreen><\/iframe><\/p>\n<p><iframe loading=\"lazy\" title=\"2. L\u2019Espai Far: Publicitat Creativa des de l\u2019Aula\" width=\"500\" height=\"281\" src=\"https:\/\/www.youtube.com\/embed\/EFqqoiz1SSM?feature=oembed\" frameborder=\"0\" allow=\"accelerometer; autoplay; clipboard-write; encrypted-media; gyroscope; picture-in-picture; web-share\" referrerpolicy=\"strict-origin-when-cross-origin\" allowfullscreen><\/iframe><\/p>\n<p><iframe loading=\"lazy\" title=\"3. L\u2019Espai Far: Publicitat Creativa des de l\u2019Aula\" width=\"500\" height=\"281\" src=\"https:\/\/www.youtube.com\/embed\/_7jUkY-LhsA?feature=oembed\" frameborder=\"0\" allow=\"accelerometer; autoplay; clipboard-write; encrypted-media; gyroscope; picture-in-picture; web-share\" referrerpolicy=\"strict-origin-when-cross-origin\" allowfullscreen><\/iframe><\/p>\n<p><iframe loading=\"lazy\" title=\"4.L\u2019Espai Far: Publicitat Creativa des de l\u2019Aula\" width=\"500\" height=\"281\" src=\"https:\/\/www.youtube.com\/embed\/rbG4YwVCNK8?feature=oembed\" frameborder=\"0\" allow=\"accelerometer; autoplay; clipboard-write; encrypted-media; gyroscope; picture-in-picture; web-share\" referrerpolicy=\"strict-origin-when-cross-origin\" allowfullscreen><\/iframe><\/p>\n<\/div>\n<div><\/div>\n<div>\n<p>&nbsp;<\/p>\n<p><iframe loading=\"lazy\" title=\"5. L\u2019Espai Far: Publicitat Creativa des de l\u2019Aula\" width=\"500\" height=\"281\" src=\"https:\/\/www.youtube.com\/embed\/4WzNnzZ1d0U?feature=oembed\" frameborder=\"0\" allow=\"accelerometer; autoplay; clipboard-write; encrypted-media; gyroscope; picture-in-picture; web-share\" referrerpolicy=\"strict-origin-when-cross-origin\" allowfullscreen><\/iframe><\/p>\n<p>&nbsp;<\/p>\n<\/div>\n<div>\n<p>&nbsp;<\/p>\n<p><iframe loading=\"lazy\" title=\"6. L\u2019Espai Far: Publicitat Creativa des de l\u2019Aula\" width=\"500\" height=\"281\" src=\"https:\/\/www.youtube.com\/embed\/NrTe6eZcieg?feature=oembed\" frameborder=\"0\" allow=\"accelerometer; autoplay; clipboard-write; encrypted-media; gyroscope; picture-in-picture; web-share\" referrerpolicy=\"strict-origin-when-cross-origin\" allowfullscreen><\/iframe><\/p>\n<p><iframe loading=\"lazy\" title=\"7. L\u2019Espai Far: Publicitat Creativa des de l\u2019Aula\" width=\"500\" height=\"281\" src=\"https:\/\/www.youtube.com\/embed\/y5G58FaX_kw?feature=oembed\" frameborder=\"0\" allow=\"accelerometer; autoplay; clipboard-write; encrypted-media; gyroscope; picture-in-picture; web-share\" referrerpolicy=\"strict-origin-when-cross-origin\" allowfullscreen><\/iframe><\/p>\n<\/div>\n<div><\/div>\n<div><\/div>\n<div><\/div>\n<div><\/div>\n<div><\/div>\n<div><\/div>\n<div><\/div>\n<div><\/div>\n<div><\/div>\n<div><\/div>\n<div><\/div>\n","protected":false},"excerpt":{"rendered":"<p>A l\u2019assignatura de Publicitat, impartida a 1r de Batxillerat Art\u00edstic-Pl\u00e0stic, es realitza un projecte que s\u2019ha convertit en un exercici molt esperat del curs. Consisteix en produir un v\u00eddeo publicitari en un espai patrimonial del nostre entorn, combinant creativitat i aprenentatge pr\u00e0ctic.<br \/>\nEls darrers anys, aquest&hellip;  <a href=\"https:\/\/agora.xtec.cat\/iesmallafre\/projecte-educatiu\/ambit-artistic-creatiu\/rodem-anuncis-als-nostres-museus\/\" title=\"Read Rodem anuncis als nostres museus\">Llegeix m\u00e9s\u00bb<\/a><\/p>\n","protected":false},"author":16,"featured_media":0,"parent":24315,"menu_order":0,"comment_status":"closed","ping_status":"closed","template":"page-templates\/side-menu.php","meta":{"_bbp_topic_count":0,"_bbp_reply_count":0,"_bbp_total_topic_count":0,"_bbp_total_reply_count":0,"_bbp_voice_count":0,"_bbp_anonymous_reply_count":0,"_bbp_topic_count_hidden":0,"_bbp_reply_count_hidden":0,"_bbp_forum_subforum_count":0,"footnotes":""},"class_list":["post-24723","page","type-page","status-publish","hentry"],"post_mailing_queue_ids":[],"_links":{"self":[{"href":"https:\/\/agora.xtec.cat\/iesmallafre\/wp-json\/wp\/v2\/pages\/24723","targetHints":{"allow":["GET"]}}],"collection":[{"href":"https:\/\/agora.xtec.cat\/iesmallafre\/wp-json\/wp\/v2\/pages"}],"about":[{"href":"https:\/\/agora.xtec.cat\/iesmallafre\/wp-json\/wp\/v2\/types\/page"}],"author":[{"embeddable":true,"href":"https:\/\/agora.xtec.cat\/iesmallafre\/wp-json\/wp\/v2\/users\/16"}],"replies":[{"embeddable":true,"href":"https:\/\/agora.xtec.cat\/iesmallafre\/wp-json\/wp\/v2\/comments?post=24723"}],"version-history":[{"count":6,"href":"https:\/\/agora.xtec.cat\/iesmallafre\/wp-json\/wp\/v2\/pages\/24723\/revisions"}],"predecessor-version":[{"id":24730,"href":"https:\/\/agora.xtec.cat\/iesmallafre\/wp-json\/wp\/v2\/pages\/24723\/revisions\/24730"}],"up":[{"embeddable":true,"href":"https:\/\/agora.xtec.cat\/iesmallafre\/wp-json\/wp\/v2\/pages\/24315"}],"wp:attachment":[{"href":"https:\/\/agora.xtec.cat\/iesmallafre\/wp-json\/wp\/v2\/media?parent=24723"}],"curies":[{"name":"wp","href":"https:\/\/api.w.org\/{rel}","templated":true}]}}

<div>
<p>A l’assignatura de Publicitat, impartida a 1r de Batxillerat Artístic-Plàstic, es realitza un projecte que s’ha convertit en un exercici molt esperat del curs. Consisteix en produir un vídeo publicitari en un espai patrimonial del nostre entorn, combinant creativitat i aprenentatge pràctic.</p>
<p>Els darrers anys, aquest projecte s’ha desenvolupat en ubicacions tan emblemàtiques com els Museus Víctor Balaguer, Casa Papiol, Torre Blava i la Masia d’en Cabanyes. El curs 2023-24, l’escenari triat va ser l’Espai Far de Vilanova i la Geltrú, un equipament singular que molts alumnes no coneixien abans de començar el projecte.</p>
<h3>Un projecte complet i ben planificat</h3>
<p>L’activitat comença amb la redacció del guió literari i tècnic, on els grups, formats per tres o quatre persones, van desenvolupar la seva història tenint l’Espai Far com a teló de fons. Després de visitar prèviament aquest espai museístic i patrimonial, els alumnes van planificar tots els detalls tècnics i humans necessaris per al rodatge de l&#8217;anunci publicitari.</p>
<p>El rodatge es va dur a terme en una tarda, amb una durada aproximada de tres hores. Els diferents grups van treballar simultàniament, aconseguint uns resultats molt positius gràcies a la bona coordinació i planificació.</p>
<h3>Col·laboració amb l’entorn</h3>
<p>Per donar un toc més professional al projecte, es va col·laborar amb l’empresa Bon Preu, que va proporcionar l’avituallament necessari per als alumnes durant el rodatge. Aquesta experiència va permetre a l’alumnat comprendre la importància de tenir en compte tots els aspectes logístics d’un espot publicitari.</p>
<p>A més, volem agrair la disponibilitat de l’Espai Far, que va facilitar l’accés a les instal·lacions, permetent un rodatge sense cap dificultat.</p>
<h3>Un exercici d’aprenentatge i creativitat</h3>
<p>Aquest projecte no només fomenta la creativitat i l’organització, sinó que també proporciona als alumnes una experiència pràctica i immersiva en el món de la publicitat. Produir un espot en un entorn real és una oportunitat única per aprendre i posar en pràctica els coneixements adquirits a classe, creant contingut que promociona el patrimoni cultural de la nostra ciutat.</p>
<p>Enhorabona a l’alumnat i professorat implicat per aquesta magnífica iniciativa!</p>
<p><iframe loading="lazy" title="1. L’Espai Far: Publicitat Creativa des de l’Aula" width="500" height="281" src="https://www.youtube.com/embed/qGi8mJZ2Zus?feature=oembed" frameborder="0" allow="accelerometer; autoplay; clipboard-write; encrypted-media; gyroscope; picture-in-picture; web-share" referrerpolicy="strict-origin-when-cross-origin" allowfullscreen></iframe></p>
<p><iframe loading="lazy" title="2. L’Espai Far: Publicitat Creativa des de l’Aula" width="500" height="281" src="https://www.youtube.com/embed/EFqqoiz1SSM?feature=oembed" frameborder="0" allow="accelerometer; autoplay; clipboard-write; encrypted-media; gyroscope; picture-in-picture; web-share" referrerpolicy="strict-origin-when-cross-origin" allowfullscreen></iframe></p>
<p><iframe loading="lazy" title="3. L’Espai Far: Publicitat Creativa des de l’Aula" width="500" height="281" src="https://www.youtube.com/embed/_7jUkY-LhsA?feature=oembed" frameborder="0" allow="accelerometer; autoplay; clipboard-write; encrypted-media; gyroscope; picture-in-picture; web-share" referrerpolicy="strict-origin-when-cross-origin" allowfullscreen></iframe></p>
<p><iframe loading="lazy" title="4.L’Espai Far: Publicitat Creativa des de l’Aula" width="500" height="281" src="https://www.youtube.com/embed/rbG4YwVCNK8?feature=oembed" frameborder="0" allow="accelerometer; autoplay; clipboard-write; encrypted-media; gyroscope; picture-in-picture; web-share" referrerpolicy="strict-origin-when-cross-origin" allowfullscreen></iframe></p>
</div>
<div></div>
<div>
<p>&nbsp;</p>
<p><iframe loading="lazy" title="5. L’Espai Far: Publicitat Creativa des de l’Aula" width="500" height="281" src="https://www.youtube.com/embed/4WzNnzZ1d0U?feature=oembed" frameborder="0" allow="accelerometer; autoplay; clipboard-write; encrypted-media; gyroscope; picture-in-picture; web-share" referrerpolicy="strict-origin-when-cross-origin" allowfullscreen></iframe></p>
<p>&nbsp;</p>
</div>
<div>
<p>&nbsp;</p>
<p><iframe loading="lazy" title="6. L’Espai Far: Publicitat Creativa des de l’Aula" width="500" height="281" src="https://www.youtube.com/embed/NrTe6eZcieg?feature=oembed" frameborder="0" allow="accelerometer; autoplay; clipboard-write; encrypted-media; gyroscope; picture-in-picture; web-share" referrerpolicy="strict-origin-when-cross-origin" allowfullscreen></iframe></p>
<p><iframe loading="lazy" title="7. L’Espai Far: Publicitat Creativa des de l’Aula" width="500" height="281" src="https://www.youtube.com/embed/y5G58FaX_kw?feature=oembed" frameborder="0" allow="accelerometer; autoplay; clipboard-write; encrypted-media; gyroscope; picture-in-picture; web-share" referrerpolicy="strict-origin-when-cross-origin" allowfullscreen></iframe></p>
</div>
<div></div>
<div></div>
<div></div>
<div></div>
<div></div>
<div></div>
<div></div>
<div></div>
<div></div>
<div></div>
<div></div>

<p>A l’assignatura de Publicitat, impartida a 1r de Batxillerat Artístic-Plàstic, es realitza un projecte que s’ha convertit en un exercici molt esperat del curs. Consisteix en produir un vídeo publicitari en un espai patrimonial del nostre entorn, combinant creativitat i aprenentatge pràctic.<br />
Els darrers anys, aquest&hellip;  <a href="https://agora.xtec.cat/iesmallafre/projecte-educatiu/ambit-artistic-creatiu/rodem-anuncis-als-nostres-museus/" title="Read Rodem anuncis als nostres museus">Llegeix més»</a></p>
