{"id":24693,"date":"2025-01-14T13:07:17","date_gmt":"2025-01-14T12:07:17","guid":{"rendered":"https:\/\/agora.xtec.cat\/iesmallafre\/?page_id=24693"},"modified":"2025-01-14T13:07:17","modified_gmt":"2025-01-14T12:07:17","slug":"etwinning","status":"publish","type":"page","link":"https:\/\/agora.xtec.cat\/iesmallafre\/projecte-educatiu\/ambit-social-i-humanistic\/etwinning\/","title":{"rendered":"eTwinning"},"content":{"rendered":"<p><span id=\"m_-1124515245825829511gmail-docs-internal-guid-d65d06c5-7d13-5181-0c3e-13d5ffc6e40a\"><span>Qu\u00e8 \u00e9s <span class=\"il\">eTwinning<\/span>? \u00c9s una iniciativa de la Comissi\u00f3 Europea en mode de programa educatiu que promou la col\u00b7laboraci\u00f3 i agermanament de dos centres escolars o m\u00e9s, sigui d&#8217;un mateix pa\u00eds o de diferents pa\u00efsos europeus. Aquest agermanament serveix per establir projectes educatius sobre qualsevol tema de l&#8217;\u00e0mbit escolar, basats en el treball en col\u00b7laboraci\u00f3, desenvolupament de les compet\u00e8ncies clau, l&#8217;\u00fas de les TIC i la potenciaci\u00f3 de la dimensi\u00f3 europea.<\/span><\/span><\/p>\n<p><span id=\"m_-1124515245825829511gmail-docs-internal-guid-d65d06c5-7d13-5181-0c3e-13d5ffc6e40a\"><span>Cal destacar els aspectes positius d&#8217;aquests agermanaments com ara: el sentit de creaci\u00f3 de comunitat amb altres centres; les possibilitats d&#8217;aprenentatge entre parells, sigui entre docents o entre alumnes; el creixement personal o col\u00b7lectiu dins de la societat europea.<\/span><\/span><\/p>\n<p>Aquest curs 2023-2024, el nostre institut s&#8217;ha incorporat a <span id=\"m_-1124515245825829511gmail-docs-internal-guid-d65d06c5-7d13-5181-0c3e-13d5ffc6e40a\"> <span class=\"il\">eTwinning<\/span><\/span> amb l&#8217;objectiu d&#8217;oferir al nostre alumnat l&#8217;oportunitat d&#8217;ampliar els seus horitzons.Treballarem el coneixement de la problem\u00e0tica de salut mental entre els joves, compartint experi\u00e8ncies amb alumnat d&#8217;altres pa\u00efsos d&#8217;Europa i posant en pr\u00e0ctica l&#8217;angl\u00e8s com a mitj\u00e0 de comunicaci\u00f3 i poden con\u00e8ixer una mica altres idiomes d&#8217;arrel llatina com l&#8217;itali\u00e0, el portugu\u00e8s i el franc\u00e8s.<\/p>\n<p>&nbsp;<\/p>\n<p>&nbsp;<\/p>\n","protected":false},"excerpt":{"rendered":"<p>Qu\u00e8 \u00e9s eTwinning? \u00c9s una iniciativa de la Comissi\u00f3 Europea en mode de programa educatiu que promou la col\u00b7laboraci\u00f3 i agermanament de dos centres escolars o m\u00e9s, sigui d&#8217;un mateix pa\u00eds o de diferents pa\u00efsos europeus. Aquest agermanament serveix per establir projectes educatius sobre qualsevol&hellip;  <a href=\"https:\/\/agora.xtec.cat\/iesmallafre\/projecte-educatiu\/ambit-social-i-humanistic\/etwinning\/\" title=\"Read eTwinning\">Llegeix m\u00e9s\u00bb<\/a><\/p>\n","protected":false},"author":16,"featured_media":0,"parent":24317,"menu_order":0,"comment_status":"closed","ping_status":"closed","template":"page-templates\/side-menu.php","meta":{"_bbp_topic_count":0,"_bbp_reply_count":0,"_bbp_total_topic_count":0,"_bbp_total_reply_count":0,"_bbp_voice_count":0,"_bbp_anonymous_reply_count":0,"_bbp_topic_count_hidden":0,"_bbp_reply_count_hidden":0,"_bbp_forum_subforum_count":0,"footnotes":""},"class_list":["post-24693","page","type-page","status-publish","hentry"],"post_mailing_queue_ids":[],"_links":{"self":[{"href":"https:\/\/agora.xtec.cat\/iesmallafre\/wp-json\/wp\/v2\/pages\/24693","targetHints":{"allow":["GET"]}}],"collection":[{"href":"https:\/\/agora.xtec.cat\/iesmallafre\/wp-json\/wp\/v2\/pages"}],"about":[{"href":"https:\/\/agora.xtec.cat\/iesmallafre\/wp-json\/wp\/v2\/types\/page"}],"author":[{"embeddable":true,"href":"https:\/\/agora.xtec.cat\/iesmallafre\/wp-json\/wp\/v2\/users\/16"}],"replies":[{"embeddable":true,"href":"https:\/\/agora.xtec.cat\/iesmallafre\/wp-json\/wp\/v2\/comments?post=24693"}],"version-history":[{"count":1,"href":"https:\/\/agora.xtec.cat\/iesmallafre\/wp-json\/wp\/v2\/pages\/24693\/revisions"}],"predecessor-version":[{"id":24694,"href":"https:\/\/agora.xtec.cat\/iesmallafre\/wp-json\/wp\/v2\/pages\/24693\/revisions\/24694"}],"up":[{"embeddable":true,"href":"https:\/\/agora.xtec.cat\/iesmallafre\/wp-json\/wp\/v2\/pages\/24317"}],"wp:attachment":[{"href":"https:\/\/agora.xtec.cat\/iesmallafre\/wp-json\/wp\/v2\/media?parent=24693"}],"curies":[{"name":"wp","href":"https:\/\/api.w.org\/{rel}","templated":true}]}}

<p><span id="m_-1124515245825829511gmail-docs-internal-guid-d65d06c5-7d13-5181-0c3e-13d5ffc6e40a"><span>Què és <span class="il">eTwinning</span>? És una iniciativa de la Comissió Europea en mode de programa educatiu que promou la col·laboració i agermanament de dos centres escolars o més, sigui d&#8217;un mateix país o de diferents països europeus. Aquest agermanament serveix per establir projectes educatius sobre qualsevol tema de l&#8217;àmbit escolar, basats en el treball en col·laboració, desenvolupament de les competències clau, l&#8217;ús de les TIC i la potenciació de la dimensió europea.</span></span></p>
<p><span id="m_-1124515245825829511gmail-docs-internal-guid-d65d06c5-7d13-5181-0c3e-13d5ffc6e40a"><span>Cal destacar els aspectes positius d&#8217;aquests agermanaments com ara: el sentit de creació de comunitat amb altres centres; les possibilitats d&#8217;aprenentatge entre parells, sigui entre docents o entre alumnes; el creixement personal o col·lectiu dins de la societat europea.</span></span></p>
<p>Aquest curs 2023-2024, el nostre institut s&#8217;ha incorporat a <span id="m_-1124515245825829511gmail-docs-internal-guid-d65d06c5-7d13-5181-0c3e-13d5ffc6e40a"> <span class="il">eTwinning</span></span> amb l&#8217;objectiu d&#8217;oferir al nostre alumnat l&#8217;oportunitat d&#8217;ampliar els seus horitzons.Treballarem el coneixement de la problemàtica de salut mental entre els joves, compartint experiències amb alumnat d&#8217;altres països d&#8217;Europa i posant en pràctica l&#8217;anglès com a mitjà de comunicació i poden conèixer una mica altres idiomes d&#8217;arrel llatina com l&#8217;italià, el portuguès i el francès.</p>
<p>&nbsp;</p>
<p>&nbsp;</p>

<p>Què és eTwinning? És una iniciativa de la Comissió Europea en mode de programa educatiu que promou la col·laboració i agermanament de dos centres escolars o més, sigui d&#8217;un mateix país o de diferents països europeus. Aquest agermanament serveix per establir projectes educatius sobre qualsevol&hellip;  <a href="https://agora.xtec.cat/iesmallafre/projecte-educatiu/ambit-social-i-humanistic/etwinning/" title="Read eTwinning">Llegeix més»</a></p>
