{"id":24637,"date":"2024-12-11T16:01:03","date_gmt":"2024-12-11T15:01:03","guid":{"rendered":"https:\/\/agora.xtec.cat\/iesmallafre\/?page_id=24637"},"modified":"2024-12-12T12:18:15","modified_gmt":"2024-12-12T11:18:15","slug":"activitats","status":"publish","type":"page","link":"https:\/\/agora.xtec.cat\/iesmallafre\/activitats\/","title":{"rendered":"Activitats"},"content":{"rendered":"<p><strong>Activitats d&#8217;Escola Verda<\/strong><\/p>\n<p>A l\u2019Institut treballem activament per promoure la sostenibilitat i fomentar la consci\u00e8ncia mediambiental entre l\u2019alumnat, el professorat i les fam\u00edlies. Com a part del <strong>Projecte Escola Verda<\/strong>, duem a terme diverses iniciatives per contribuir a la conservaci\u00f3 del medi ambient i inculcar valors de respecte i responsabilitat envers el nostre entorn.<\/p>\n<h3>Agenda 21<\/h3>\n<p>Formem part del programa <a href=\"https:\/\/agora.xtec.cat\/iesmallafre\/agenda-21\/\" target=\"_blank\" rel=\"noopener\"><strong>Agenda 21 Escolar<\/strong><\/a>. Gr\u00e0cies a aquesta iniciativa, identifiquem necessitats mediambientals del nostre institut i entorn, planifiquem accions concretes i fem seguiment del seu impacte. L\u2019objectiu \u00e9s implicar tota la comunitat educativa en la millora de l\u2019escola i del planeta.<\/p>\n<h3>Projectes<\/h3>\n<p>Comptem amb diversos <strong>projectes mediambientals<\/strong> que s\u2019integren en el curr\u00edculum i les activitats extraescolars.<\/p>\n<h3>Campanyes<\/h3>\n<p>Al llarg del curs, organitzem diverses <strong>campanyes de sensibilitzaci\u00f3 i acci\u00f3<\/strong> per promoure h\u00e0bits responsables.<\/p>\n<p>El nostre objectiu \u00e9s educar ciutadans cr\u00edtics i responsables que tinguin les eines per afrontar els reptes mediambientals del futur. <strong>Junts constru\u00efm una escola m\u00e9s verda i un m\u00f3n millor!<\/strong><\/p>\n","protected":false},"excerpt":{"rendered":"<p>Activitats d&#8217;Escola Verda<br \/>\nA l\u2019Institut treballem activament per promoure la sostenibilitat i fomentar la consci\u00e8ncia mediambiental entre l\u2019alumnat, el professorat i les fam\u00edlies. Com a part del Projecte Escola Verda, duem a terme diverses iniciatives per contribuir a la conservaci\u00f3 del medi ambient i inculcar valors&hellip;  <a href=\"https:\/\/agora.xtec.cat\/iesmallafre\/activitats\/\" title=\"Read Activitats\">Llegeix m\u00e9s\u00bb<\/a><\/p>\n","protected":false},"author":16,"featured_media":0,"parent":0,"menu_order":0,"comment_status":"closed","ping_status":"closed","template":"","meta":{"_bbp_topic_count":0,"_bbp_reply_count":0,"_bbp_total_topic_count":0,"_bbp_total_reply_count":0,"_bbp_voice_count":0,"_bbp_anonymous_reply_count":0,"_bbp_topic_count_hidden":0,"_bbp_reply_count_hidden":0,"_bbp_forum_subforum_count":0,"footnotes":""},"class_list":["post-24637","page","type-page","status-publish","hentry"],"post_mailing_queue_ids":[],"_links":{"self":[{"href":"https:\/\/agora.xtec.cat\/iesmallafre\/wp-json\/wp\/v2\/pages\/24637","targetHints":{"allow":["GET"]}}],"collection":[{"href":"https:\/\/agora.xtec.cat\/iesmallafre\/wp-json\/wp\/v2\/pages"}],"about":[{"href":"https:\/\/agora.xtec.cat\/iesmallafre\/wp-json\/wp\/v2\/types\/page"}],"author":[{"embeddable":true,"href":"https:\/\/agora.xtec.cat\/iesmallafre\/wp-json\/wp\/v2\/users\/16"}],"replies":[{"embeddable":true,"href":"https:\/\/agora.xtec.cat\/iesmallafre\/wp-json\/wp\/v2\/comments?post=24637"}],"version-history":[{"count":4,"href":"https:\/\/agora.xtec.cat\/iesmallafre\/wp-json\/wp\/v2\/pages\/24637\/revisions"}],"predecessor-version":[{"id":24671,"href":"https:\/\/agora.xtec.cat\/iesmallafre\/wp-json\/wp\/v2\/pages\/24637\/revisions\/24671"}],"wp:attachment":[{"href":"https:\/\/agora.xtec.cat\/iesmallafre\/wp-json\/wp\/v2\/media?parent=24637"}],"curies":[{"name":"wp","href":"https:\/\/api.w.org\/{rel}","templated":true}]}}

<p><strong>Activitats d&#8217;Escola Verda</strong></p>
<p>A l’Institut treballem activament per promoure la sostenibilitat i fomentar la consciència mediambiental entre l’alumnat, el professorat i les famílies. Com a part del <strong>Projecte Escola Verda</strong>, duem a terme diverses iniciatives per contribuir a la conservació del medi ambient i inculcar valors de respecte i responsabilitat envers el nostre entorn.</p>
<h3>Agenda 21</h3>
<p>Formem part del programa <a href="https://agora.xtec.cat/iesmallafre/agenda-21/" target="_blank" rel="noopener"><strong>Agenda 21 Escolar</strong></a>. Gràcies a aquesta iniciativa, identifiquem necessitats mediambientals del nostre institut i entorn, planifiquem accions concretes i fem seguiment del seu impacte. L’objectiu és implicar tota la comunitat educativa en la millora de l’escola i del planeta.</p>
<h3>Projectes</h3>
<p>Comptem amb diversos <strong>projectes mediambientals</strong> que s’integren en el currículum i les activitats extraescolars.</p>
<h3>Campanyes</h3>
<p>Al llarg del curs, organitzem diverses <strong>campanyes de sensibilització i acció</strong> per promoure hàbits responsables.</p>
<p>El nostre objectiu és educar ciutadans crítics i responsables que tinguin les eines per afrontar els reptes mediambientals del futur. <strong>Junts construïm una escola més verda i un món millor!</strong></p>

<p>Activitats d&#8217;Escola Verda<br />
A l’Institut treballem activament per promoure la sostenibilitat i fomentar la consciència mediambiental entre l’alumnat, el professorat i les famílies. Com a part del Projecte Escola Verda, duem a terme diverses iniciatives per contribuir a la conservació del medi ambient i inculcar valors&hellip;  <a href="https://agora.xtec.cat/iesmallafre/activitats/" title="Read Activitats">Llegeix més»</a></p>
