{"id":24633,"date":"2024-12-11T15:59:18","date_gmt":"2024-12-11T14:59:18","guid":{"rendered":"https:\/\/agora.xtec.cat\/iesmallafre\/?page_id=24633"},"modified":"2024-12-12T12:08:10","modified_gmt":"2024-12-12T11:08:10","slug":"ecodelegats","status":"publish","type":"page","link":"https:\/\/agora.xtec.cat\/iesmallafre\/ecodelegats\/","title":{"rendered":"Ecodelegats"},"content":{"rendered":"<p><strong>Compromesos amb el Medi Ambient a l\u2019Institut de Vilanova i la Geltr\u00fa<\/strong><\/p>\n<p>A l\u2019Institut de Vilanova i la Geltr\u00fa, el comprom\u00eds amb la sostenibilitat i la cura pel medi ambient \u00e9s una prioritat. Una de les iniciatives clau en aquesta l\u00ednia \u00e9s la creaci\u00f3 de la figura dels <strong>ecodelegats<\/strong>, alumnes que assumeixen el rol d\u2019agents de canvi i promotors de bones pr\u00e0ctiques ambientals dins i fora del centre.<\/p>\n<p>Els ecodelegats tenen una funci\u00f3 essencial: sensibilitzar la comunitat educativa sobre la import\u00e0ncia de cuidar el planeta. Treballen per fomentar h\u00e0bits sostenibles, reduir residus i minimitzar l\u2019impacte ambiental de les activitats del dia a dia. Entre les seves tasques, destaquen:<\/p>\n<ul>\n<li>Organitzar campanyes de reciclatge i \u00fas responsable dels recursos.<\/li>\n<li>Participar en projectes mediambientals, com la conservaci\u00f3 d&#8217;espais naturals i el foment de la biodiversitat.<\/li>\n<li>Col\u00b7laborar en activitats educatives, com xerrades, tallers i accions per conscienciar l\u2019alumnat i les fam\u00edlies.<\/li>\n<li>Actuar com a enlla\u00e7 entre l\u2019alumnat i el professorat per fer arribar propostes sostenibles i suggeriments de millora.<\/li>\n<\/ul>\n<p>Des de l\u2019institut, animem tota la comunitat educativa a donar suport als ecodelegats i a unir-se a les seves accions per avan\u00e7ar plegats cap a un futur m\u00e9s sostenible i respectu\u00f3s amb el planeta.<\/p>\n<p><strong>NOT\u00cdCIES DESTACADES:<br \/>\n<\/strong><\/p>\n<p>Un any m\u00e9s, els nostres ecodelegats i ecodelegades van representar l\u2019institut a l\u2019Acte de signatura del comprom\u00eds ambiental, que reuneix estudiants de diferents centres de la ciutat per reafirmar el seu comprom\u00eds amb la sostenibilitat i el medi ambient. L&#8217;acte, organitzat per la Regidoria de Medi Ambient, s&#8217;emmarca dins del programa de la Fira de Novembre i compta amb la pres\u00e8ncia de l\u2019alcalde i de la regidora de Medi Ambient, entre altres.<\/p>\n<p><a href=\"https:\/\/agora.xtec.cat\/iesmallafre\/wp-content\/uploads\/usu105\/2024\/12\/manifest.jpg\"><img loading=\"lazy\" decoding=\"async\" class=\"wp-image-24664 aligncenter\" src=\"https:\/\/agora.xtec.cat\/iesmallafre\/wp-content\/uploads\/usu105\/2024\/12\/manifest.jpg\" alt=\"\" width=\"491\" height=\"279\" srcset=\"https:\/\/agora.xtec.cat\/iesmallafre\/wp-content\/uploads\/usu105\/2024\/12\/manifest.jpg 1141w, https:\/\/agora.xtec.cat\/iesmallafre\/wp-content\/uploads\/usu105\/2024\/12\/manifest-300x170.jpg 300w, https:\/\/agora.xtec.cat\/iesmallafre\/wp-content\/uploads\/usu105\/2024\/12\/manifest-1024x581.jpg 1024w, https:\/\/agora.xtec.cat\/iesmallafre\/wp-content\/uploads\/usu105\/2024\/12\/manifest-768x435.jpg 768w\" sizes=\"auto, (max-width: 491px) 100vw, 491px\" \/><\/a><\/p>\n","protected":false},"excerpt":{"rendered":"<p>Compromesos amb el Medi Ambient a l\u2019Institut de Vilanova i la Geltr\u00fa<br \/>\nA l\u2019Institut de Vilanova i la Geltr\u00fa, el comprom\u00eds amb la sostenibilitat i la cura pel medi ambient \u00e9s una prioritat. Una de les iniciatives clau en aquesta l\u00ednia \u00e9s la creaci\u00f3 de la&hellip;  <a href=\"https:\/\/agora.xtec.cat\/iesmallafre\/ecodelegats\/\" title=\"Read Ecodelegats\">Llegeix m\u00e9s\u00bb<\/a><\/p>\n","protected":false},"author":16,"featured_media":0,"parent":0,"menu_order":0,"comment_status":"closed","ping_status":"closed","template":"","meta":{"_bbp_topic_count":0,"_bbp_reply_count":0,"_bbp_total_topic_count":0,"_bbp_total_reply_count":0,"_bbp_voice_count":0,"_bbp_anonymous_reply_count":0,"_bbp_topic_count_hidden":0,"_bbp_reply_count_hidden":0,"_bbp_forum_subforum_count":0,"footnotes":""},"class_list":["post-24633","page","type-page","status-publish","hentry"],"post_mailing_queue_ids":[],"_links":{"self":[{"href":"https:\/\/agora.xtec.cat\/iesmallafre\/wp-json\/wp\/v2\/pages\/24633","targetHints":{"allow":["GET"]}}],"collection":[{"href":"https:\/\/agora.xtec.cat\/iesmallafre\/wp-json\/wp\/v2\/pages"}],"about":[{"href":"https:\/\/agora.xtec.cat\/iesmallafre\/wp-json\/wp\/v2\/types\/page"}],"author":[{"embeddable":true,"href":"https:\/\/agora.xtec.cat\/iesmallafre\/wp-json\/wp\/v2\/users\/16"}],"replies":[{"embeddable":true,"href":"https:\/\/agora.xtec.cat\/iesmallafre\/wp-json\/wp\/v2\/comments?post=24633"}],"version-history":[{"count":2,"href":"https:\/\/agora.xtec.cat\/iesmallafre\/wp-json\/wp\/v2\/pages\/24633\/revisions"}],"predecessor-version":[{"id":24665,"href":"https:\/\/agora.xtec.cat\/iesmallafre\/wp-json\/wp\/v2\/pages\/24633\/revisions\/24665"}],"wp:attachment":[{"href":"https:\/\/agora.xtec.cat\/iesmallafre\/wp-json\/wp\/v2\/media?parent=24633"}],"curies":[{"name":"wp","href":"https:\/\/api.w.org\/{rel}","templated":true}]}}

<p><strong>Compromesos amb el Medi Ambient a l’Institut de Vilanova i la Geltrú</strong></p>
<p>A l’Institut de Vilanova i la Geltrú, el compromís amb la sostenibilitat i la cura pel medi ambient és una prioritat. Una de les iniciatives clau en aquesta línia és la creació de la figura dels <strong>ecodelegats</strong>, alumnes que assumeixen el rol d’agents de canvi i promotors de bones pràctiques ambientals dins i fora del centre.</p>
<p>Els ecodelegats tenen una funció essencial: sensibilitzar la comunitat educativa sobre la importància de cuidar el planeta. Treballen per fomentar hàbits sostenibles, reduir residus i minimitzar l’impacte ambiental de les activitats del dia a dia. Entre les seves tasques, destaquen:</p>
<ul>
<li>Organitzar campanyes de reciclatge i ús responsable dels recursos.</li>
<li>Participar en projectes mediambientals, com la conservació d&#8217;espais naturals i el foment de la biodiversitat.</li>
<li>Col·laborar en activitats educatives, com xerrades, tallers i accions per conscienciar l’alumnat i les famílies.</li>
<li>Actuar com a enllaç entre l’alumnat i el professorat per fer arribar propostes sostenibles i suggeriments de millora.</li>
</ul>
<p>Des de l’institut, animem tota la comunitat educativa a donar suport als ecodelegats i a unir-se a les seves accions per avançar plegats cap a un futur més sostenible i respectuós amb el planeta.</p>
<p><strong>NOTÍCIES DESTACADES:<br />
</strong></p>
<p>Un any més, els nostres ecodelegats i ecodelegades van representar l’institut a l’Acte de signatura del compromís ambiental, que reuneix estudiants de diferents centres de la ciutat per reafirmar el seu compromís amb la sostenibilitat i el medi ambient. L&#8217;acte, organitzat per la Regidoria de Medi Ambient, s&#8217;emmarca dins del programa de la Fira de Novembre i compta amb la presència de l’alcalde i de la regidora de Medi Ambient, entre altres.</p>
<p><a href="https://agora.xtec.cat/iesmallafre/wp-content/uploads/usu105/2024/12/manifest.jpg"><img loading="lazy" decoding="async" class="wp-image-24664 aligncenter" src="https://agora.xtec.cat/iesmallafre/wp-content/uploads/usu105/2024/12/manifest.jpg" alt="" width="491" height="279" srcset="https://agora.xtec.cat/iesmallafre/wp-content/uploads/usu105/2024/12/manifest.jpg 1141w, https://agora.xtec.cat/iesmallafre/wp-content/uploads/usu105/2024/12/manifest-300x170.jpg 300w, https://agora.xtec.cat/iesmallafre/wp-content/uploads/usu105/2024/12/manifest-1024x581.jpg 1024w, https://agora.xtec.cat/iesmallafre/wp-content/uploads/usu105/2024/12/manifest-768x435.jpg 768w" sizes="auto, (max-width: 491px) 100vw, 491px" /></a></p>

<p>Compromesos amb el Medi Ambient a l’Institut de Vilanova i la Geltrú<br />
A l’Institut de Vilanova i la Geltrú, el compromís amb la sostenibilitat i la cura pel medi ambient és una prioritat. Una de les iniciatives clau en aquesta línia és la creació de la&hellip;  <a href="https://agora.xtec.cat/iesmallafre/ecodelegats/" title="Read Ecodelegats">Llegeix més»</a></p>
