{"id":24424,"date":"2024-10-29T12:24:49","date_gmt":"2024-10-29T11:24:49","guid":{"rendered":"https:\/\/agora.xtec.cat\/iesmallafre\/?page_id=24424"},"modified":"2024-10-29T12:24:49","modified_gmt":"2024-10-29T11:24:49","slug":"concurs-de-disseny-de-la-carpeta-de-lins-dolors-mallafre-i-ros","status":"publish","type":"page","link":"https:\/\/agora.xtec.cat\/iesmallafre\/projecte-educatiu\/projectes-de-centre\/concurs-de-disseny-de-la-carpeta-de-lins-dolors-mallafre-i-ros\/","title":{"rendered":"Concurs de Disseny de la Carpeta de l&#8217;INS Dolors Mallafr\u00e8 i Ros"},"content":{"rendered":"<p>El Concurs de Disseny de la Carpeta de l&#8217;INS Dolors Mallafr\u00e8 i Ros \u00e9s una activitat creativa i participativa que ofereix als estudiants l&#8217;oportunitat de mostrar el seu talent art\u00edstic i la seva implicaci\u00f3 amb l&#8217;institut. El disseny de la carpeta t\u00e9 com a objectiu la participaci\u00f3 de l&#8217;alumnat en la realitzaci\u00f3 del millor disseny possible que ens ajudi a projectar el nostre centre a la ciutat i a la comarca.<\/p>\n<p>Iniciat l&#8217;any 2014, aquest concurs t\u00e9 lloc cada dos anys. Les propostes presentades es voten entre tota la comunitat educativa, garantint aix\u00ed una elecci\u00f3 col\u00b7laborativa i representativa.<\/p>\n<p>A continuaci\u00f3 es mostren els dissenys guanyadors de les edicions celebrades fins ara:<\/p>\n<p><strong>2024 Lucia Gargallo<\/strong><\/p>\n<p><a href=\"https:\/\/agora.xtec.cat\/iesmallafre\/wp-content\/uploads\/usu105\/2024\/10\/2024-Lucia-Gargallo-1-scaled.jpg\"><img loading=\"lazy\" decoding=\"async\" class=\"wp-image-24433 aligncenter\" src=\"https:\/\/agora.xtec.cat\/iesmallafre\/wp-content\/uploads\/usu105\/2024\/10\/2024-Lucia-Gargallo-1-scaled.jpg\" alt=\"\" width=\"591\" height=\"352\" srcset=\"https:\/\/agora.xtec.cat\/iesmallafre\/wp-content\/uploads\/usu105\/2024\/10\/2024-Lucia-Gargallo-1-scaled.jpg 2560w, https:\/\/agora.xtec.cat\/iesmallafre\/wp-content\/uploads\/usu105\/2024\/10\/2024-Lucia-Gargallo-1-300x179.jpg 300w, https:\/\/agora.xtec.cat\/iesmallafre\/wp-content\/uploads\/usu105\/2024\/10\/2024-Lucia-Gargallo-1-1024x609.jpg 1024w, https:\/\/agora.xtec.cat\/iesmallafre\/wp-content\/uploads\/usu105\/2024\/10\/2024-Lucia-Gargallo-1-768x457.jpg 768w, https:\/\/agora.xtec.cat\/iesmallafre\/wp-content\/uploads\/usu105\/2024\/10\/2024-Lucia-Gargallo-1-1536x914.jpg 1536w, https:\/\/agora.xtec.cat\/iesmallafre\/wp-content\/uploads\/usu105\/2024\/10\/2024-Lucia-Gargallo-1-2048x1219.jpg 2048w\" sizes=\"auto, (max-width: 591px) 100vw, 591px\" \/><\/a><\/p>\n<p><strong>2021 Claudia Portoles<br \/>\n<\/strong><\/p>\n<p><a href=\"https:\/\/agora.xtec.cat\/iesmallafre\/wp-content\/uploads\/usu105\/2024\/10\/2021-Claudia-Portoles.jpg\"><img loading=\"lazy\" decoding=\"async\" class=\"wp-image-24434 aligncenter\" src=\"https:\/\/agora.xtec.cat\/iesmallafre\/wp-content\/uploads\/usu105\/2024\/10\/2021-Claudia-Portoles.jpg\" alt=\"\" width=\"585\" height=\"334\" srcset=\"https:\/\/agora.xtec.cat\/iesmallafre\/wp-content\/uploads\/usu105\/2024\/10\/2021-Claudia-Portoles.jpg 2000w, https:\/\/agora.xtec.cat\/iesmallafre\/wp-content\/uploads\/usu105\/2024\/10\/2021-Claudia-Portoles-300x171.jpg 300w, https:\/\/agora.xtec.cat\/iesmallafre\/wp-content\/uploads\/usu105\/2024\/10\/2021-Claudia-Portoles-1024x585.jpg 1024w, https:\/\/agora.xtec.cat\/iesmallafre\/wp-content\/uploads\/usu105\/2024\/10\/2021-Claudia-Portoles-768x439.jpg 768w, https:\/\/agora.xtec.cat\/iesmallafre\/wp-content\/uploads\/usu105\/2024\/10\/2021-Claudia-Portoles-1536x877.jpg 1536w\" sizes=\"auto, (max-width: 585px) 100vw, 585px\" \/><\/a><\/p>\n<p><strong>2018 Celia Yun Gimenez<br \/>\n<\/strong><\/p>\n<p><a href=\"https:\/\/agora.xtec.cat\/iesmallafre\/wp-content\/uploads\/usu105\/2024\/10\/2018-Celia-Yun-Gimenez-1-scaled.jpg\"><img loading=\"lazy\" decoding=\"async\" class=\"wp-image-24432 aligncenter\" src=\"https:\/\/agora.xtec.cat\/iesmallafre\/wp-content\/uploads\/usu105\/2024\/10\/2018-Celia-Yun-Gimenez-1-scaled.jpg\" alt=\"\" width=\"596\" height=\"400\" srcset=\"https:\/\/agora.xtec.cat\/iesmallafre\/wp-content\/uploads\/usu105\/2024\/10\/2018-Celia-Yun-Gimenez-1-scaled.jpg 2560w, https:\/\/agora.xtec.cat\/iesmallafre\/wp-content\/uploads\/usu105\/2024\/10\/2018-Celia-Yun-Gimenez-1-300x201.jpg 300w, https:\/\/agora.xtec.cat\/iesmallafre\/wp-content\/uploads\/usu105\/2024\/10\/2018-Celia-Yun-Gimenez-1-1024x687.jpg 1024w, https:\/\/agora.xtec.cat\/iesmallafre\/wp-content\/uploads\/usu105\/2024\/10\/2018-Celia-Yun-Gimenez-1-768x516.jpg 768w, https:\/\/agora.xtec.cat\/iesmallafre\/wp-content\/uploads\/usu105\/2024\/10\/2018-Celia-Yun-Gimenez-1-1536x1031.jpg 1536w, https:\/\/agora.xtec.cat\/iesmallafre\/wp-content\/uploads\/usu105\/2024\/10\/2018-Celia-Yun-Gimenez-1-2048x1375.jpg 2048w\" sizes=\"auto, (max-width: 596px) 100vw, 596px\" \/><\/a><\/p>\n<p><strong>2016 Mart\u00ed Sanch\u00eds<br \/>\n<\/strong><\/p>\n<p><a href=\"https:\/\/agora.xtec.cat\/iesmallafre\/wp-content\/uploads\/usu105\/2024\/10\/2016-Marti-Sanchis-1-scaled.jpg\"><img loading=\"lazy\" decoding=\"async\" class=\"wp-image-24431 aligncenter\" src=\"https:\/\/agora.xtec.cat\/iesmallafre\/wp-content\/uploads\/usu105\/2024\/10\/2016-Marti-Sanchis-1-scaled.jpg\" alt=\"\" width=\"596\" height=\"424\" srcset=\"https:\/\/agora.xtec.cat\/iesmallafre\/wp-content\/uploads\/usu105\/2024\/10\/2016-Marti-Sanchis-1-scaled.jpg 2560w, https:\/\/agora.xtec.cat\/iesmallafre\/wp-content\/uploads\/usu105\/2024\/10\/2016-Marti-Sanchis-1-300x213.jpg 300w, https:\/\/agora.xtec.cat\/iesmallafre\/wp-content\/uploads\/usu105\/2024\/10\/2016-Marti-Sanchis-1-1024x728.jpg 1024w, https:\/\/agora.xtec.cat\/iesmallafre\/wp-content\/uploads\/usu105\/2024\/10\/2016-Marti-Sanchis-1-768x546.jpg 768w, https:\/\/agora.xtec.cat\/iesmallafre\/wp-content\/uploads\/usu105\/2024\/10\/2016-Marti-Sanchis-1-1536x1092.jpg 1536w, https:\/\/agora.xtec.cat\/iesmallafre\/wp-content\/uploads\/usu105\/2024\/10\/2016-Marti-Sanchis-1-2048x1455.jpg 2048w\" sizes=\"auto, (max-width: 596px) 100vw, 596px\" \/><\/a><\/p>\n<p><strong>2014 Queralt Moreno<br \/>\n<\/strong><\/p>\n<p><a href=\"https:\/\/agora.xtec.cat\/iesmallafre\/wp-content\/uploads\/usu105\/2024\/10\/2014-Queralt-Moreno-1-1.jpg\"><img loading=\"lazy\" decoding=\"async\" class=\"wp-image-24430 aligncenter\" src=\"https:\/\/agora.xtec.cat\/iesmallafre\/wp-content\/uploads\/usu105\/2024\/10\/2014-Queralt-Moreno-1-1.jpg\" alt=\"\" width=\"612\" height=\"383\" srcset=\"https:\/\/agora.xtec.cat\/iesmallafre\/wp-content\/uploads\/usu105\/2024\/10\/2014-Queralt-Moreno-1-1.jpg 508w, https:\/\/agora.xtec.cat\/iesmallafre\/wp-content\/uploads\/usu105\/2024\/10\/2014-Queralt-Moreno-1-1-300x188.jpg 300w\" sizes=\"auto, (max-width: 612px) 100vw, 612px\" \/><\/a><\/p>\n<p>&nbsp;<\/p>\n","protected":false},"excerpt":{"rendered":"<p>El Concurs de Disseny de la Carpeta de l&#8217;INS Dolors Mallafr\u00e8 i Ros \u00e9s una activitat creativa i participativa que ofereix als estudiants l&#8217;oportunitat de mostrar el seu talent art\u00edstic i la seva implicaci\u00f3 amb l&#8217;institut. El disseny de la carpeta t\u00e9 com a objectiu&hellip;  <a href=\"https:\/\/agora.xtec.cat\/iesmallafre\/projecte-educatiu\/projectes-de-centre\/concurs-de-disseny-de-la-carpeta-de-lins-dolors-mallafre-i-ros\/\" title=\"Read Concurs de Disseny de la Carpeta de l&#8217;INS Dolors Mallafr\u00e8 i Ros\">Llegeix m\u00e9s\u00bb<\/a><\/p>\n","protected":false},"author":16,"featured_media":0,"parent":939,"menu_order":0,"comment_status":"closed","ping_status":"closed","template":"page-templates\/side-menu.php","meta":{"_bbp_topic_count":0,"_bbp_reply_count":0,"_bbp_total_topic_count":0,"_bbp_total_reply_count":0,"_bbp_voice_count":0,"_bbp_anonymous_reply_count":0,"_bbp_topic_count_hidden":0,"_bbp_reply_count_hidden":0,"_bbp_forum_subforum_count":0,"footnotes":""},"class_list":["post-24424","page","type-page","status-publish","hentry"],"post_mailing_queue_ids":[],"_links":{"self":[{"href":"https:\/\/agora.xtec.cat\/iesmallafre\/wp-json\/wp\/v2\/pages\/24424","targetHints":{"allow":["GET"]}}],"collection":[{"href":"https:\/\/agora.xtec.cat\/iesmallafre\/wp-json\/wp\/v2\/pages"}],"about":[{"href":"https:\/\/agora.xtec.cat\/iesmallafre\/wp-json\/wp\/v2\/types\/page"}],"author":[{"embeddable":true,"href":"https:\/\/agora.xtec.cat\/iesmallafre\/wp-json\/wp\/v2\/users\/16"}],"replies":[{"embeddable":true,"href":"https:\/\/agora.xtec.cat\/iesmallafre\/wp-json\/wp\/v2\/comments?post=24424"}],"version-history":[{"count":2,"href":"https:\/\/agora.xtec.cat\/iesmallafre\/wp-json\/wp\/v2\/pages\/24424\/revisions"}],"predecessor-version":[{"id":24436,"href":"https:\/\/agora.xtec.cat\/iesmallafre\/wp-json\/wp\/v2\/pages\/24424\/revisions\/24436"}],"up":[{"embeddable":true,"href":"https:\/\/agora.xtec.cat\/iesmallafre\/wp-json\/wp\/v2\/pages\/939"}],"wp:attachment":[{"href":"https:\/\/agora.xtec.cat\/iesmallafre\/wp-json\/wp\/v2\/media?parent=24424"}],"curies":[{"name":"wp","href":"https:\/\/api.w.org\/{rel}","templated":true}]}}

Concurs de Disseny de la Carpeta de l&#8217;INS Dolors Mallafrè i Ros

<p>El Concurs de Disseny de la Carpeta de l&#8217;INS Dolors Mallafrè i Ros és una activitat creativa i participativa que ofereix als estudiants l&#8217;oportunitat de mostrar el seu talent artístic i la seva implicació amb l&#8217;institut. El disseny de la carpeta té com a objectiu la participació de l&#8217;alumnat en la realització del millor disseny possible que ens ajudi a projectar el nostre centre a la ciutat i a la comarca.</p>
<p>Iniciat l&#8217;any 2014, aquest concurs té lloc cada dos anys. Les propostes presentades es voten entre tota la comunitat educativa, garantint així una elecció col·laborativa i representativa.</p>
<p>A continuació es mostren els dissenys guanyadors de les edicions celebrades fins ara:</p>
<p><strong>2024 Lucia Gargallo</strong></p>
<p><a href="https://agora.xtec.cat/iesmallafre/wp-content/uploads/usu105/2024/10/2024-Lucia-Gargallo-1-scaled.jpg"><img loading="lazy" decoding="async" class="wp-image-24433 aligncenter" src="https://agora.xtec.cat/iesmallafre/wp-content/uploads/usu105/2024/10/2024-Lucia-Gargallo-1-scaled.jpg" alt="" width="591" height="352" srcset="https://agora.xtec.cat/iesmallafre/wp-content/uploads/usu105/2024/10/2024-Lucia-Gargallo-1-scaled.jpg 2560w, https://agora.xtec.cat/iesmallafre/wp-content/uploads/usu105/2024/10/2024-Lucia-Gargallo-1-300x179.jpg 300w, https://agora.xtec.cat/iesmallafre/wp-content/uploads/usu105/2024/10/2024-Lucia-Gargallo-1-1024x609.jpg 1024w, https://agora.xtec.cat/iesmallafre/wp-content/uploads/usu105/2024/10/2024-Lucia-Gargallo-1-768x457.jpg 768w, https://agora.xtec.cat/iesmallafre/wp-content/uploads/usu105/2024/10/2024-Lucia-Gargallo-1-1536x914.jpg 1536w, https://agora.xtec.cat/iesmallafre/wp-content/uploads/usu105/2024/10/2024-Lucia-Gargallo-1-2048x1219.jpg 2048w" sizes="auto, (max-width: 591px) 100vw, 591px" /></a></p>
<p><strong>2021 Claudia Portoles<br />
</strong></p>
<p><a href="https://agora.xtec.cat/iesmallafre/wp-content/uploads/usu105/2024/10/2021-Claudia-Portoles.jpg"><img loading="lazy" decoding="async" class="wp-image-24434 aligncenter" src="https://agora.xtec.cat/iesmallafre/wp-content/uploads/usu105/2024/10/2021-Claudia-Portoles.jpg" alt="" width="585" height="334" srcset="https://agora.xtec.cat/iesmallafre/wp-content/uploads/usu105/2024/10/2021-Claudia-Portoles.jpg 2000w, https://agora.xtec.cat/iesmallafre/wp-content/uploads/usu105/2024/10/2021-Claudia-Portoles-300x171.jpg 300w, https://agora.xtec.cat/iesmallafre/wp-content/uploads/usu105/2024/10/2021-Claudia-Portoles-1024x585.jpg 1024w, https://agora.xtec.cat/iesmallafre/wp-content/uploads/usu105/2024/10/2021-Claudia-Portoles-768x439.jpg 768w, https://agora.xtec.cat/iesmallafre/wp-content/uploads/usu105/2024/10/2021-Claudia-Portoles-1536x877.jpg 1536w" sizes="auto, (max-width: 585px) 100vw, 585px" /></a></p>
<p><strong>2018 Celia Yun Gimenez<br />
</strong></p>
<p><a href="https://agora.xtec.cat/iesmallafre/wp-content/uploads/usu105/2024/10/2018-Celia-Yun-Gimenez-1-scaled.jpg"><img loading="lazy" decoding="async" class="wp-image-24432 aligncenter" src="https://agora.xtec.cat/iesmallafre/wp-content/uploads/usu105/2024/10/2018-Celia-Yun-Gimenez-1-scaled.jpg" alt="" width="596" height="400" srcset="https://agora.xtec.cat/iesmallafre/wp-content/uploads/usu105/2024/10/2018-Celia-Yun-Gimenez-1-scaled.jpg 2560w, https://agora.xtec.cat/iesmallafre/wp-content/uploads/usu105/2024/10/2018-Celia-Yun-Gimenez-1-300x201.jpg 300w, https://agora.xtec.cat/iesmallafre/wp-content/uploads/usu105/2024/10/2018-Celia-Yun-Gimenez-1-1024x687.jpg 1024w, https://agora.xtec.cat/iesmallafre/wp-content/uploads/usu105/2024/10/2018-Celia-Yun-Gimenez-1-768x516.jpg 768w, https://agora.xtec.cat/iesmallafre/wp-content/uploads/usu105/2024/10/2018-Celia-Yun-Gimenez-1-1536x1031.jpg 1536w, https://agora.xtec.cat/iesmallafre/wp-content/uploads/usu105/2024/10/2018-Celia-Yun-Gimenez-1-2048x1375.jpg 2048w" sizes="auto, (max-width: 596px) 100vw, 596px" /></a></p>
<p><strong>2016 Martí Sanchís<br />
</strong></p>
<p><a href="https://agora.xtec.cat/iesmallafre/wp-content/uploads/usu105/2024/10/2016-Marti-Sanchis-1-scaled.jpg"><img loading="lazy" decoding="async" class="wp-image-24431 aligncenter" src="https://agora.xtec.cat/iesmallafre/wp-content/uploads/usu105/2024/10/2016-Marti-Sanchis-1-scaled.jpg" alt="" width="596" height="424" srcset="https://agora.xtec.cat/iesmallafre/wp-content/uploads/usu105/2024/10/2016-Marti-Sanchis-1-scaled.jpg 2560w, https://agora.xtec.cat/iesmallafre/wp-content/uploads/usu105/2024/10/2016-Marti-Sanchis-1-300x213.jpg 300w, https://agora.xtec.cat/iesmallafre/wp-content/uploads/usu105/2024/10/2016-Marti-Sanchis-1-1024x728.jpg 1024w, https://agora.xtec.cat/iesmallafre/wp-content/uploads/usu105/2024/10/2016-Marti-Sanchis-1-768x546.jpg 768w, https://agora.xtec.cat/iesmallafre/wp-content/uploads/usu105/2024/10/2016-Marti-Sanchis-1-1536x1092.jpg 1536w, https://agora.xtec.cat/iesmallafre/wp-content/uploads/usu105/2024/10/2016-Marti-Sanchis-1-2048x1455.jpg 2048w" sizes="auto, (max-width: 596px) 100vw, 596px" /></a></p>
<p><strong>2014 Queralt Moreno<br />
</strong></p>
<p><a href="https://agora.xtec.cat/iesmallafre/wp-content/uploads/usu105/2024/10/2014-Queralt-Moreno-1-1.jpg"><img loading="lazy" decoding="async" class="wp-image-24430 aligncenter" src="https://agora.xtec.cat/iesmallafre/wp-content/uploads/usu105/2024/10/2014-Queralt-Moreno-1-1.jpg" alt="" width="612" height="383" srcset="https://agora.xtec.cat/iesmallafre/wp-content/uploads/usu105/2024/10/2014-Queralt-Moreno-1-1.jpg 508w, https://agora.xtec.cat/iesmallafre/wp-content/uploads/usu105/2024/10/2014-Queralt-Moreno-1-1-300x188.jpg 300w" sizes="auto, (max-width: 612px) 100vw, 612px" /></a></p>
<p>&nbsp;</p>

<p>El Concurs de Disseny de la Carpeta de l&#8217;INS Dolors Mallafrè i Ros és una activitat creativa i participativa que ofereix als estudiants l&#8217;oportunitat de mostrar el seu talent artístic i la seva implicació amb l&#8217;institut. El disseny de la carpeta té com a objectiu&hellip;  <a href="https://agora.xtec.cat/iesmallafre/projecte-educatiu/projectes-de-centre/concurs-de-disseny-de-la-carpeta-de-lins-dolors-mallafre-i-ros/" title="Read Concurs de Disseny de la Carpeta de l&#8217;INS Dolors Mallafrè i Ros">Llegeix més»</a></p>
