{"id":24375,"date":"2024-10-22T12:16:09","date_gmt":"2024-10-22T10:16:09","guid":{"rendered":"https:\/\/agora.xtec.cat\/iesmallafre\/?page_id=24375"},"modified":"2024-10-22T12:16:09","modified_gmt":"2024-10-22T10:16:09","slug":"patis-matematics","status":"publish","type":"page","link":"https:\/\/agora.xtec.cat\/iesmallafre\/projecte-educatiu\/ambit-stem\/patis-matematics\/","title":{"rendered":"Patis Matem\u00e0tics"},"content":{"rendered":"<p>Els Patis Matem\u00e0tics s\u00f3n una iniciativa del nostre centre per fomentar el desenvolupament del pensament l\u00f2gic i la resoluci\u00f3 de problemes d&#8217;una manera l\u00fadica i divertida. Es fan tots els dies excepte els dimecres, en horari de 10h a 10:25 h a la biblioteca.<\/p>\n<p>Durant aquests patis, l&#8217;alumnat t\u00e9 l&#8217;oportunitat de participar en activitats com els escacs i el cub de Rubik. Aquestes activitats estan obertes a tots els nivells i ofereixen un espai on gaudir d\u2019un temps de lleure diferent, combinant entreteniment i aprenentatge.<\/p>\n","protected":false},"excerpt":{"rendered":"<p>Els Patis Matem\u00e0tics s\u00f3n una iniciativa del nostre centre per fomentar el desenvolupament del pensament l\u00f2gic i la resoluci\u00f3 de problemes d&#8217;una manera l\u00fadica i divertida. Es fan tots els dies excepte els dimecres, en horari de 10h a 10:25 h a la biblioteca.<br \/>\nDurant aquests&hellip;  <a href=\"https:\/\/agora.xtec.cat\/iesmallafre\/projecte-educatiu\/ambit-stem\/patis-matematics\/\" title=\"Read Patis Matem\u00e0tics\">Llegeix m\u00e9s\u00bb<\/a><\/p>\n","protected":false},"author":16,"featured_media":0,"parent":24302,"menu_order":0,"comment_status":"closed","ping_status":"closed","template":"page-templates\/side-menu.php","meta":{"_bbp_topic_count":0,"_bbp_reply_count":0,"_bbp_total_topic_count":0,"_bbp_total_reply_count":0,"_bbp_voice_count":0,"_bbp_anonymous_reply_count":0,"_bbp_topic_count_hidden":0,"_bbp_reply_count_hidden":0,"_bbp_forum_subforum_count":0,"footnotes":""},"class_list":["post-24375","page","type-page","status-publish","hentry"],"post_mailing_queue_ids":[],"_links":{"self":[{"href":"https:\/\/agora.xtec.cat\/iesmallafre\/wp-json\/wp\/v2\/pages\/24375","targetHints":{"allow":["GET"]}}],"collection":[{"href":"https:\/\/agora.xtec.cat\/iesmallafre\/wp-json\/wp\/v2\/pages"}],"about":[{"href":"https:\/\/agora.xtec.cat\/iesmallafre\/wp-json\/wp\/v2\/types\/page"}],"author":[{"embeddable":true,"href":"https:\/\/agora.xtec.cat\/iesmallafre\/wp-json\/wp\/v2\/users\/16"}],"replies":[{"embeddable":true,"href":"https:\/\/agora.xtec.cat\/iesmallafre\/wp-json\/wp\/v2\/comments?post=24375"}],"version-history":[{"count":2,"href":"https:\/\/agora.xtec.cat\/iesmallafre\/wp-json\/wp\/v2\/pages\/24375\/revisions"}],"predecessor-version":[{"id":24377,"href":"https:\/\/agora.xtec.cat\/iesmallafre\/wp-json\/wp\/v2\/pages\/24375\/revisions\/24377"}],"up":[{"embeddable":true,"href":"https:\/\/agora.xtec.cat\/iesmallafre\/wp-json\/wp\/v2\/pages\/24302"}],"wp:attachment":[{"href":"https:\/\/agora.xtec.cat\/iesmallafre\/wp-json\/wp\/v2\/media?parent=24375"}],"curies":[{"name":"wp","href":"https:\/\/api.w.org\/{rel}","templated":true}]}}

Patis Matemàtics

<p>Els Patis Matemàtics són una iniciativa del nostre centre per fomentar el desenvolupament del pensament lògic i la resolució de problemes d&#8217;una manera lúdica i divertida. Es fan tots els dies excepte els dimecres, en horari de 10h a 10:25 h a la biblioteca.</p>
<p>Durant aquests patis, l&#8217;alumnat té l&#8217;oportunitat de participar en activitats com els escacs i el cub de Rubik. Aquestes activitats estan obertes a tots els nivells i ofereixen un espai on gaudir d’un temps de lleure diferent, combinant entreteniment i aprenentatge.</p>

<p>Els Patis Matemàtics són una iniciativa del nostre centre per fomentar el desenvolupament del pensament lògic i la resolució de problemes d&#8217;una manera lúdica i divertida. Es fan tots els dies excepte els dimecres, en horari de 10h a 10:25 h a la biblioteca.<br />
Durant aquests&hellip;  <a href="https://agora.xtec.cat/iesmallafre/projecte-educatiu/ambit-stem/patis-matematics/" title="Read Patis Matemàtics">Llegeix més»</a></p>
