{"id":24359,"date":"2024-10-15T13:15:42","date_gmt":"2024-10-15T11:15:42","guid":{"rendered":"https:\/\/agora.xtec.cat\/iesmallafre\/?page_id=24359"},"modified":"2026-01-21T10:59:52","modified_gmt":"2026-01-21T09:59:52","slug":"programa-florence-de-millora-de-les-matematiques","status":"publish","type":"page","link":"https:\/\/agora.xtec.cat\/iesmallafre\/projecte-educatiu\/ambit-stem\/programa-florence-de-millora-de-les-matematiques\/","title":{"rendered":"Programa Florence de millora de les matem\u00e0tiques"},"content":{"rendered":"<p>El nostre institut participa en el Programa Florence, una iniciativa dissenyada per potenciar l&#8217;ensenyament de les matem\u00e0tiques i millorar la compet\u00e8ncia matem\u00e0tica dels nostres alumnes. Aquesta participaci\u00f3 s&#8217;emmarca en el nostre comprom\u00eds per oferir una educaci\u00f3 de qualitat i fomentar un aprenentatge m\u00e9s efectiu i innovador.<\/p>\n<p>El Programa Florence, que t\u00e9 una durada de tres anys, es basa en metodologies innovadores que busquen transformar l&#8217;ensenyament de les matem\u00e0tiques, promovent una formaci\u00f3 cont\u00ednua per al professorat i creant un entorn d&#8217;aprenentatge col\u00b7laboratiu. Aquesta iniciativa no nom\u00e9s se centra en les matem\u00e0tiques, sin\u00f3 que tamb\u00e9 t\u00e9 un impacte positiu en l&#8217;\u00e0mbit STEM i en altres disciplines.<\/p>\n<p>Estigueu atents a les pr\u00f2ximes not\u00edcies sobre el desenvolupament del programa i les activitats que s&#8217;implementaran al llarg del curs!<\/p>\n<p>M\u00e9s informaci\u00f3 sobre el programa Florence <a href=\"https:\/\/educacio.gencat.cat\/ca\/departament\/linies-estrategiques\/programaflorence\/index.html\" target=\"_blank\" rel=\"noopener\">AQU\u00cd<\/a>.<\/p>\n<p><img loading=\"lazy\" decoding=\"async\" class=\"alignnone size-full wp-image-24189\" src=\"https:\/\/agora.xtec.cat\/iesmallafre\/wp-content\/uploads\/usu105\/2024\/10\/Florence.jpg\" alt=\"\" width=\"1000\" height=\"500\" srcset=\"https:\/\/agora.xtec.cat\/iesmallafre\/wp-content\/uploads\/usu105\/2024\/10\/Florence.jpg 1000w, https:\/\/agora.xtec.cat\/iesmallafre\/wp-content\/uploads\/usu105\/2024\/10\/Florence-300x150.jpg 300w, https:\/\/agora.xtec.cat\/iesmallafre\/wp-content\/uploads\/usu105\/2024\/10\/Florence-768x384.jpg 768w\" sizes=\"auto, (max-width: 1000px) 100vw, 1000px\" \/><\/p>\n","protected":false},"excerpt":{"rendered":"<p>El nostre institut participa en el Programa Florence, una iniciativa dissenyada per potenciar l&#8217;ensenyament de les matem\u00e0tiques i millorar la compet\u00e8ncia matem\u00e0tica dels nostres alumnes. Aquesta participaci\u00f3 s&#8217;emmarca en el nostre comprom\u00eds per oferir una educaci\u00f3 de qualitat i fomentar un aprenentatge m\u00e9s efectiu i&hellip;  <a href=\"https:\/\/agora.xtec.cat\/iesmallafre\/projecte-educatiu\/ambit-stem\/programa-florence-de-millora-de-les-matematiques\/\" title=\"Read Programa Florence de millora de les matem\u00e0tiques\">Llegeix m\u00e9s\u00bb<\/a><\/p>\n","protected":false},"author":16,"featured_media":0,"parent":24302,"menu_order":0,"comment_status":"closed","ping_status":"closed","template":"page-templates\/side-menu.php","meta":{"_bbp_topic_count":0,"_bbp_reply_count":0,"_bbp_total_topic_count":0,"_bbp_total_reply_count":0,"_bbp_voice_count":0,"_bbp_anonymous_reply_count":0,"_bbp_topic_count_hidden":0,"_bbp_reply_count_hidden":0,"_bbp_forum_subforum_count":0,"footnotes":""},"class_list":["post-24359","page","type-page","status-publish","hentry"],"post_mailing_queue_ids":[],"_links":{"self":[{"href":"https:\/\/agora.xtec.cat\/iesmallafre\/wp-json\/wp\/v2\/pages\/24359","targetHints":{"allow":["GET"]}}],"collection":[{"href":"https:\/\/agora.xtec.cat\/iesmallafre\/wp-json\/wp\/v2\/pages"}],"about":[{"href":"https:\/\/agora.xtec.cat\/iesmallafre\/wp-json\/wp\/v2\/types\/page"}],"author":[{"embeddable":true,"href":"https:\/\/agora.xtec.cat\/iesmallafre\/wp-json\/wp\/v2\/users\/16"}],"replies":[{"embeddable":true,"href":"https:\/\/agora.xtec.cat\/iesmallafre\/wp-json\/wp\/v2\/comments?post=24359"}],"version-history":[{"count":4,"href":"https:\/\/agora.xtec.cat\/iesmallafre\/wp-json\/wp\/v2\/pages\/24359\/revisions"}],"predecessor-version":[{"id":24361,"href":"https:\/\/agora.xtec.cat\/iesmallafre\/wp-json\/wp\/v2\/pages\/24359\/revisions\/24361"}],"up":[{"embeddable":true,"href":"https:\/\/agora.xtec.cat\/iesmallafre\/wp-json\/wp\/v2\/pages\/24302"}],"wp:attachment":[{"href":"https:\/\/agora.xtec.cat\/iesmallafre\/wp-json\/wp\/v2\/media?parent=24359"}],"curies":[{"name":"wp","href":"https:\/\/api.w.org\/{rel}","templated":true}]}}

Programa Florence de millora de les matemàtiques

<p>El nostre institut participa en el Programa Florence, una iniciativa dissenyada per potenciar l&#8217;ensenyament de les matemàtiques i millorar la competència matemàtica dels nostres alumnes. Aquesta participació s&#8217;emmarca en el nostre compromís per oferir una educació de qualitat i fomentar un aprenentatge més efectiu i innovador.</p>
<p>El Programa Florence, que té una durada de tres anys, es basa en metodologies innovadores que busquen transformar l&#8217;ensenyament de les matemàtiques, promovent una formació contínua per al professorat i creant un entorn d&#8217;aprenentatge col·laboratiu. Aquesta iniciativa no només se centra en les matemàtiques, sinó que també té un impacte positiu en l&#8217;àmbit STEM i en altres disciplines.</p>
<p>Estigueu atents a les pròximes notícies sobre el desenvolupament del programa i les activitats que s&#8217;implementaran al llarg del curs!</p>
<p>Més informació sobre el programa Florence <a href="https://educacio.gencat.cat/ca/departament/linies-estrategiques/programaflorence/index.html" target="_blank" rel="noopener">AQUÍ</a>.</p>
<p><img loading="lazy" decoding="async" class="alignnone size-full wp-image-24189" src="https://agora.xtec.cat/iesmallafre/wp-content/uploads/usu105/2024/10/Florence.jpg" alt="" width="1000" height="500" srcset="https://agora.xtec.cat/iesmallafre/wp-content/uploads/usu105/2024/10/Florence.jpg 1000w, https://agora.xtec.cat/iesmallafre/wp-content/uploads/usu105/2024/10/Florence-300x150.jpg 300w, https://agora.xtec.cat/iesmallafre/wp-content/uploads/usu105/2024/10/Florence-768x384.jpg 768w" sizes="auto, (max-width: 1000px) 100vw, 1000px" /></p>

<p>El nostre institut participa en el Programa Florence, una iniciativa dissenyada per potenciar l&#8217;ensenyament de les matemàtiques i millorar la competència matemàtica dels nostres alumnes. Aquesta participació s&#8217;emmarca en el nostre compromís per oferir una educació de qualitat i fomentar un aprenentatge més efectiu i&hellip;  <a href="https://agora.xtec.cat/iesmallafre/projecte-educatiu/ambit-stem/programa-florence-de-millora-de-les-matematiques/" title="Read Programa Florence de millora de les matemàtiques">Llegeix més»</a></p>
