{"id":24319,"date":"2024-10-15T12:10:35","date_gmt":"2024-10-15T10:10:35","guid":{"rendered":"https:\/\/agora.xtec.cat\/iesmallafre\/?page_id=24319"},"modified":"2024-10-15T13:08:12","modified_gmt":"2024-10-15T11:08:12","slug":"ambit-dorientacio-educativa","status":"publish","type":"page","link":"https:\/\/agora.xtec.cat\/iesmallafre\/projecte-educatiu\/ambit-dorientacio-educativa\/","title":{"rendered":"\u00c0mbit d&#8217;Orientaci\u00f3 Educativa"},"content":{"rendered":"<p>L&#8217;\u00e0mbit d&#8217;Orientaci\u00f3 Educativa de l&#8217;INS Dolors Mallafr\u00e8 inclou el Servei d&#8217;Inclusi\u00f3 i Educaci\u00f3 Individualitzada (SIEI), enfocat a donar suport als alumnes amb necessitats educatives especials.<\/p>\n<p>Aquest \u00e0mbit acompanya l&#8217;alumnat en el seu desenvolupament personal, acad\u00e8mic i professional, oferint tutories, assessorament individualitzat i activitats d&#8217;orientaci\u00f3 per ajudar-los a identificar els seus interessos i habilitats. A m\u00e9s, es treballen aspectes com la gesti\u00f3 emocional, les t\u00e8cniques d&#8217;estudi i la conviv\u00e8ncia, amb l&#8217;objectiu de promoure el benestar integral de tot l&#8217;alumnat, assegurant una atenci\u00f3 inclusiva i adaptada a les seves necessitats.<\/p>\n","protected":false},"excerpt":{"rendered":"<p>L&#8217;\u00e0mbit d&#8217;Orientaci\u00f3 Educativa de l&#8217;INS Dolors Mallafr\u00e8 inclou el Servei d&#8217;Inclusi\u00f3 i Educaci\u00f3 Individualitzada (SIEI), enfocat a donar suport als alumnes amb necessitats educatives especials.<br \/>\nAquest \u00e0mbit acompanya l&#8217;alumnat en el seu desenvolupament personal, acad\u00e8mic i professional, oferint tutories, assessorament individualitzat i activitats d&#8217;orientaci\u00f3 per ajudar-los&hellip;  <a href=\"https:\/\/agora.xtec.cat\/iesmallafre\/projecte-educatiu\/ambit-dorientacio-educativa\/\" title=\"Read \u00c0mbit d&#8217;Orientaci\u00f3 Educativa\">Llegeix m\u00e9s\u00bb<\/a><\/p>\n","protected":false},"author":16,"featured_media":0,"parent":57,"menu_order":6,"comment_status":"closed","ping_status":"closed","template":"page-templates\/side-menu.php","meta":{"_bbp_topic_count":0,"_bbp_reply_count":0,"_bbp_total_topic_count":0,"_bbp_total_reply_count":0,"_bbp_voice_count":0,"_bbp_anonymous_reply_count":0,"_bbp_topic_count_hidden":0,"_bbp_reply_count_hidden":0,"_bbp_forum_subforum_count":0,"footnotes":""},"class_list":["post-24319","page","type-page","status-publish","hentry"],"post_mailing_queue_ids":[],"_links":{"self":[{"href":"https:\/\/agora.xtec.cat\/iesmallafre\/wp-json\/wp\/v2\/pages\/24319","targetHints":{"allow":["GET"]}}],"collection":[{"href":"https:\/\/agora.xtec.cat\/iesmallafre\/wp-json\/wp\/v2\/pages"}],"about":[{"href":"https:\/\/agora.xtec.cat\/iesmallafre\/wp-json\/wp\/v2\/types\/page"}],"author":[{"embeddable":true,"href":"https:\/\/agora.xtec.cat\/iesmallafre\/wp-json\/wp\/v2\/users\/16"}],"replies":[{"embeddable":true,"href":"https:\/\/agora.xtec.cat\/iesmallafre\/wp-json\/wp\/v2\/comments?post=24319"}],"version-history":[{"count":2,"href":"https:\/\/agora.xtec.cat\/iesmallafre\/wp-json\/wp\/v2\/pages\/24319\/revisions"}],"predecessor-version":[{"id":24323,"href":"https:\/\/agora.xtec.cat\/iesmallafre\/wp-json\/wp\/v2\/pages\/24319\/revisions\/24323"}],"up":[{"embeddable":true,"href":"https:\/\/agora.xtec.cat\/iesmallafre\/wp-json\/wp\/v2\/pages\/57"}],"wp:attachment":[{"href":"https:\/\/agora.xtec.cat\/iesmallafre\/wp-json\/wp\/v2\/media?parent=24319"}],"curies":[{"name":"wp","href":"https:\/\/api.w.org\/{rel}","templated":true}]}}

Àmbit d&#8217;Orientació Educativa

<p>L&#8217;àmbit d&#8217;Orientació Educativa de l&#8217;INS Dolors Mallafrè inclou el Servei d&#8217;Inclusió i Educació Individualitzada (SIEI), enfocat a donar suport als alumnes amb necessitats educatives especials.</p>
<p>Aquest àmbit acompanya l&#8217;alumnat en el seu desenvolupament personal, acadèmic i professional, oferint tutories, assessorament individualitzat i activitats d&#8217;orientació per ajudar-los a identificar els seus interessos i habilitats. A més, es treballen aspectes com la gestió emocional, les tècniques d&#8217;estudi i la convivència, amb l&#8217;objectiu de promoure el benestar integral de tot l&#8217;alumnat, assegurant una atenció inclusiva i adaptada a les seves necessitats.</p>

<p>L&#8217;àmbit d&#8217;Orientació Educativa de l&#8217;INS Dolors Mallafrè inclou el Servei d&#8217;Inclusió i Educació Individualitzada (SIEI), enfocat a donar suport als alumnes amb necessitats educatives especials.<br />
Aquest àmbit acompanya l&#8217;alumnat en el seu desenvolupament personal, acadèmic i professional, oferint tutories, assessorament individualitzat i activitats d&#8217;orientació per ajudar-los&hellip;  <a href="https://agora.xtec.cat/iesmallafre/projecte-educatiu/ambit-dorientacio-educativa/" title="Read Àmbit d&#8217;Orientació Educativa">Llegeix més»</a></p>
