{"id":24317,"date":"2024-10-15T12:06:59","date_gmt":"2024-10-15T10:06:59","guid":{"rendered":"https:\/\/agora.xtec.cat\/iesmallafre\/?page_id=24317"},"modified":"2024-10-15T13:07:03","modified_gmt":"2024-10-15T11:07:03","slug":"ambit-social-i-humanistic","status":"publish","type":"page","link":"https:\/\/agora.xtec.cat\/iesmallafre\/projecte-educatiu\/ambit-social-i-humanistic\/","title":{"rendered":"\u00c0mbit Social i Human\u00edstic"},"content":{"rendered":"<p>L&#8217;\u00e0mbit Social i Human\u00edstic de l&#8217;INS Dolors Mallafr\u00e8 engloba mat\u00e8ries com Hist\u00f2ria, Geografia, Filosofia i Hist\u00f2ria de l&#8217;Art.<\/p>\n<p>L&#8217;objectiu d&#8217;aquest \u00e0mbit \u00e9s oferir als alumnes una comprensi\u00f3 profunda del m\u00f3n social, cultural i hist\u00f2ric, fomentant el pensament cr\u00edtic i l&#8217;an\u00e0lisi reflexiva dels grans esdeveniments i idees que han marcat la humanitat. A trav\u00e9s d&#8217;aquestes disciplines, els estudiants desenvolupen una visi\u00f3 global i \u00e8tica, preparant-los per comprendre millor els reptes contemporanis i la seva responsabilitat en la societat.<\/p>\n","protected":false},"excerpt":{"rendered":"<p>L&#8217;\u00e0mbit Social i Human\u00edstic de l&#8217;INS Dolors Mallafr\u00e8 engloba mat\u00e8ries com Hist\u00f2ria, Geografia, Filosofia i Hist\u00f2ria de l&#8217;Art.<br \/>\nL&#8217;objectiu d&#8217;aquest \u00e0mbit \u00e9s oferir als alumnes una comprensi\u00f3 profunda del m\u00f3n social, cultural i hist\u00f2ric, fomentant el pensament cr\u00edtic i l&#8217;an\u00e0lisi reflexiva dels grans esdeveniments i idees&hellip;  <a href=\"https:\/\/agora.xtec.cat\/iesmallafre\/projecte-educatiu\/ambit-social-i-humanistic\/\" title=\"Read \u00c0mbit Social i Human\u00edstic\">Llegeix m\u00e9s\u00bb<\/a><\/p>\n","protected":false},"author":16,"featured_media":0,"parent":57,"menu_order":3,"comment_status":"closed","ping_status":"closed","template":"page-templates\/side-menu.php","meta":{"_bbp_topic_count":0,"_bbp_reply_count":0,"_bbp_total_topic_count":0,"_bbp_total_reply_count":0,"_bbp_voice_count":0,"_bbp_anonymous_reply_count":0,"_bbp_topic_count_hidden":0,"_bbp_reply_count_hidden":0,"_bbp_forum_subforum_count":0,"footnotes":""},"class_list":["post-24317","page","type-page","status-publish","hentry"],"post_mailing_queue_ids":[],"_links":{"self":[{"href":"https:\/\/agora.xtec.cat\/iesmallafre\/wp-json\/wp\/v2\/pages\/24317","targetHints":{"allow":["GET"]}}],"collection":[{"href":"https:\/\/agora.xtec.cat\/iesmallafre\/wp-json\/wp\/v2\/pages"}],"about":[{"href":"https:\/\/agora.xtec.cat\/iesmallafre\/wp-json\/wp\/v2\/types\/page"}],"author":[{"embeddable":true,"href":"https:\/\/agora.xtec.cat\/iesmallafre\/wp-json\/wp\/v2\/users\/16"}],"replies":[{"embeddable":true,"href":"https:\/\/agora.xtec.cat\/iesmallafre\/wp-json\/wp\/v2\/comments?post=24317"}],"version-history":[{"count":2,"href":"https:\/\/agora.xtec.cat\/iesmallafre\/wp-json\/wp\/v2\/pages\/24317\/revisions"}],"predecessor-version":[{"id":24353,"href":"https:\/\/agora.xtec.cat\/iesmallafre\/wp-json\/wp\/v2\/pages\/24317\/revisions\/24353"}],"up":[{"embeddable":true,"href":"https:\/\/agora.xtec.cat\/iesmallafre\/wp-json\/wp\/v2\/pages\/57"}],"wp:attachment":[{"href":"https:\/\/agora.xtec.cat\/iesmallafre\/wp-json\/wp\/v2\/media?parent=24317"}],"curies":[{"name":"wp","href":"https:\/\/api.w.org\/{rel}","templated":true}]}}

Àmbit Social i Humanístic

<p>L&#8217;àmbit Social i Humanístic de l&#8217;INS Dolors Mallafrè engloba matèries com Història, Geografia, Filosofia i Història de l&#8217;Art.</p>
<p>L&#8217;objectiu d&#8217;aquest àmbit és oferir als alumnes una comprensió profunda del món social, cultural i històric, fomentant el pensament crític i l&#8217;anàlisi reflexiva dels grans esdeveniments i idees que han marcat la humanitat. A través d&#8217;aquestes disciplines, els estudiants desenvolupen una visió global i ètica, preparant-los per comprendre millor els reptes contemporanis i la seva responsabilitat en la societat.</p>

<p>L&#8217;àmbit Social i Humanístic de l&#8217;INS Dolors Mallafrè engloba matèries com Història, Geografia, Filosofia i Història de l&#8217;Art.<br />
L&#8217;objectiu d&#8217;aquest àmbit és oferir als alumnes una comprensió profunda del món social, cultural i històric, fomentant el pensament crític i l&#8217;anàlisi reflexiva dels grans esdeveniments i idees&hellip;  <a href="https://agora.xtec.cat/iesmallafre/projecte-educatiu/ambit-social-i-humanistic/" title="Read Àmbit Social i Humanístic">Llegeix més»</a></p>
