{"id":24315,"date":"2024-10-15T12:05:37","date_gmt":"2024-10-15T10:05:37","guid":{"rendered":"https:\/\/agora.xtec.cat\/iesmallafre\/?page_id=24315"},"modified":"2024-10-15T13:07:50","modified_gmt":"2024-10-15T11:07:50","slug":"ambit-artistic-creatiu","status":"publish","type":"page","link":"https:\/\/agora.xtec.cat\/iesmallafre\/projecte-educatiu\/ambit-artistic-creatiu\/","title":{"rendered":"\u00c0mbit Art\u00edstic Creatiu"},"content":{"rendered":"<p>L&#8217;\u00e0mbit Art\u00edstic i Creatiu de l&#8217;INS Dolors Mallafr\u00e8 inclou mat\u00e8ries com Educaci\u00f3 Visual i Pl\u00e0stica, M\u00fasica i Cultura Audiovisual.<\/p>\n<p>Aquest \u00e0mbit t\u00e9 com a objectiu fomentar l&#8217;expressi\u00f3 art\u00edstica, la creativitat i la sensibilitat est\u00e8tica dels alumnes, proporcionant-los eines per comunicar idees i emocions a trav\u00e9s de diferents llenguatges art\u00edstics. Els estudiants exploren diverses formes d&#8217;art, desenvolupant la seva capacitat d&#8217;an\u00e0lisi i apreciaci\u00f3 cultural, alhora que potencien les seves habilitats creatives.<\/p>\n","protected":false},"excerpt":{"rendered":"<p>L&#8217;\u00e0mbit Art\u00edstic i Creatiu de l&#8217;INS Dolors Mallafr\u00e8 inclou mat\u00e8ries com Educaci\u00f3 Visual i Pl\u00e0stica, M\u00fasica i Cultura Audiovisual.<br \/>\nAquest \u00e0mbit t\u00e9 com a objectiu fomentar l&#8217;expressi\u00f3 art\u00edstica, la creativitat i la sensibilitat est\u00e8tica dels alumnes, proporcionant-los eines per comunicar idees i emocions a trav\u00e9s de&hellip;  <a href=\"https:\/\/agora.xtec.cat\/iesmallafre\/projecte-educatiu\/ambit-artistic-creatiu\/\" title=\"Read \u00c0mbit Art\u00edstic Creatiu\">Llegeix m\u00e9s\u00bb<\/a><\/p>\n","protected":false},"author":16,"featured_media":0,"parent":57,"menu_order":5,"comment_status":"closed","ping_status":"closed","template":"page-templates\/side-menu.php","meta":{"_bbp_topic_count":0,"_bbp_reply_count":0,"_bbp_total_topic_count":0,"_bbp_total_reply_count":0,"_bbp_voice_count":0,"_bbp_anonymous_reply_count":0,"_bbp_topic_count_hidden":0,"_bbp_reply_count_hidden":0,"_bbp_forum_subforum_count":0,"footnotes":""},"class_list":["post-24315","page","type-page","status-publish","hentry"],"post_mailing_queue_ids":[],"_links":{"self":[{"href":"https:\/\/agora.xtec.cat\/iesmallafre\/wp-json\/wp\/v2\/pages\/24315","targetHints":{"allow":["GET"]}}],"collection":[{"href":"https:\/\/agora.xtec.cat\/iesmallafre\/wp-json\/wp\/v2\/pages"}],"about":[{"href":"https:\/\/agora.xtec.cat\/iesmallafre\/wp-json\/wp\/v2\/types\/page"}],"author":[{"embeddable":true,"href":"https:\/\/agora.xtec.cat\/iesmallafre\/wp-json\/wp\/v2\/users\/16"}],"replies":[{"embeddable":true,"href":"https:\/\/agora.xtec.cat\/iesmallafre\/wp-json\/wp\/v2\/comments?post=24315"}],"version-history":[{"count":2,"href":"https:\/\/agora.xtec.cat\/iesmallafre\/wp-json\/wp\/v2\/pages\/24315\/revisions"}],"predecessor-version":[{"id":24355,"href":"https:\/\/agora.xtec.cat\/iesmallafre\/wp-json\/wp\/v2\/pages\/24315\/revisions\/24355"}],"up":[{"embeddable":true,"href":"https:\/\/agora.xtec.cat\/iesmallafre\/wp-json\/wp\/v2\/pages\/57"}],"wp:attachment":[{"href":"https:\/\/agora.xtec.cat\/iesmallafre\/wp-json\/wp\/v2\/media?parent=24315"}],"curies":[{"name":"wp","href":"https:\/\/api.w.org\/{rel}","templated":true}]}}

Àmbit Artístic Creatiu

<p>L&#8217;àmbit Artístic i Creatiu de l&#8217;INS Dolors Mallafrè inclou matèries com Educació Visual i Plàstica, Música i Cultura Audiovisual.</p>
<p>Aquest àmbit té com a objectiu fomentar l&#8217;expressió artística, la creativitat i la sensibilitat estètica dels alumnes, proporcionant-los eines per comunicar idees i emocions a través de diferents llenguatges artístics. Els estudiants exploren diverses formes d&#8217;art, desenvolupant la seva capacitat d&#8217;anàlisi i apreciació cultural, alhora que potencien les seves habilitats creatives.</p>

<p>L&#8217;àmbit Artístic i Creatiu de l&#8217;INS Dolors Mallafrè inclou matèries com Educació Visual i Plàstica, Música i Cultura Audiovisual.<br />
Aquest àmbit té com a objectiu fomentar l&#8217;expressió artística, la creativitat i la sensibilitat estètica dels alumnes, proporcionant-los eines per comunicar idees i emocions a través de&hellip;  <a href="https://agora.xtec.cat/iesmallafre/projecte-educatiu/ambit-artistic-creatiu/" title="Read Àmbit Artístic Creatiu">Llegeix més»</a></p>
