{"id":24305,"date":"2024-10-15T11:56:51","date_gmt":"2024-10-15T09:56:51","guid":{"rendered":"https:\/\/agora.xtec.cat\/iesmallafre\/?page_id=24305"},"modified":"2024-10-15T13:07:29","modified_gmt":"2024-10-15T11:07:29","slug":"ambit-de-llengues-estrangeres","status":"publish","type":"page","link":"https:\/\/agora.xtec.cat\/iesmallafre\/projecte-educatiu\/ambit-de-llengues-estrangeres\/","title":{"rendered":"\u00c0mbit de Lleng\u00fces Estrangeres"},"content":{"rendered":"<p>L&#8217;\u00e0mbit de Lleng\u00fces Estrangeres de l&#8217;INS Dolors Mallafr\u00e8 inclou les mat\u00e8ries d&#8217;angl\u00e8s i franc\u00e8s, oferint als alumnes una formaci\u00f3 ling\u00fc\u00edstica que els permet desenvolupar la compet\u00e8ncia comunicativa en lleng\u00fces estrangeres.<\/p>\n<p>L&#8217;objectiu d&#8217;aquest \u00e0mbit \u00e9s promoure l&#8217;aprenentatge d&#8217;idiomes, potenciant tant la comprensi\u00f3 oral i escrita com l&#8217;expressi\u00f3 en diferents contextos, preparant els estudiants per a un m\u00f3n cada vegada m\u00e9s globalitzat.<\/p>\n","protected":false},"excerpt":{"rendered":"<p>L&#8217;\u00e0mbit de Lleng\u00fces Estrangeres de l&#8217;INS Dolors Mallafr\u00e8 inclou les mat\u00e8ries d&#8217;angl\u00e8s i franc\u00e8s, oferint als alumnes una formaci\u00f3 ling\u00fc\u00edstica que els permet desenvolupar la compet\u00e8ncia comunicativa en lleng\u00fces estrangeres.<br \/>\nL&#8217;objectiu d&#8217;aquest \u00e0mbit \u00e9s promoure l&#8217;aprenentatge d&#8217;idiomes, potenciant tant la comprensi\u00f3 oral i escrita com l&#8217;expressi\u00f3&hellip;  <a href=\"https:\/\/agora.xtec.cat\/iesmallafre\/projecte-educatiu\/ambit-de-llengues-estrangeres\/\" title=\"Read \u00c0mbit de Lleng\u00fces Estrangeres\">Llegeix m\u00e9s\u00bb<\/a><\/p>\n","protected":false},"author":16,"featured_media":0,"parent":57,"menu_order":4,"comment_status":"closed","ping_status":"closed","template":"page-templates\/side-menu.php","meta":{"_bbp_topic_count":0,"_bbp_reply_count":0,"_bbp_total_topic_count":0,"_bbp_total_reply_count":0,"_bbp_voice_count":0,"_bbp_anonymous_reply_count":0,"_bbp_topic_count_hidden":0,"_bbp_reply_count_hidden":0,"_bbp_forum_subforum_count":0,"footnotes":""},"class_list":["post-24305","page","type-page","status-publish","hentry"],"post_mailing_queue_ids":[],"_links":{"self":[{"href":"https:\/\/agora.xtec.cat\/iesmallafre\/wp-json\/wp\/v2\/pages\/24305","targetHints":{"allow":["GET"]}}],"collection":[{"href":"https:\/\/agora.xtec.cat\/iesmallafre\/wp-json\/wp\/v2\/pages"}],"about":[{"href":"https:\/\/agora.xtec.cat\/iesmallafre\/wp-json\/wp\/v2\/types\/page"}],"author":[{"embeddable":true,"href":"https:\/\/agora.xtec.cat\/iesmallafre\/wp-json\/wp\/v2\/users\/16"}],"replies":[{"embeddable":true,"href":"https:\/\/agora.xtec.cat\/iesmallafre\/wp-json\/wp\/v2\/comments?post=24305"}],"version-history":[{"count":2,"href":"https:\/\/agora.xtec.cat\/iesmallafre\/wp-json\/wp\/v2\/pages\/24305\/revisions"}],"predecessor-version":[{"id":24354,"href":"https:\/\/agora.xtec.cat\/iesmallafre\/wp-json\/wp\/v2\/pages\/24305\/revisions\/24354"}],"up":[{"embeddable":true,"href":"https:\/\/agora.xtec.cat\/iesmallafre\/wp-json\/wp\/v2\/pages\/57"}],"wp:attachment":[{"href":"https:\/\/agora.xtec.cat\/iesmallafre\/wp-json\/wp\/v2\/media?parent=24305"}],"curies":[{"name":"wp","href":"https:\/\/api.w.org\/{rel}","templated":true}]}}

Àmbit de Llengües Estrangeres

<p>L&#8217;àmbit de Llengües Estrangeres de l&#8217;INS Dolors Mallafrè inclou les matèries d&#8217;anglès i francès, oferint als alumnes una formació lingüística que els permet desenvolupar la competència comunicativa en llengües estrangeres.</p>
<p>L&#8217;objectiu d&#8217;aquest àmbit és promoure l&#8217;aprenentatge d&#8217;idiomes, potenciant tant la comprensió oral i escrita com l&#8217;expressió en diferents contextos, preparant els estudiants per a un món cada vegada més globalitzat.</p>

<p>L&#8217;àmbit de Llengües Estrangeres de l&#8217;INS Dolors Mallafrè inclou les matèries d&#8217;anglès i francès, oferint als alumnes una formació lingüística que els permet desenvolupar la competència comunicativa en llengües estrangeres.<br />
L&#8217;objectiu d&#8217;aquest àmbit és promoure l&#8217;aprenentatge d&#8217;idiomes, potenciant tant la comprensió oral i escrita com l&#8217;expressió&hellip;  <a href="https://agora.xtec.cat/iesmallafre/projecte-educatiu/ambit-de-llengues-estrangeres/" title="Read Àmbit de Llengües Estrangeres">Llegeix més»</a></p>
