{"id":24275,"date":"2024-10-10T12:22:23","date_gmt":"2024-10-10T10:22:23","guid":{"rendered":"https:\/\/agora.xtec.cat\/iesmallafre\/?page_id=24275"},"modified":"2024-10-10T12:22:29","modified_gmt":"2024-10-10T10:22:29","slug":"expressio-corporal-balls-i-danses","status":"publish","type":"page","link":"https:\/\/agora.xtec.cat\/iesmallafre\/pla-catala-de-lesport-associacio-esportiva\/activitats-fisiques-i-esportives-organitzades-per-laee\/expressio-corporal-balls-i-danses\/","title":{"rendered":"Expressi\u00f3 Corporal: Balls i Danses"},"content":{"rendered":"<div class=\"flex max-w-full flex-col flex-grow\">\n<div class=\"min-h-8 text-message flex w-full flex-col items-end gap-2 whitespace-normal break-words [.text-message+&amp;]:mt-5\" dir=\"auto\" data-message-author-role=\"assistant\" data-message-id=\"e6dad5c4-04bb-44a2-a313-49b3fcd224fb\">\n<div class=\"flex w-full flex-col gap-1 empty:hidden first:pt-[3px]\">\n<div class=\"markdown prose w-full break-words dark:prose-invert light\">\n<p>Aquesta activitat ofereix un aprenentatge en danses i balls, ideal per a desenvolupar habilitats de coordinaci\u00f3 i expressi\u00f3 corporal.<\/p>\n<ul>\n<li><strong>A qui va dirigit:<\/strong><br \/>\nDestinat a l&#8217;alumnat del centre.<\/li>\n<li><strong>Dies, lloc i horaris:<\/strong><br \/>\nEs realitzar\u00e0 els dilluns de 17:00 a 18:00 al gimn\u00e0s de l&#8217;institut.<\/li>\n<\/ul>\n<p><strong>Preu:<\/strong><br \/>\n200 \u20ac per curs. L&#8217;activitat es dur\u00e0 a terme amb un m\u00ednim de 10 participants.<\/p>\n<\/div>\n<\/div>\n<\/div>\n<\/div>\n<div class=\"mb-2 flex gap-3 empty:hidden -ml-2\">\n<div class=\"items-center justify-start rounded-xl p-1 flex\">M\u00e9s informaci\u00f3: Consultar a la p\u00e0gina<a href=\"https:\/\/aeemallafre.clupik.app\/ca\"> web de l\u2019AEE<\/a><\/div>\n<\/div>\n<p>&nbsp;<\/p>\n","protected":false},"excerpt":{"rendered":"<p>Aquesta activitat ofereix un aprenentatge en danses i balls, ideal per a desenvolupar habilitats de coordinaci\u00f3 i expressi\u00f3 corporal.<\/p>\n<ul>\n<li>A qui va dirigit:<br \/>\nDestinat a l&#8217;alumnat del centre.<\/li>\n<li>Dies, lloc i horaris:<br \/>\nEs realitzar\u00e0 els dilluns de 17:00 a 18:00 al gimn\u00e0s de l&#8217;institut.<\/li>\n<\/ul>\n<p>Preu:<br \/>\n200 \u20ac per curs. L&#8217;activitat es&hellip;  <a href=\"https:\/\/agora.xtec.cat\/iesmallafre\/pla-catala-de-lesport-associacio-esportiva\/activitats-fisiques-i-esportives-organitzades-per-laee\/expressio-corporal-balls-i-danses\/\" title=\"Read Expressi\u00f3 Corporal: Balls i Danses\">Llegeix m\u00e9s\u00bb<\/a><\/p>\n","protected":false},"author":16,"featured_media":0,"parent":24195,"menu_order":0,"comment_status":"closed","ping_status":"closed","template":"","meta":{"_bbp_topic_count":0,"_bbp_reply_count":0,"_bbp_total_topic_count":0,"_bbp_total_reply_count":0,"_bbp_voice_count":0,"_bbp_anonymous_reply_count":0,"_bbp_topic_count_hidden":0,"_bbp_reply_count_hidden":0,"_bbp_forum_subforum_count":0,"footnotes":""},"class_list":["post-24275","page","type-page","status-publish","hentry"],"post_mailing_queue_ids":[],"_links":{"self":[{"href":"https:\/\/agora.xtec.cat\/iesmallafre\/wp-json\/wp\/v2\/pages\/24275","targetHints":{"allow":["GET"]}}],"collection":[{"href":"https:\/\/agora.xtec.cat\/iesmallafre\/wp-json\/wp\/v2\/pages"}],"about":[{"href":"https:\/\/agora.xtec.cat\/iesmallafre\/wp-json\/wp\/v2\/types\/page"}],"author":[{"embeddable":true,"href":"https:\/\/agora.xtec.cat\/iesmallafre\/wp-json\/wp\/v2\/users\/16"}],"replies":[{"embeddable":true,"href":"https:\/\/agora.xtec.cat\/iesmallafre\/wp-json\/wp\/v2\/comments?post=24275"}],"version-history":[{"count":2,"href":"https:\/\/agora.xtec.cat\/iesmallafre\/wp-json\/wp\/v2\/pages\/24275\/revisions"}],"predecessor-version":[{"id":24279,"href":"https:\/\/agora.xtec.cat\/iesmallafre\/wp-json\/wp\/v2\/pages\/24275\/revisions\/24279"}],"up":[{"embeddable":true,"href":"https:\/\/agora.xtec.cat\/iesmallafre\/wp-json\/wp\/v2\/pages\/24195"}],"wp:attachment":[{"href":"https:\/\/agora.xtec.cat\/iesmallafre\/wp-json\/wp\/v2\/media?parent=24275"}],"curies":[{"name":"wp","href":"https:\/\/api.w.org\/{rel}","templated":true}]}}