{"id":22609,"date":"2023-04-26T14:47:16","date_gmt":"2023-04-26T12:47:16","guid":{"rendered":"https:\/\/agora.xtec.cat\/iesmallafre\/?page_id=22609"},"modified":"2023-05-03T11:41:52","modified_gmt":"2023-05-03T09:41:52","slug":"projecte-educatiu-de-centre-pec","status":"publish","type":"page","link":"https:\/\/agora.xtec.cat\/iesmallafre\/documents-de-centre\/projecte-educatiu-de-centre-pec\/","title":{"rendered":"Legislaci\u00f3 i normativa"},"content":{"rendered":"<ul>\n<li>Llei Org\u00e0nica d&#8217;Educaci\u00f3 (LOE): <a class=\"external-link\" href=\"http:\/\/www.boe.es\/boe\/dias\/2006\/05\/04\/pdfs\/A17158-17207.pdf\">Llei org\u00e0nica 2\/2006, de 3 de maig, d&#8217;educaci\u00f3<\/a><\/li>\n<li>Llei Org\u00e0nica 3\/2020 (LOMLOE): <a href=\"https:\/\/www.boe.es\/eli\/es\/lo\/2020\/12\/29\/3\/dof\/spa\/pdf\">Llei org\u00e0nica 3\/2020, de 29 de desembre, d\u2019educaci\u00f3<\/a><\/li>\n<li><span class=\"link-external\">Llei d&#8217;Educaci\u00f3 de Catalunya (LEC):<\/span> <a class=\"external-link\" title=\"\" href=\"http:\/\/ensenyament.gencat.cat\/web\/.content\/home\/departament\/normativa\/normativa-educacio\/lec_12_2009.pdf\" target=\"_self\" rel=\"noopener\"><span class=\"external-link\">Llei 12\/2009, del 10 de juliol, d&#8217;educaci\u00f3<\/span><\/a><\/li>\n<li><span class=\"link-external\">Decret de direccions: <\/span><a href=\"https:\/\/portaljuridic.gencat.cat\/eli\/es-ct\/d\/2010\/11\/02\/155\">DECRET 155\/2010, de 2 de novembre, de la direcci\u00f3 dels centres educatius p\u00fablics i del personal directiu professional docent<\/a><\/li>\n<li>Decret d&#8217;autonomia de centres: <a class=\"external-link\" href=\"http:\/\/cido.diba.cat\/legislacio\/1354310\/decret-1022010-de-3-dagost-dautonomia-dels-centres-educatius-departament-deducacio\">DECRET 102\/2010, de 3 d&#8217;agost, d&#8217;autonomia dels centres educatius.<\/a><\/li>\n<li>Decret de drets i deures de l&#8217;alumnat:<a class=\"external-link\" href=\"https:\/\/portaljuridic.gencat.cat\/ca\/document-del-pjur\/?documentId=403808\"> DECRET 279\/2006, de 4 de juliol, sobre drets i deures de l&#8217;alumnat i regulaci\u00f3 de la conviv\u00e8ncia en els centres educatius no universitaris de Catalunya.<\/a><\/li>\n<li>Procediment, documents i requisits formals del proc\u00e9s d&#8217;avaluaci\u00f3 a l&#8217;educaci\u00f3 secund\u00e0ria obligat\u00f2ria. <a class=\"internal-link\" title=\"\" href=\"https:\/\/elpuig.xeill.net\/el-centre\/informacio-general\/documents-de-referencia-i-consulta\/documents\/Decret%20Avaluacio%20ESO%202018.pdf\" target=\"_self\" rel=\"noopener\">ORDRE ENS\/108\/2018, de 4 de juliol, per la qual es determinen el procediment, els documents i els requisits formals del proc\u00e9s d&#8217;avaluaci\u00f3 a l&#8217;educaci\u00f3 secund\u00e0ria obligat\u00f2ria.<\/a><\/li>\n<\/ul>\n<p>&nbsp;<\/p>\n","protected":false},"excerpt":{"rendered":"<ul>\n<li>Llei Org\u00e0nica d&#8217;Educaci\u00f3 (LOE): <a class=\"external-link\" href=\"http:\/\/www.boe.es\/boe\/dias\/2006\/05\/04\/pdfs\/A17158-17207.pdf\">Llei org\u00e0nica 2\/2006, de 3 de maig, d&#8217;educaci\u00f3<\/a><\/li>\n<li>Llei Org\u00e0nica 3\/2020 (LOMLOE): <a href=\"https:\/\/www.boe.es\/eli\/es\/lo\/2020\/12\/29\/3\/dof\/spa\/pdf\">Llei org\u00e0nica 3\/2020, de 29 de desembre, d\u2019educaci\u00f3<\/a><\/li>\n<li>Llei d&#8217;Educaci\u00f3 de Catalunya (LEC): <a class=\"external-link\" title=\"\" href=\"http:\/\/ensenyament.gencat.cat\/web\/.content\/home\/departament\/normativa\/normativa-educacio\/lec_12_2009.pdf\" target=\"_self\" rel=\"noopener\">Llei 12\/2009, del 10 de juliol, d&#8217;educaci\u00f3<\/a><\/li>\n<li>Decret de direccions: <a&hellip;  <a href=\"https:\/\/agora.xtec.cat\/iesmallafre\/documents-de-centre\/projecte-educatiu-de-centre-pec\/\" title=\"Read Legislaci\u00f3 i normativa\">Llegeix m\u00e9s\u00bb<\/a><br \/>\n","protected":false},"author":16,"featured_media":0,"parent":22595,"menu_order":0,"comment_status":"closed","ping_status":"closed","template":"page-templates\/side-menu.php","meta":{"_bbp_topic_count":0,"_bbp_reply_count":0,"_bbp_total_topic_count":0,"_bbp_total_reply_count":0,"_bbp_voice_count":0,"_bbp_anonymous_reply_count":0,"_bbp_topic_count_hidden":0,"_bbp_reply_count_hidden":0,"_bbp_forum_subforum_count":0,"footnotes":""},"class_list":["post-22609","page","type-page","status-publish","hentry"],"post_mailing_queue_ids":[],"_links":{"self":[{"href":"https:\/\/agora.xtec.cat\/iesmallafre\/wp-json\/wp\/v2\/pages\/22609","targetHints":{"allow":["GET"]}}],"collection":[{"href":"https:\/\/agora.xtec.cat\/iesmallafre\/wp-json\/wp\/v2\/pages"}],"about":[{"href":"https:\/\/agora.xtec.cat\/iesmallafre\/wp-json\/wp\/v2\/types\/page"}],"author":[{"embeddable":true,"href":"https:\/\/agora.xtec.cat\/iesmallafre\/wp-json\/wp\/v2\/users\/16"}],"replies":[{"embeddable":true,"href":"https:\/\/agora.xtec.cat\/iesmallafre\/wp-json\/wp\/v2\/comments?post=22609"}],"version-history":[{"count":3,"href":"https:\/\/agora.xtec.cat\/iesmallafre\/wp-json\/wp\/v2\/pages\/22609\/revisions"}],"predecessor-version":[{"id":22638,"href":"https:\/\/agora.xtec.cat\/iesmallafre\/wp-json\/wp\/v2\/pages\/22609\/revisions\/22638"}],"up":[{"embeddable":true,"href":"https:\/\/agora.xtec.cat\/iesmallafre\/wp-json\/wp\/v2\/pages\/22595"}],"wp:attachment":[{"href":"https:\/\/agora.xtec.cat\/iesmallafre\/wp-json\/wp\/v2\/media?parent=22609"}],"curies":[{"name":"wp","href":"https:\/\/api.w.org\/{rel}","templated":true}]}}

Legislació i normativa

<ul>
<li>Llei Orgànica d&#8217;Educació (LOE): <a class="external-link" href="http://www.boe.es/boe/dias/2006/05/04/pdfs/A17158-17207.pdf">Llei orgànica 2/2006, de 3 de maig, d&#8217;educació</a></li>
<li>Llei Orgànica 3/2020 (LOMLOE): <a href="https://www.boe.es/eli/es/lo/2020/12/29/3/dof/spa/pdf">Llei orgànica 3/2020, de 29 de desembre, d’educació</a></li>
<li><span class="link-external">Llei d&#8217;Educació de Catalunya (LEC):</span> <a class="external-link" title="" href="http://ensenyament.gencat.cat/web/.content/home/departament/normativa/normativa-educacio/lec_12_2009.pdf" target="_self" rel="noopener"><span class="external-link">Llei 12/2009, del 10 de juliol, d&#8217;educació</span></a></li>
<li><span class="link-external">Decret de direccions: </span><a href="https://portaljuridic.gencat.cat/eli/es-ct/d/2010/11/02/155">DECRET 155/2010, de 2 de novembre, de la direcció dels centres educatius públics i del personal directiu professional docent</a></li>
<li>Decret d&#8217;autonomia de centres: <a class="external-link" href="http://cido.diba.cat/legislacio/1354310/decret-1022010-de-3-dagost-dautonomia-dels-centres-educatius-departament-deducacio">DECRET 102/2010, de 3 d&#8217;agost, d&#8217;autonomia dels centres educatius.</a></li>
<li>Decret de drets i deures de l&#8217;alumnat:<a class="external-link" href="https://portaljuridic.gencat.cat/ca/document-del-pjur/?documentId=403808"> DECRET 279/2006, de 4 de juliol, sobre drets i deures de l&#8217;alumnat i regulació de la convivència en els centres educatius no universitaris de Catalunya.</a></li>
<li>Procediment, documents i requisits formals del procés d&#8217;avaluació a l&#8217;educació secundària obligatòria. <a class="internal-link" title="" href="https://elpuig.xeill.net/el-centre/informacio-general/documents-de-referencia-i-consulta/documents/Decret%20Avaluacio%20ESO%202018.pdf" target="_self" rel="noopener">ORDRE ENS/108/2018, de 4 de juliol, per la qual es determinen el procediment, els documents i els requisits formals del procés d&#8217;avaluació a l&#8217;educació secundària obligatòria.</a></li>
</ul>
<p>&nbsp;</p>

<ul>
<li>Llei Orgànica d&#8217;Educació (LOE): <a class="external-link" href="http://www.boe.es/boe/dias/2006/05/04/pdfs/A17158-17207.pdf">Llei orgànica 2/2006, de 3 de maig, d&#8217;educació</a></li>
<li>Llei Orgànica 3/2020 (LOMLOE): <a href="https://www.boe.es/eli/es/lo/2020/12/29/3/dof/spa/pdf">Llei orgànica 3/2020, de 29 de desembre, d’educació</a></li>
<li>Llei d&#8217;Educació de Catalunya (LEC): <a class="external-link" title="" href="http://ensenyament.gencat.cat/web/.content/home/departament/normativa/normativa-educacio/lec_12_2009.pdf" target="_self" rel="noopener">Llei 12/2009, del 10 de juliol, d&#8217;educació</a></li>
<li>Decret de direccions: <a&hellip;  <a href="https://agora.xtec.cat/iesmallafre/documents-de-centre/projecte-educatiu-de-centre-pec/" title="Read Legislació i normativa">Llegeix més»</a><br />
