{"id":22286,"date":"2023-03-01T11:21:35","date_gmt":"2023-03-01T10:21:35","guid":{"rendered":"https:\/\/agora.xtec.cat\/iesmallafre\/?page_id=22286"},"modified":"2024-10-22T12:07:42","modified_gmt":"2024-10-22T10:07:42","slug":"copa-cangur","status":"publish","type":"page","link":"https:\/\/agora.xtec.cat\/iesmallafre\/projecte-educatiu\/ambit-stem\/copa-cangur\/","title":{"rendered":"Copa Cangur"},"content":{"rendered":"<p><a href=\"https:\/\/agora.xtec.cat\/iesmallafre\/wp-content\/uploads\/usu105\/2023\/03\/logopng.png\"><img loading=\"lazy\" decoding=\"async\" class=\"wp-image-22318 alignright\" src=\"https:\/\/agora.xtec.cat\/iesmallafre\/wp-content\/uploads\/usu105\/2023\/03\/logopng.png\" alt=\"\" width=\"394\" height=\"146\" srcset=\"https:\/\/agora.xtec.cat\/iesmallafre\/wp-content\/uploads\/usu105\/2023\/03\/logopng.png 843w, https:\/\/agora.xtec.cat\/iesmallafre\/wp-content\/uploads\/usu105\/2023\/03\/logopng-300x111.png 300w, https:\/\/agora.xtec.cat\/iesmallafre\/wp-content\/uploads\/usu105\/2023\/03\/logopng-768x284.png 768w\" sizes=\"auto, (max-width: 394px) 100vw, 394px\" \/><\/a><\/p>\n<p>La Copa Cangur \u00e9s un concurs presencial de resoluci\u00f3 de problemes de matem\u00e0tiques per equips, organitzat per la Societat Catalana de Matem\u00e0tiques i que rep el suport log\u00edstic de Isotropic. Els equips estan formats per alumnes de 1r i 2n d\u2019ESO (categoria Cadet) i per alumnes de 3r i 4t d\u2019ESO (categoria Junior).<\/p>\n<p>&nbsp;<\/p>\n<p>Hi ha una primera fase que se celebra en diferents seus distribu\u00efdes arreu del territori, i una fase final amb els guanyadors de cada seu.<\/p>\n<p>En el concurs es presenten 12 problemes i 60 minuts de temps per fer-ne els m\u00e0xims possibles (primera fase). \u00c9s una cursa contra rellotge on la puntuaci\u00f3 obtinguda per cada problema va variant durant el concurs, i per tant la estrat\u00e8gia d\u2019equip \u00e9s molt important!<\/p>\n<p>La primera fase del concurs se celebra en diverses seus locals repartides arreu del territori. El primer equip classificat de cada seu (o els primers, dep\u00e8n del nombre de seus que hi hagi), juntament amb els campions de l\u2019any anterior, es classifiquen per la gran final nacional. Els primers classificats a la fase nacional obtenen un passi per a participar en la final internacional (que es fa en l\u00ednia des del propi centre) amb equips d\u2019altres pa\u00efsos.<\/p>\n<p>&nbsp;<\/p>\n<p>&nbsp;<\/p>\n","protected":false},"excerpt":{"rendered":"<p><a href=\"https:\/\/agora.xtec.cat\/iesmallafre\/wp-content\/uploads\/usu105\/2023\/03\/logopng.png\"><\/a><br \/>\nLa Copa Cangur \u00e9s un concurs presencial de resoluci\u00f3 de problemes de matem\u00e0tiques per equips, organitzat per la Societat Catalana de Matem\u00e0tiques i que rep el suport log\u00edstic de Isotropic. Els equips estan formats per alumnes de 1r i 2n d\u2019ESO (categoria Cadet) i&hellip;  <a href=\"https:\/\/agora.xtec.cat\/iesmallafre\/projecte-educatiu\/ambit-stem\/copa-cangur\/\" title=\"Read Copa Cangur\">Llegeix m\u00e9s\u00bb<\/a><\/p>\n","protected":false},"author":16,"featured_media":0,"parent":24302,"menu_order":0,"comment_status":"closed","ping_status":"closed","template":"page-templates\/side-menu.php","meta":{"_bbp_topic_count":0,"_bbp_reply_count":0,"_bbp_total_topic_count":0,"_bbp_total_reply_count":0,"_bbp_voice_count":0,"_bbp_anonymous_reply_count":0,"_bbp_topic_count_hidden":0,"_bbp_reply_count_hidden":0,"_bbp_forum_subforum_count":0,"footnotes":""},"class_list":["post-22286","page","type-page","status-publish","hentry"],"post_mailing_queue_ids":[],"_links":{"self":[{"href":"https:\/\/agora.xtec.cat\/iesmallafre\/wp-json\/wp\/v2\/pages\/22286","targetHints":{"allow":["GET"]}}],"collection":[{"href":"https:\/\/agora.xtec.cat\/iesmallafre\/wp-json\/wp\/v2\/pages"}],"about":[{"href":"https:\/\/agora.xtec.cat\/iesmallafre\/wp-json\/wp\/v2\/types\/page"}],"author":[{"embeddable":true,"href":"https:\/\/agora.xtec.cat\/iesmallafre\/wp-json\/wp\/v2\/users\/16"}],"replies":[{"embeddable":true,"href":"https:\/\/agora.xtec.cat\/iesmallafre\/wp-json\/wp\/v2\/comments?post=22286"}],"version-history":[{"count":4,"href":"https:\/\/agora.xtec.cat\/iesmallafre\/wp-json\/wp\/v2\/pages\/22286\/revisions"}],"predecessor-version":[{"id":24373,"href":"https:\/\/agora.xtec.cat\/iesmallafre\/wp-json\/wp\/v2\/pages\/22286\/revisions\/24373"}],"up":[{"embeddable":true,"href":"https:\/\/agora.xtec.cat\/iesmallafre\/wp-json\/wp\/v2\/pages\/24302"}],"wp:attachment":[{"href":"https:\/\/agora.xtec.cat\/iesmallafre\/wp-json\/wp\/v2\/media?parent=22286"}],"curies":[{"name":"wp","href":"https:\/\/api.w.org\/{rel}","templated":true}]}}