{"id":22243,"date":"2023-02-24T10:55:10","date_gmt":"2023-02-24T09:55:10","guid":{"rendered":"https:\/\/agora.xtec.cat\/iesmallafre\/?page_id=22243"},"modified":"2024-10-15T13:04:21","modified_gmt":"2024-10-15T11:04:21","slug":"cantem-2","status":"publish","type":"page","link":"https:\/\/agora.xtec.cat\/iesmallafre\/projecte-educatiu\/ambit-artistic-creatiu\/cantem-2\/","title":{"rendered":"Cantem"},"content":{"rendered":"<div>\n<div>\n<p>Apropem el cant coral i la cultura als joves (AUDITORI EDUARD TOLDR\u00c0)<\/p>\n<p>Amb l&#8217;objectiu d&#8217;apropar i fomentar la m\u00fasica i la cultura al jovent de secund\u00e0ria, a m\u00e9s a m\u00e9s d&#8217;aportar-los valors com el treball en equip, la confian\u00e7a&#8230; i amb la complicitat de l&#8217;ECMM i la participaci\u00f3 dels centres de secund\u00e0ria de la nostra ciutat que s&#8217;hi han adherit, oferim un curs m\u00e9s el projecte pedag\u00f2gic Cantem!<\/p>\n<\/div>\n<\/div>\n","protected":false},"excerpt":{"rendered":"<p>Apropem el cant coral i la cultura als joves (AUDITORI EDUARD TOLDR\u00c0)<br \/>\nAmb l&#8217;objectiu d&#8217;apropar i fomentar la m\u00fasica i la cultura al jovent de secund\u00e0ria, a m\u00e9s a m\u00e9s d&#8217;aportar-los valors com el treball en equip, la confian\u00e7a&#8230; i amb la complicitat de l&#8217;ECMM i&hellip;  <a href=\"https:\/\/agora.xtec.cat\/iesmallafre\/projecte-educatiu\/ambit-artistic-creatiu\/cantem-2\/\" title=\"Read Cantem\">Llegeix m\u00e9s\u00bb<\/a><\/p>\n","protected":false},"author":16,"featured_media":0,"parent":24315,"menu_order":0,"comment_status":"closed","ping_status":"closed","template":"page-templates\/side-menu.php","meta":{"_bbp_topic_count":0,"_bbp_reply_count":0,"_bbp_total_topic_count":0,"_bbp_total_reply_count":0,"_bbp_voice_count":0,"_bbp_anonymous_reply_count":0,"_bbp_topic_count_hidden":0,"_bbp_reply_count_hidden":0,"_bbp_forum_subforum_count":0,"footnotes":""},"class_list":["post-22243","page","type-page","status-publish","hentry"],"post_mailing_queue_ids":[],"_links":{"self":[{"href":"https:\/\/agora.xtec.cat\/iesmallafre\/wp-json\/wp\/v2\/pages\/22243","targetHints":{"allow":["GET"]}}],"collection":[{"href":"https:\/\/agora.xtec.cat\/iesmallafre\/wp-json\/wp\/v2\/pages"}],"about":[{"href":"https:\/\/agora.xtec.cat\/iesmallafre\/wp-json\/wp\/v2\/types\/page"}],"author":[{"embeddable":true,"href":"https:\/\/agora.xtec.cat\/iesmallafre\/wp-json\/wp\/v2\/users\/16"}],"replies":[{"embeddable":true,"href":"https:\/\/agora.xtec.cat\/iesmallafre\/wp-json\/wp\/v2\/comments?post=22243"}],"version-history":[{"count":2,"href":"https:\/\/agora.xtec.cat\/iesmallafre\/wp-json\/wp\/v2\/pages\/22243\/revisions"}],"predecessor-version":[{"id":24347,"href":"https:\/\/agora.xtec.cat\/iesmallafre\/wp-json\/wp\/v2\/pages\/22243\/revisions\/24347"}],"up":[{"embeddable":true,"href":"https:\/\/agora.xtec.cat\/iesmallafre\/wp-json\/wp\/v2\/pages\/24315"}],"wp:attachment":[{"href":"https:\/\/agora.xtec.cat\/iesmallafre\/wp-json\/wp\/v2\/media?parent=22243"}],"curies":[{"name":"wp","href":"https:\/\/api.w.org\/{rel}","templated":true}]}}

<div>
<div>
<p>Apropem el cant coral i la cultura als joves (AUDITORI EDUARD TOLDRÀ)</p>
<p>Amb l&#8217;objectiu d&#8217;apropar i fomentar la música i la cultura al jovent de secundària, a més a més d&#8217;aportar-los valors com el treball en equip, la confiança&#8230; i amb la complicitat de l&#8217;ECMM i la participació dels centres de secundària de la nostra ciutat que s&#8217;hi han adherit, oferim un curs més el projecte pedagògic Cantem!</p>
</div>
</div>

<p>Apropem el cant coral i la cultura als joves (AUDITORI EDUARD TOLDRÀ)<br />
Amb l&#8217;objectiu d&#8217;apropar i fomentar la música i la cultura al jovent de secundària, a més a més d&#8217;aportar-los valors com el treball en equip, la confiança&#8230; i amb la complicitat de l&#8217;ECMM i&hellip;  <a href="https://agora.xtec.cat/iesmallafre/projecte-educatiu/ambit-artistic-creatiu/cantem-2/" title="Read Cantem">Llegeix més»</a></p>
