{"id":22104,"date":"2023-01-24T11:32:54","date_gmt":"2023-01-24T10:32:54","guid":{"rendered":"https:\/\/agora.xtec.cat\/iesmallafre\/?page_id=22104"},"modified":"2026-02-11T12:32:13","modified_gmt":"2026-02-11T11:32:13","slug":"portes-obertes","status":"publish","type":"page","link":"https:\/\/agora.xtec.cat\/iesmallafre\/portes-obertes\/","title":{"rendered":"Portes Obertes"},"content":{"rendered":"<div class=\"gmail_default\">\n<p><span style=\"font-family: trebuchet ms, sans-serif;\"><b>EDUCACI\u00d3 SECUND\u00c0RIA OBLIGAT\u00d2RIA\u00a0<\/b><\/span><\/p>\n<p><b><span style=\"font-family: trebuchet ms, sans-serif;\"><span class=\"il\">Portes<\/span> <span class=\"il\">obertes<\/span> ESO:\u00a0<\/span><\/b><\/p>\n<p>El proper dijous 5 de mar\u00e7, de 17 h a 19 h, tindr\u00e0 lloc la jornada de portes obertes d\u2019ESO.<\/p>\n<p>Cal fer la reserva a trav\u00e9s d\u2019aquest <a href=\"https:\/\/docs.google.com\/forms\/d\/1iF4aTTuQGrkLDZu2KtF57GOyBtR6X9KRrgThBtJj9zI\/edit\" target=\"_blank\" rel=\"noopener\">formulari<\/a>, indicant el torn al que es vol assistir.<\/p>\n<\/div>\n<div class=\"gmail_default\">\n<p><b>Preinscripci\u00f3: <\/b>del 6 al 18 de mar\u00e7 de 2026<\/p>\n<p><span style=\"font-family: trebuchet ms, sans-serif;\"><b>BATXILLERAT<\/b><\/span><\/p>\n<p><b><span class=\"il\">Portes<\/span> <span class=\"il\">obertes<\/span> batxillerat<\/b>:<\/p>\n<p>El proper dijous 9 d\u2019abril, de 17 h a 18:15h, tindr\u00e0 lloc la jornada de portes obertes de Batxillerat pl\u00e0stic i esc\u00e8nic. De 18:30h a 19:45h tindr\u00e0 lloc la jornada de portes obertes de Batxillerat cient\u00edfic-tecnol\u00f2gic i human\u00edstic social.<\/p>\n<p>Properament publicarem el formulari per fer la reserva, per indicar el torn al que es vol assistir.<\/p>\n<p><b>Preinscripci\u00f3: <\/b>del 9 al 16 d&#8217;abril de 2026<\/p>\n<p><b>ZONA E<\/b><\/p>\n<p>Pendent de publicaci\u00f3<\/p>\n<p>&nbsp;<\/p>\n<\/div>\n","protected":false},"excerpt":{"rendered":"<p>EDUCACI\u00d3 SECUND\u00c0RIA OBLIGAT\u00d2RIA\u00a0<br \/>\nPortes obertes ESO:\u00a0<br \/>\nEl proper dijous 5 de mar\u00e7, de 17 h a 19 h, tindr\u00e0 lloc la jornada de portes obertes d\u2019ESO.<br \/>\nCal fer la reserva a trav\u00e9s d\u2019aquest <a href=\"https:\/\/docs.google.com\/forms\/d\/1iF4aTTuQGrkLDZu2KtF57GOyBtR6X9KRrgThBtJj9zI\/edit\" target=\"_blank\" rel=\"noopener\">formulari<\/a>, indicant el torn al que es vol assistir.<\/p>\n<p>Preinscripci\u00f3: del 6 al&hellip;  <a href=\"https:\/\/agora.xtec.cat\/iesmallafre\/portes-obertes\/\" title=\"Read Portes Obertes\">Llegeix m\u00e9s\u00bb<\/a><\/p>\n","protected":false},"author":16,"featured_media":0,"parent":0,"menu_order":0,"comment_status":"closed","ping_status":"closed","template":"page-templates\/side-menu.php","meta":{"_bbp_topic_count":0,"_bbp_reply_count":0,"_bbp_total_topic_count":0,"_bbp_total_reply_count":0,"_bbp_voice_count":0,"_bbp_anonymous_reply_count":0,"_bbp_topic_count_hidden":0,"_bbp_reply_count_hidden":0,"_bbp_forum_subforum_count":0,"footnotes":""},"class_list":["post-22104","page","type-page","status-publish","hentry"],"post_mailing_queue_ids":[],"_links":{"self":[{"href":"https:\/\/agora.xtec.cat\/iesmallafre\/wp-json\/wp\/v2\/pages\/22104","targetHints":{"allow":["GET"]}}],"collection":[{"href":"https:\/\/agora.xtec.cat\/iesmallafre\/wp-json\/wp\/v2\/pages"}],"about":[{"href":"https:\/\/agora.xtec.cat\/iesmallafre\/wp-json\/wp\/v2\/types\/page"}],"author":[{"embeddable":true,"href":"https:\/\/agora.xtec.cat\/iesmallafre\/wp-json\/wp\/v2\/users\/16"}],"replies":[{"embeddable":true,"href":"https:\/\/agora.xtec.cat\/iesmallafre\/wp-json\/wp\/v2\/comments?post=22104"}],"version-history":[{"count":6,"href":"https:\/\/agora.xtec.cat\/iesmallafre\/wp-json\/wp\/v2\/pages\/22104\/revisions"}],"predecessor-version":[{"id":25905,"href":"https:\/\/agora.xtec.cat\/iesmallafre\/wp-json\/wp\/v2\/pages\/22104\/revisions\/25905"}],"wp:attachment":[{"href":"https:\/\/agora.xtec.cat\/iesmallafre\/wp-json\/wp\/v2\/media?parent=22104"}],"curies":[{"name":"wp","href":"https:\/\/api.w.org\/{rel}","templated":true}]}}

<div class="gmail_default">
<p><span style="font-family: trebuchet ms, sans-serif;"><b>EDUCACIÓ SECUNDÀRIA OBLIGATÒRIA </b></span></p>
<p><b><span style="font-family: trebuchet ms, sans-serif;"><span class="il">Portes</span> <span class="il">obertes</span> ESO: </span></b></p>
<p>El proper dijous 5 de març, de 17 h a 19 h, tindrà lloc la jornada de portes obertes d’ESO.</p>
<p>Cal fer la reserva a través d’aquest <a href="https://docs.google.com/forms/d/1iF4aTTuQGrkLDZu2KtF57GOyBtR6X9KRrgThBtJj9zI/edit" target="_blank" rel="noopener">formulari</a>, indicant el torn al que es vol assistir.</p>
</div>
<div class="gmail_default">
<p><b>Preinscripció: </b>del 6 al 18 de març de 2026</p>
<p><span style="font-family: trebuchet ms, sans-serif;"><b>BATXILLERAT</b></span></p>
<p><b><span class="il">Portes</span> <span class="il">obertes</span> batxillerat</b>:</p>
<p>El proper dijous 9 d’abril, de 17 h a 18:15h, tindrà lloc la jornada de portes obertes de Batxillerat plàstic i escènic. De 18:30h a 19:45h tindrà lloc la jornada de portes obertes de Batxillerat científic-tecnològic i humanístic social.</p>
<p>Properament publicarem el formulari per fer la reserva, per indicar el torn al que es vol assistir.</p>
<p><b>Preinscripció: </b>del 9 al 16 d&#8217;abril de 2026</p>
<p><b>ZONA E</b></p>
<p>Pendent de publicació</p>
<p>&nbsp;</p>
</div>

<p>EDUCACIÓ SECUNDÀRIA OBLIGATÒRIA <br />
Portes obertes ESO: <br />
El proper dijous 5 de març, de 17 h a 19 h, tindrà lloc la jornada de portes obertes d’ESO.<br />
Cal fer la reserva a través d’aquest <a href="https://docs.google.com/forms/d/1iF4aTTuQGrkLDZu2KtF57GOyBtR6X9KRrgThBtJj9zI/edit" target="_blank" rel="noopener">formulari</a>, indicant el torn al que es vol assistir.</p>
<p>Preinscripció: del 6 al&hellip;  <a href="https://agora.xtec.cat/iesmallafre/portes-obertes/" title="Read Portes Obertes">Llegeix més»</a></p>
