{"id":21988,"date":"2022-11-23T08:55:42","date_gmt":"2022-11-23T07:55:42","guid":{"rendered":"https:\/\/agora.xtec.cat\/iesmallafre\/?page_id=21988"},"modified":"2024-10-15T13:00:48","modified_gmt":"2024-10-15T11:00:48","slug":"impuls-de-llengues-estrangeres","status":"publish","type":"page","link":"https:\/\/agora.xtec.cat\/iesmallafre\/projecte-educatiu\/ambit-de-llengues-estrangeres\/impuls-de-llengues-estrangeres\/","title":{"rendered":"Impuls de Lleng\u00fces estrangeres"},"content":{"rendered":"<div>ANGL\u00c8S:<\/div>\n<div>\n<ul>\n<li dir=\"ltr\">\n<p dir=\"ltr\" role=\"presentation\">Desdoblaments (1 hora a la setmana) a tots els nivells d\u2019ESO i Batxillerat.<\/p>\n<\/li>\n<li dir=\"ltr\">\n<p dir=\"ltr\" role=\"presentation\">Col\u00f2nies en angl\u00e8s a 1r d\u2019ESO<b><br \/>\n<\/b><\/p>\n<\/li>\n<li dir=\"ltr\">\n<p dir=\"ltr\" role=\"presentation\">Estada en fam\u00edlies de 6 dies a Gort, Irlanda a 3r d\u2019ESO.<b><br \/>\n<\/b><\/p>\n<\/li>\n<li dir=\"ltr\">\n<p dir=\"ltr\" role=\"presentation\">Projectes interdisciplinaris.<\/p>\n<\/li>\n<li dir=\"ltr\">\n<p dir=\"ltr\" role=\"presentation\">Preparaci\u00f3 per les proves del Certificat Intermedi d&#8217;angl\u00e8s, nivell B1, en col\u00b7laboraci\u00f3 amb l&#8217;EOI Garraf.<b> <\/b><\/p>\n<\/li>\n<\/ul>\n<\/div>\n<div><\/div>\n<p>Tamb\u00e9 som el centre examinador del <i>DELF Scolaire <\/i>al Garraf i Pened\u00e8s, pels nivells A2, B1 i B2, en col\u00b7laboraci\u00f3 amb l\u2019<i>Institut Fran\u00e7ais<\/i> de Barcelona.<\/p>\n<div>FRANC\u00c8S:<\/div>\n<div>\n<ul>\n<li>Franc\u00e8s com a segona llengua estrangera (mat\u00e8ria optativa) a tots els nivells de l&#8217;ESO en grups redu\u00efts. (continu\u00eftat a Batxillerat)<\/li>\n<li>Intercanvi amb Coll\u00e8ge de la C\u00f4te Vermeille, a Port-Vendres (intercanvi epistolar, videotrucada, trobades presencials) a la ESO.<\/li>\n<li>Intercanvi d&#8217;una setmana amb un institut d&#8217;Aix-en-Provence (1r Batxillerat)<\/li>\n<li>Preparaci\u00f3 pels ex\u00e0mens oficials DELF nivells A2, B1 i B2.<\/li>\n<\/ul>\n<\/div>\n","protected":false},"excerpt":{"rendered":"<p>ANGL\u00c8S:<\/p>\n<ul>\n<li dir=\"ltr\">\nDesdoblaments (1 hora a la setmana) a tots els nivells d\u2019ESO i Batxillerat.\n<\/li>\n<li dir=\"ltr\">\nCol\u00f2nies en angl\u00e8s a 1r d\u2019ESO<\/p>\n<\/li>\n<li dir=\"ltr\">\nEstada en fam\u00edlies de 6 dies a Gort, Irlanda a 3r d\u2019ESO.<\/p>\n<\/li>\n<li dir=\"ltr\">\nProjectes interdisciplinaris.\n<\/li>\n<li dir=\"ltr\">\nPreparaci\u00f3 per les proves del Certificat Intermedi d&#8217;angl\u00e8s, nivell B1, en&hellip;  <a href=\"https:\/\/agora.xtec.cat\/iesmallafre\/projecte-educatiu\/ambit-de-llengues-estrangeres\/impuls-de-llengues-estrangeres\/\" title=\"Read Impuls de Lleng\u00fces estrangeres\">Llegeix m\u00e9s\u00bb<\/a><\/p>\n","protected":false},"author":16,"featured_media":0,"parent":24305,"menu_order":0,"comment_status":"closed","ping_status":"closed","template":"page-templates\/side-menu.php","meta":{"_bbp_topic_count":0,"_bbp_reply_count":0,"_bbp_total_topic_count":0,"_bbp_total_reply_count":0,"_bbp_voice_count":0,"_bbp_anonymous_reply_count":0,"_bbp_topic_count_hidden":0,"_bbp_reply_count_hidden":0,"_bbp_forum_subforum_count":0,"footnotes":""},"class_list":["post-21988","page","type-page","status-publish","hentry"],"post_mailing_queue_ids":[],"_links":{"self":[{"href":"https:\/\/agora.xtec.cat\/iesmallafre\/wp-json\/wp\/v2\/pages\/21988","targetHints":{"allow":["GET"]}}],"collection":[{"href":"https:\/\/agora.xtec.cat\/iesmallafre\/wp-json\/wp\/v2\/pages"}],"about":[{"href":"https:\/\/agora.xtec.cat\/iesmallafre\/wp-json\/wp\/v2\/types\/page"}],"author":[{"embeddable":true,"href":"https:\/\/agora.xtec.cat\/iesmallafre\/wp-json\/wp\/v2\/users\/16"}],"replies":[{"embeddable":true,"href":"https:\/\/agora.xtec.cat\/iesmallafre\/wp-json\/wp\/v2\/comments?post=21988"}],"version-history":[{"count":3,"href":"https:\/\/agora.xtec.cat\/iesmallafre\/wp-json\/wp\/v2\/pages\/21988\/revisions"}],"predecessor-version":[{"id":23942,"href":"https:\/\/agora.xtec.cat\/iesmallafre\/wp-json\/wp\/v2\/pages\/21988\/revisions\/23942"}],"up":[{"embeddable":true,"href":"https:\/\/agora.xtec.cat\/iesmallafre\/wp-json\/wp\/v2\/pages\/24305"}],"wp:attachment":[{"href":"https:\/\/agora.xtec.cat\/iesmallafre\/wp-json\/wp\/v2\/media?parent=21988"}],"curies":[{"name":"wp","href":"https:\/\/api.w.org\/{rel}","templated":true}]}}

Impuls de Llengües estrangeres

<div>ANGLÈS:</div>
<div>
<ul>
<li dir="ltr">
<p dir="ltr" role="presentation">Desdoblaments (1 hora a la setmana) a tots els nivells d’ESO i Batxillerat.</p>
</li>
<li dir="ltr">
<p dir="ltr" role="presentation">Colònies en anglès a 1r d’ESO<b><br />
</b></p>
</li>
<li dir="ltr">
<p dir="ltr" role="presentation">Estada en famílies de 6 dies a Gort, Irlanda a 3r d’ESO.<b><br />
</b></p>
</li>
<li dir="ltr">
<p dir="ltr" role="presentation">Projectes interdisciplinaris.</p>
</li>
<li dir="ltr">
<p dir="ltr" role="presentation">Preparació per les proves del Certificat Intermedi d&#8217;anglès, nivell B1, en col·laboració amb l&#8217;EOI Garraf.<b> </b></p>
</li>
</ul>
</div>
<div></div>
<p>També som el centre examinador del <i>DELF Scolaire </i>al Garraf i Penedès, pels nivells A2, B1 i B2, en col·laboració amb l’<i>Institut Français</i> de Barcelona.</p>
<div>FRANCÈS:</div>
<div>
<ul>
<li>Francès com a segona llengua estrangera (matèria optativa) a tots els nivells de l&#8217;ESO en grups reduïts. (continuïtat a Batxillerat)</li>
<li>Intercanvi amb Collège de la Côte Vermeille, a Port-Vendres (intercanvi epistolar, videotrucada, trobades presencials) a la ESO.</li>
<li>Intercanvi d&#8217;una setmana amb un institut d&#8217;Aix-en-Provence (1r Batxillerat)</li>
<li>Preparació pels exàmens oficials DELF nivells A2, B1 i B2.</li>
</ul>
</div>

<p>ANGLÈS:</p>
<ul>
<li dir="ltr">
Desdoblaments (1 hora a la setmana) a tots els nivells d’ESO i Batxillerat.
</li>
<li dir="ltr">
Colònies en anglès a 1r d’ESO</p>
</li>
<li dir="ltr">
Estada en famílies de 6 dies a Gort, Irlanda a 3r d’ESO.</p>
</li>
<li dir="ltr">
Projectes interdisciplinaris.
</li>
<li dir="ltr">
Preparació per les proves del Certificat Intermedi d&#8217;anglès, nivell B1, en&hellip;  <a href="https://agora.xtec.cat/iesmallafre/projecte-educatiu/ambit-de-llengues-estrangeres/impuls-de-llengues-estrangeres/" title="Read Impuls de Llengües estrangeres">Llegeix més»</a></p>
