{"id":21984,"date":"2022-11-23T08:54:13","date_gmt":"2022-11-23T07:54:13","guid":{"rendered":"https:\/\/agora.xtec.cat\/iesmallafre\/?page_id=21984"},"modified":"2024-10-15T13:01:19","modified_gmt":"2024-10-15T11:01:19","slug":"certificacio-b1-i-b2","status":"publish","type":"page","link":"https:\/\/agora.xtec.cat\/iesmallafre\/projecte-educatiu\/ambit-de-llengues-estrangeres\/certificacio-b1-i-b2\/","title":{"rendered":"Certificaci\u00f3 de nivell en Lleng\u00fces Estrangeres"},"content":{"rendered":"<p>Certificaci\u00f3 dels nivells B1 d\u2019angl\u00e8s i\u00a0 A2, B1 i B2 de franc\u00e8s .<\/p>\n<p>Durant el curs 22\/23, som centre formador per a les proves de nivell intermedi B1 d\u2019angl\u00e8s,\u00a0 en col\u00b7laboraci\u00f3 amb l\u2019EOI Garraf. Aquestes classes es fan en horari no lectiu.<\/p>\n<div><span style=\"font-family: arial, sans-serif;\">\u00a0<\/span><\/div>\n<p>Departament de Lleng\u00fces Estrangeres<\/p>\n","protected":false},"excerpt":{"rendered":"<p>Certificaci\u00f3 dels nivells B1 d\u2019angl\u00e8s i\u00a0 A2, B1 i B2 de franc\u00e8s .<br \/>\nDurant el curs 22\/23, som centre formador per a les proves de nivell intermedi B1 d\u2019angl\u00e8s,\u00a0 en col\u00b7laboraci\u00f3 amb l\u2019EOI Garraf. Aquestes classes es fan en horari no lectiu.<br \/>\n\u00a0<br \/>\nDepartament de Lleng\u00fces Estrangeres<\/p>\n","protected":false},"author":16,"featured_media":0,"parent":24305,"menu_order":0,"comment_status":"closed","ping_status":"closed","template":"","meta":{"_bbp_topic_count":0,"_bbp_reply_count":0,"_bbp_total_topic_count":0,"_bbp_total_reply_count":0,"_bbp_voice_count":0,"_bbp_anonymous_reply_count":0,"_bbp_topic_count_hidden":0,"_bbp_reply_count_hidden":0,"_bbp_forum_subforum_count":0,"footnotes":""},"class_list":["post-21984","page","type-page","status-publish","hentry"],"post_mailing_queue_ids":[],"_links":{"self":[{"href":"https:\/\/agora.xtec.cat\/iesmallafre\/wp-json\/wp\/v2\/pages\/21984","targetHints":{"allow":["GET"]}}],"collection":[{"href":"https:\/\/agora.xtec.cat\/iesmallafre\/wp-json\/wp\/v2\/pages"}],"about":[{"href":"https:\/\/agora.xtec.cat\/iesmallafre\/wp-json\/wp\/v2\/types\/page"}],"author":[{"embeddable":true,"href":"https:\/\/agora.xtec.cat\/iesmallafre\/wp-json\/wp\/v2\/users\/16"}],"replies":[{"embeddable":true,"href":"https:\/\/agora.xtec.cat\/iesmallafre\/wp-json\/wp\/v2\/comments?post=21984"}],"version-history":[{"count":3,"href":"https:\/\/agora.xtec.cat\/iesmallafre\/wp-json\/wp\/v2\/pages\/21984\/revisions"}],"predecessor-version":[{"id":22344,"href":"https:\/\/agora.xtec.cat\/iesmallafre\/wp-json\/wp\/v2\/pages\/21984\/revisions\/22344"}],"up":[{"embeddable":true,"href":"https:\/\/agora.xtec.cat\/iesmallafre\/wp-json\/wp\/v2\/pages\/24305"}],"wp:attachment":[{"href":"https:\/\/agora.xtec.cat\/iesmallafre\/wp-json\/wp\/v2\/media?parent=21984"}],"curies":[{"name":"wp","href":"https:\/\/api.w.org\/{rel}","templated":true}]}}

Certificació de nivell en Llengües Estrangeres

<p>Certificació dels nivells B1 d’anglès i  A2, B1 i B2 de francès .</p>
<p>Durant el curs 22/23, som centre formador per a les proves de nivell intermedi B1 d’anglès,  en col·laboració amb l’EOI Garraf. Aquestes classes es fan en horari no lectiu.</p>
<div><span style="font-family: arial, sans-serif;"> </span></div>
<p>Departament de Llengües Estrangeres</p>

<p>Certificació dels nivells B1 d’anglès i  A2, B1 i B2 de francès .<br />
Durant el curs 22/23, som centre formador per a les proves de nivell intermedi B1 d’anglès,  en col·laboració amb l’EOI Garraf. Aquestes classes es fan en horari no lectiu.<br />
 <br />
Departament de Llengües Estrangeres</p>
