{"id":21958,"date":"2022-11-16T11:09:46","date_gmt":"2022-11-16T10:09:46","guid":{"rendered":"https:\/\/agora.xtec.cat\/iesmallafre\/?page_id=21958"},"modified":"2023-02-24T11:11:59","modified_gmt":"2023-02-24T10:11:59","slug":"biblioteca-escolar","status":"publish","type":"page","link":"https:\/\/agora.xtec.cat\/iesmallafre\/projecte-educatiu\/projectes-de-centre\/biblioteca-escolar\/","title":{"rendered":"Biblioteca Escolar"},"content":{"rendered":"<p>El programa biblioteca escolar t\u00e9 per objectiu potenciar<em>\u00a0<\/em>la<em>\u00a0<\/em>biblioteca escolar<em>\u00a0<\/em>de tots els centres educatius\u00a0com un espai de recursos on tant els alumnes com els professors, i tota la comunitat educativa en general puguin trobar informaci\u00f3 en diversos suports. S&#8217;ent\u00e9n la biblioteca com un\u00a0recurs fonamental per a l\u2019adquisici\u00f3 de les compet\u00e8ncies b\u00e0siques i el desplegament dels continguts curriculars, i com un element clau en l\u2019assoliment de l\u2019h\u00e0bit lector, la compet\u00e8ncia informacional i l\u2019adquisici\u00f3 d\u2019aprenentatges aut\u00f2noms.<\/p>\n","protected":false},"excerpt":{"rendered":"<p>El programa biblioteca escolar t\u00e9 per objectiu potenciar\u00a0la\u00a0biblioteca escolar\u00a0de tots els centres educatius\u00a0com un espai de recursos on tant els alumnes com els professors, i tota la comunitat educativa en general puguin trobar informaci\u00f3 en diversos suports. S&#8217;ent\u00e9n la biblioteca com un\u00a0recurs fonamental per a&hellip;  <a href=\"https:\/\/agora.xtec.cat\/iesmallafre\/projecte-educatiu\/projectes-de-centre\/biblioteca-escolar\/\" title=\"Read Biblioteca Escolar\">Llegeix m\u00e9s\u00bb<\/a><\/p>\n","protected":false},"author":16,"featured_media":0,"parent":939,"menu_order":0,"comment_status":"closed","ping_status":"closed","template":"","meta":{"_bbp_topic_count":0,"_bbp_reply_count":0,"_bbp_total_topic_count":0,"_bbp_total_reply_count":0,"_bbp_voice_count":0,"_bbp_anonymous_reply_count":0,"_bbp_topic_count_hidden":0,"_bbp_reply_count_hidden":0,"_bbp_forum_subforum_count":0,"footnotes":""},"class_list":["post-21958","page","type-page","status-publish","hentry"],"post_mailing_queue_ids":[],"_links":{"self":[{"href":"https:\/\/agora.xtec.cat\/iesmallafre\/wp-json\/wp\/v2\/pages\/21958","targetHints":{"allow":["GET"]}}],"collection":[{"href":"https:\/\/agora.xtec.cat\/iesmallafre\/wp-json\/wp\/v2\/pages"}],"about":[{"href":"https:\/\/agora.xtec.cat\/iesmallafre\/wp-json\/wp\/v2\/types\/page"}],"author":[{"embeddable":true,"href":"https:\/\/agora.xtec.cat\/iesmallafre\/wp-json\/wp\/v2\/users\/16"}],"replies":[{"embeddable":true,"href":"https:\/\/agora.xtec.cat\/iesmallafre\/wp-json\/wp\/v2\/comments?post=21958"}],"version-history":[{"count":2,"href":"https:\/\/agora.xtec.cat\/iesmallafre\/wp-json\/wp\/v2\/pages\/21958\/revisions"}],"predecessor-version":[{"id":22252,"href":"https:\/\/agora.xtec.cat\/iesmallafre\/wp-json\/wp\/v2\/pages\/21958\/revisions\/22252"}],"up":[{"embeddable":true,"href":"https:\/\/agora.xtec.cat\/iesmallafre\/wp-json\/wp\/v2\/pages\/939"}],"wp:attachment":[{"href":"https:\/\/agora.xtec.cat\/iesmallafre\/wp-json\/wp\/v2\/media?parent=21958"}],"curies":[{"name":"wp","href":"https:\/\/api.w.org\/{rel}","templated":true}]}}

<p>El programa biblioteca escolar té per objectiu potenciar<em> </em>la<em> </em>biblioteca escolar<em> </em>de tots els centres educatius com un espai de recursos on tant els alumnes com els professors, i tota la comunitat educativa en general puguin trobar informació en diversos suports. S&#8217;entén la biblioteca com un recurs fonamental per a l’adquisició de les competències bàsiques i el desplegament dels continguts curriculars, i com un element clau en l’assoliment de l’hàbit lector, la competència informacional i l’adquisició d’aprenentatges autònoms.</p>

<p>El programa biblioteca escolar té per objectiu potenciar la biblioteca escolar de tots els centres educatius com un espai de recursos on tant els alumnes com els professors, i tota la comunitat educativa en general puguin trobar informació en diversos suports. S&#8217;entén la biblioteca com un recurs fonamental per a&hellip;  <a href="https://agora.xtec.cat/iesmallafre/projecte-educatiu/projectes-de-centre/biblioteca-escolar/" title="Read Biblioteca Escolar">Llegeix més»</a></p>
