{"id":21955,"date":"2022-11-16T11:09:12","date_gmt":"2022-11-16T10:09:12","guid":{"rendered":"https:\/\/agora.xtec.cat\/iesmallafre\/?page_id=21955"},"modified":"2024-10-22T12:58:11","modified_gmt":"2024-10-22T10:58:11","slug":"buchenwald","status":"publish","type":"page","link":"https:\/\/agora.xtec.cat\/iesmallafre\/projecte-educatiu\/ambit-social-i-humanistic\/buchenwald\/","title":{"rendered":"Buchenwald"},"content":{"rendered":"<p>El projecte Buchenwald recull aquestes premisses: MEM\u00d2RIA, DEPORTACI\u00d3 I PREVENCI\u00d3 DEL FEIXISME, sota el lema d\u2019un dels camps m\u00e9s emblem\u00e0tics, el camp de Buchenwald i els seus subcamps que donen nom al projecte al nostre territori el PROJECTE BUCHENWALD<\/p>\n<h3>Objectius:<\/h3>\n<p>a.-Conservar la mem\u00f2ria hist\u00f2rica de la deportaci\u00f3 republicana<br \/>\nb.- Prevenir i sensibilitzar contra el feixisme, impulsant projectes des del m\u00f3n local, els projectes amb rostre, a partir de les vides de les persones concretes de cada vila o ciutat i de les seves experi\u00e8ncies en el relat hist\u00f2ric de l\u2019exili i la deportaci\u00f3.<\/p>\n<p>El projecte s\u2019estructura amb la implicaci\u00f3 dels centres i instituts, del seu professorat i del seu alumnat, a partir del treball curricular especialment a 4t d\u2019ESO i 1r de batxillerat. El centre amb els i les alumnes, desenvolupa les propostes pedag\u00f2giques i s\u2019implica i coordina amb les activitat ciutadanes.<\/p>\n<p><a href=\"https:\/\/agora.xtec.cat\/iesmallafre\/wp-content\/uploads\/usu105\/2024\/10\/Downloads.png\"><img loading=\"lazy\" decoding=\"async\" class=\" wp-image-24381 alignright\" src=\"https:\/\/agora.xtec.cat\/iesmallafre\/wp-content\/uploads\/usu105\/2024\/10\/Downloads.png\" alt=\"\" width=\"694\" height=\"234\" srcset=\"https:\/\/agora.xtec.cat\/iesmallafre\/wp-content\/uploads\/usu105\/2024\/10\/Downloads.png 712w, https:\/\/agora.xtec.cat\/iesmallafre\/wp-content\/uploads\/usu105\/2024\/10\/Downloads-300x101.png 300w\" sizes=\"auto, (max-width: 694px) 100vw, 694px\" \/><\/a><\/p>\n","protected":false},"excerpt":{"rendered":"<p>El projecte Buchenwald recull aquestes premisses: MEM\u00d2RIA, DEPORTACI\u00d3 I PREVENCI\u00d3 DEL FEIXISME, sota el lema d\u2019un dels camps m\u00e9s emblem\u00e0tics, el camp de Buchenwald i els seus subcamps que donen nom al projecte al nostre territori el PROJECTE BUCHENWALD<br \/>\nObjectius:<br \/>\na.-Conservar la mem\u00f2ria hist\u00f2rica de la deportaci\u00f3&hellip;  <a href=\"https:\/\/agora.xtec.cat\/iesmallafre\/projecte-educatiu\/ambit-social-i-humanistic\/buchenwald\/\" title=\"Read Buchenwald\">Llegeix m\u00e9s\u00bb<\/a><\/p>\n","protected":false},"author":16,"featured_media":0,"parent":24317,"menu_order":0,"comment_status":"closed","ping_status":"closed","template":"page-templates\/side-menu.php","meta":{"_bbp_topic_count":0,"_bbp_reply_count":0,"_bbp_total_topic_count":0,"_bbp_total_reply_count":0,"_bbp_voice_count":0,"_bbp_anonymous_reply_count":0,"_bbp_topic_count_hidden":0,"_bbp_reply_count_hidden":0,"_bbp_forum_subforum_count":0,"footnotes":""},"class_list":["post-21955","page","type-page","status-publish","hentry"],"post_mailing_queue_ids":[],"_links":{"self":[{"href":"https:\/\/agora.xtec.cat\/iesmallafre\/wp-json\/wp\/v2\/pages\/21955","targetHints":{"allow":["GET"]}}],"collection":[{"href":"https:\/\/agora.xtec.cat\/iesmallafre\/wp-json\/wp\/v2\/pages"}],"about":[{"href":"https:\/\/agora.xtec.cat\/iesmallafre\/wp-json\/wp\/v2\/types\/page"}],"author":[{"embeddable":true,"href":"https:\/\/agora.xtec.cat\/iesmallafre\/wp-json\/wp\/v2\/users\/16"}],"replies":[{"embeddable":true,"href":"https:\/\/agora.xtec.cat\/iesmallafre\/wp-json\/wp\/v2\/comments?post=21955"}],"version-history":[{"count":5,"href":"https:\/\/agora.xtec.cat\/iesmallafre\/wp-json\/wp\/v2\/pages\/21955\/revisions"}],"predecessor-version":[{"id":24380,"href":"https:\/\/agora.xtec.cat\/iesmallafre\/wp-json\/wp\/v2\/pages\/21955\/revisions\/24380"}],"up":[{"embeddable":true,"href":"https:\/\/agora.xtec.cat\/iesmallafre\/wp-json\/wp\/v2\/pages\/24317"}],"wp:attachment":[{"href":"https:\/\/agora.xtec.cat\/iesmallafre\/wp-json\/wp\/v2\/media?parent=21955"}],"curies":[{"name":"wp","href":"https:\/\/api.w.org\/{rel}","templated":true}]}}

<p>El projecte Buchenwald recull aquestes premisses: MEMÒRIA, DEPORTACIÓ I PREVENCIÓ DEL FEIXISME, sota el lema d’un dels camps més emblemàtics, el camp de Buchenwald i els seus subcamps que donen nom al projecte al nostre territori el PROJECTE BUCHENWALD</p>
<h3>Objectius:</h3>
<p>a.-Conservar la memòria històrica de la deportació republicana<br />
b.- Prevenir i sensibilitzar contra el feixisme, impulsant projectes des del món local, els projectes amb rostre, a partir de les vides de les persones concretes de cada vila o ciutat i de les seves experiències en el relat històric de l’exili i la deportació.</p>
<p>El projecte s’estructura amb la implicació dels centres i instituts, del seu professorat i del seu alumnat, a partir del treball curricular especialment a 4t d’ESO i 1r de batxillerat. El centre amb els i les alumnes, desenvolupa les propostes pedagògiques i s’implica i coordina amb les activitat ciutadanes.</p>
<p><a href="https://agora.xtec.cat/iesmallafre/wp-content/uploads/usu105/2024/10/Downloads.png"><img loading="lazy" decoding="async" class=" wp-image-24381 alignright" src="https://agora.xtec.cat/iesmallafre/wp-content/uploads/usu105/2024/10/Downloads.png" alt="" width="694" height="234" srcset="https://agora.xtec.cat/iesmallafre/wp-content/uploads/usu105/2024/10/Downloads.png 712w, https://agora.xtec.cat/iesmallafre/wp-content/uploads/usu105/2024/10/Downloads-300x101.png 300w" sizes="auto, (max-width: 694px) 100vw, 694px" /></a></p>

<p>El projecte Buchenwald recull aquestes premisses: MEMÒRIA, DEPORTACIÓ I PREVENCIÓ DEL FEIXISME, sota el lema d’un dels camps més emblemàtics, el camp de Buchenwald i els seus subcamps que donen nom al projecte al nostre territori el PROJECTE BUCHENWALD<br />
Objectius:<br />
a.-Conservar la memòria històrica de la deportació&hellip;  <a href="https://agora.xtec.cat/iesmallafre/projecte-educatiu/ambit-social-i-humanistic/buchenwald/" title="Read Buchenwald">Llegeix més»</a></p>
