{"id":21953,"date":"2022-11-16T11:08:34","date_gmt":"2022-11-16T10:08:34","guid":{"rendered":"https:\/\/agora.xtec.cat\/iesmallafre\/?page_id=21953"},"modified":"2023-02-24T11:10:31","modified_gmt":"2023-02-24T10:10:31","slug":"antena","status":"publish","type":"page","link":"https:\/\/agora.xtec.cat\/iesmallafre\/projecte-educatiu\/projectes-de-centre\/antena\/","title":{"rendered":"Antena"},"content":{"rendered":"<div>\n<p>El\u00a0Projecte Antena\u00a0\u00e9s una iniciativa de la Regidoria d&#8217;Inf\u00e0ncia i Joventut de la Regidoria d&#8217;Inf\u00e0ncia i Joventut de l&#8217;Ajuntament de Vilanova i la Geltr\u00fa, gestionat des de l&#8217;Oficina Jove del Garraf. \u00c9s un projecte dirigit a joves de secund\u00e0ria i batxillerat, amb la intenci\u00f3 d&#8217;oferir-los eines sobre participaci\u00f3 dins el centre educatiu i tamb\u00e9 fora, com a part de la ciutadania activa al municipi.<\/p>\n<\/div>\n<div><\/div>\n","protected":false},"excerpt":{"rendered":"<p>El\u00a0Projecte Antena\u00a0\u00e9s una iniciativa de la Regidoria d&#8217;Inf\u00e0ncia i Joventut de la Regidoria d&#8217;Inf\u00e0ncia i Joventut de l&#8217;Ajuntament de Vilanova i la Geltr\u00fa, gestionat des de l&#8217;Oficina Jove del Garraf. \u00c9s un projecte dirigit a joves de secund\u00e0ria i batxillerat, amb la intenci\u00f3 d&#8217;oferir-los eines&hellip;  <a href=\"https:\/\/agora.xtec.cat\/iesmallafre\/projecte-educatiu\/projectes-de-centre\/antena\/\" title=\"Read Antena\">Llegeix m\u00e9s\u00bb<\/a><\/p>\n","protected":false},"author":16,"featured_media":0,"parent":939,"menu_order":0,"comment_status":"closed","ping_status":"closed","template":"","meta":{"_bbp_topic_count":0,"_bbp_reply_count":0,"_bbp_total_topic_count":0,"_bbp_total_reply_count":0,"_bbp_voice_count":0,"_bbp_anonymous_reply_count":0,"_bbp_topic_count_hidden":0,"_bbp_reply_count_hidden":0,"_bbp_forum_subforum_count":0,"footnotes":""},"class_list":["post-21953","page","type-page","status-publish","hentry"],"post_mailing_queue_ids":[],"_links":{"self":[{"href":"https:\/\/agora.xtec.cat\/iesmallafre\/wp-json\/wp\/v2\/pages\/21953","targetHints":{"allow":["GET"]}}],"collection":[{"href":"https:\/\/agora.xtec.cat\/iesmallafre\/wp-json\/wp\/v2\/pages"}],"about":[{"href":"https:\/\/agora.xtec.cat\/iesmallafre\/wp-json\/wp\/v2\/types\/page"}],"author":[{"embeddable":true,"href":"https:\/\/agora.xtec.cat\/iesmallafre\/wp-json\/wp\/v2\/users\/16"}],"replies":[{"embeddable":true,"href":"https:\/\/agora.xtec.cat\/iesmallafre\/wp-json\/wp\/v2\/comments?post=21953"}],"version-history":[{"count":3,"href":"https:\/\/agora.xtec.cat\/iesmallafre\/wp-json\/wp\/v2\/pages\/21953\/revisions"}],"predecessor-version":[{"id":22250,"href":"https:\/\/agora.xtec.cat\/iesmallafre\/wp-json\/wp\/v2\/pages\/21953\/revisions\/22250"}],"up":[{"embeddable":true,"href":"https:\/\/agora.xtec.cat\/iesmallafre\/wp-json\/wp\/v2\/pages\/939"}],"wp:attachment":[{"href":"https:\/\/agora.xtec.cat\/iesmallafre\/wp-json\/wp\/v2\/media?parent=21953"}],"curies":[{"name":"wp","href":"https:\/\/api.w.org\/{rel}","templated":true}]}}

<div>
<p>El Projecte Antena és una iniciativa de la Regidoria d&#8217;Infància i Joventut de la Regidoria d&#8217;Infància i Joventut de l&#8217;Ajuntament de Vilanova i la Geltrú, gestionat des de l&#8217;Oficina Jove del Garraf. És un projecte dirigit a joves de secundària i batxillerat, amb la intenció d&#8217;oferir-los eines sobre participació dins el centre educatiu i també fora, com a part de la ciutadania activa al municipi.</p>
</div>
<div></div>

<p>El Projecte Antena és una iniciativa de la Regidoria d&#8217;Infància i Joventut de la Regidoria d&#8217;Infància i Joventut de l&#8217;Ajuntament de Vilanova i la Geltrú, gestionat des de l&#8217;Oficina Jove del Garraf. És un projecte dirigit a joves de secundària i batxillerat, amb la intenció d&#8217;oferir-los eines&hellip;  <a href="https://agora.xtec.cat/iesmallafre/projecte-educatiu/projectes-de-centre/antena/" title="Read Antena">Llegeix més»</a></p>
