{"id":21951,"date":"2022-11-16T11:08:04","date_gmt":"2022-11-16T10:08:04","guid":{"rendered":"https:\/\/agora.xtec.cat\/iesmallafre\/?page_id=21951"},"modified":"2026-04-09T12:52:58","modified_gmt":"2026-04-09T10:52:58","slug":"pla-catala-de-lesport-associacio-esportiva","status":"publish","type":"page","link":"https:\/\/agora.xtec.cat\/iesmallafre\/pla-catala-de-lesport-associacio-esportiva\/","title":{"rendered":"Activitats Extraescolars"},"content":{"rendered":"<p><strong>A les tardes vine a fer esport al Mallafr\u00e8!<br \/>\n<\/strong><\/p>\n<p>A l&#8217;INS Dolors Mallafr\u00e8 creiem en la import\u00e0ncia de complementar l&#8217;educaci\u00f3 acad\u00e8mica amb activitats que fomentin el creixement personal, el treball en equip i el descobriment de noves passions. Les nostres activitats extraescolars estan dissenyades per oferir una experi\u00e8ncia enriquidora per a tot l&#8217;alumnat.<\/p>\n<p><strong>Descripci\u00f3 de l\u2019oferta:<\/strong><\/p>\n<p><strong><a href=\"https:\/\/agora.xtec.cat\/iesmallafre\/pla-catala-de-lesport-associacio-esportiva\/activitats-fisiques-i-esportives-organitzades-per-laee\/\" target=\"_blank\" rel=\"noopener\">Activitats f\u00edsiques i esportives organitzades per l\u2019AEE<\/a> <\/strong><\/p>\n<p><strong><a href=\"https:\/\/agora.xtec.cat\/iesmallafre\/pla-catala-de-lesport-associacio-esportiva\/activitats-recreatives-i-de-lleure-organitzades-per-lafa\/\" target=\"_blank\" rel=\"noopener\">Activitats recreatives i de lleure organitzades per l\u2019AFA<\/a><br \/>\n<\/strong><\/p>\n<p>&nbsp;<\/p>\n<p><a href=\"https:\/\/agora.xtec.cat\/iesmallafre\/wp-content\/uploads\/usu105\/2026\/04\/Activitats-Extraescolars-e1775731424752.png\"><img loading=\"lazy\" decoding=\"async\" class=\"wp-image-26165 aligncenter\" src=\"https:\/\/agora.xtec.cat\/iesmallafre\/wp-content\/uploads\/usu105\/2026\/04\/Activitats-Extraescolars-e1775731424752.png\" alt=\"\" width=\"405\" height=\"201\" srcset=\"https:\/\/agora.xtec.cat\/iesmallafre\/wp-content\/uploads\/usu105\/2026\/04\/Activitats-Extraescolars-e1775731424752.png 912w, https:\/\/agora.xtec.cat\/iesmallafre\/wp-content\/uploads\/usu105\/2026\/04\/Activitats-Extraescolars-e1775731424752-300x149.png 300w, https:\/\/agora.xtec.cat\/iesmallafre\/wp-content\/uploads\/usu105\/2026\/04\/Activitats-Extraescolars-e1775731424752-768x381.png 768w\" sizes=\"auto, (max-width: 405px) 100vw, 405px\" \/><\/a><\/p>\n","protected":false},"excerpt":{"rendered":"<p>A les tardes vine a fer esport al Mallafr\u00e8!<\/p>\n<p>A l&#8217;INS Dolors Mallafr\u00e8 creiem en la import\u00e0ncia de complementar l&#8217;educaci\u00f3 acad\u00e8mica amb activitats que fomentin el creixement personal, el treball en equip i el descobriment de noves passions. Les nostres activitats extraescolars estan dissenyades per oferir&hellip;  <a href=\"https:\/\/agora.xtec.cat\/iesmallafre\/pla-catala-de-lesport-associacio-esportiva\/\" title=\"Read Activitats Extraescolars\">Llegeix m\u00e9s\u00bb<\/a><\/p>\n","protected":false},"author":16,"featured_media":0,"parent":0,"menu_order":0,"comment_status":"closed","ping_status":"closed","template":"page-templates\/side-menu.php","meta":{"_bbp_topic_count":0,"_bbp_reply_count":0,"_bbp_total_topic_count":0,"_bbp_total_reply_count":0,"_bbp_voice_count":0,"_bbp_anonymous_reply_count":0,"_bbp_topic_count_hidden":0,"_bbp_reply_count_hidden":0,"_bbp_forum_subforum_count":0,"footnotes":""},"class_list":["post-21951","page","type-page","status-publish","hentry"],"post_mailing_queue_ids":[],"_links":{"self":[{"href":"https:\/\/agora.xtec.cat\/iesmallafre\/wp-json\/wp\/v2\/pages\/21951","targetHints":{"allow":["GET"]}}],"collection":[{"href":"https:\/\/agora.xtec.cat\/iesmallafre\/wp-json\/wp\/v2\/pages"}],"about":[{"href":"https:\/\/agora.xtec.cat\/iesmallafre\/wp-json\/wp\/v2\/types\/page"}],"author":[{"embeddable":true,"href":"https:\/\/agora.xtec.cat\/iesmallafre\/wp-json\/wp\/v2\/users\/16"}],"replies":[{"embeddable":true,"href":"https:\/\/agora.xtec.cat\/iesmallafre\/wp-json\/wp\/v2\/comments?post=21951"}],"version-history":[{"count":7,"href":"https:\/\/agora.xtec.cat\/iesmallafre\/wp-json\/wp\/v2\/pages\/21951\/revisions"}],"predecessor-version":[{"id":26168,"href":"https:\/\/agora.xtec.cat\/iesmallafre\/wp-json\/wp\/v2\/pages\/21951\/revisions\/26168"}],"wp:attachment":[{"href":"https:\/\/agora.xtec.cat\/iesmallafre\/wp-json\/wp\/v2\/media?parent=21951"}],"curies":[{"name":"wp","href":"https:\/\/api.w.org\/{rel}","templated":true}]}}

<p><strong>A les tardes vine a fer esport al Mallafrè!<br />
</strong></p>
<p>A l&#8217;INS Dolors Mallafrè creiem en la importància de complementar l&#8217;educació acadèmica amb activitats que fomentin el creixement personal, el treball en equip i el descobriment de noves passions. Les nostres activitats extraescolars estan dissenyades per oferir una experiència enriquidora per a tot l&#8217;alumnat.</p>
<p><strong>Descripció de l’oferta:</strong></p>
<p><strong><a href="https://agora.xtec.cat/iesmallafre/pla-catala-de-lesport-associacio-esportiva/activitats-fisiques-i-esportives-organitzades-per-laee/" target="_blank" rel="noopener">Activitats físiques i esportives organitzades per l’AEE</a> </strong></p>
<p><strong><a href="https://agora.xtec.cat/iesmallafre/pla-catala-de-lesport-associacio-esportiva/activitats-recreatives-i-de-lleure-organitzades-per-lafa/" target="_blank" rel="noopener">Activitats recreatives i de lleure organitzades per l’AFA</a><br />
</strong></p>
<p>&nbsp;</p>
<p><a href="https://agora.xtec.cat/iesmallafre/wp-content/uploads/usu105/2026/04/Activitats-Extraescolars-e1775731424752.png"><img loading="lazy" decoding="async" class="wp-image-26165 aligncenter" src="https://agora.xtec.cat/iesmallafre/wp-content/uploads/usu105/2026/04/Activitats-Extraescolars-e1775731424752.png" alt="" width="405" height="201" srcset="https://agora.xtec.cat/iesmallafre/wp-content/uploads/usu105/2026/04/Activitats-Extraescolars-e1775731424752.png 912w, https://agora.xtec.cat/iesmallafre/wp-content/uploads/usu105/2026/04/Activitats-Extraescolars-e1775731424752-300x149.png 300w, https://agora.xtec.cat/iesmallafre/wp-content/uploads/usu105/2026/04/Activitats-Extraescolars-e1775731424752-768x381.png 768w" sizes="auto, (max-width: 405px) 100vw, 405px" /></a></p>

<p>A les tardes vine a fer esport al Mallafrè!</p>
<p>A l&#8217;INS Dolors Mallafrè creiem en la importància de complementar l&#8217;educació acadèmica amb activitats que fomentin el creixement personal, el treball en equip i el descobriment de noves passions. Les nostres activitats extraescolars estan dissenyades per oferir&hellip;  <a href="https://agora.xtec.cat/iesmallafre/pla-catala-de-lesport-associacio-esportiva/" title="Read Activitats Extraescolars">Llegeix més»</a></p>
