{"id":21949,"date":"2022-11-16T11:07:22","date_gmt":"2022-11-16T10:07:22","guid":{"rendered":"https:\/\/agora.xtec.cat\/iesmallafre\/?page_id=21949"},"modified":"2025-03-27T12:09:33","modified_gmt":"2025-03-27T11:09:33","slug":"agenda-21","status":"publish","type":"page","link":"https:\/\/agora.xtec.cat\/iesmallafre\/agenda-21\/","title":{"rendered":"Agenda 21"},"content":{"rendered":"<div class=\"et_pb_column et_pb_column_3_5 et_pb_column_1 et_pb_css_mix_blend_mode_passthrough\">\n<div class=\"et_pb_module et_pb_text et_pb_text_1 et_pb_text_align_left et_pb_bg_layout_light\">\n<div class=\"et_pb_text_inner\">\n<p>L&#8217;institut Dolors Mallafr\u00e8 participa en el projecte Agenda 21 escolar que promou l\u2019ajuntament de Vilanova i la Geltr\u00fa.<\/p>\n<\/div>\n<\/div>\n<\/div>\n<p><b>L&#8217;Agenda 21 Escolar<\/b>\u00a0\u00e9s un programa pensat per facilitar la implicaci\u00f3 dels centres educatius en l&#8217;ambici\u00f3s projecte planetari d&#8217;imaginar i construir un m\u00f3n millor i m\u00e9s sostenible, comen\u00e7ant per la intervenci\u00f3 en l&#8217;entorn m\u00e9s immediat.<\/p>\n<p>Vol:<\/p>\n<ul>\n<li><b>Promoure<\/b> les bones pr\u00e0ctiques ambientals als centres, aix\u00ed com d&#8217;activitats i iniciatives relacionades amb el tema.<\/li>\n<li><b> Proporcionar<\/b> la informaci\u00f3 adequada sobre els diferents conceptes relacionats amb el medi ambient (aigua, residus, energia &#8230; etc.) mitjan\u00e7ant\u00a0de tallers did\u00e0ctics amb continguts clars i senzills.<\/li>\n<li><b>Conscienciar <\/b>petits i joves dels efectes de l&#8217;activitat humana sobre el medi i de la import\u00e0ncia d&#8217;establir pr\u00e0ctiques sostenibles amb l&#8217;entorn.<\/li>\n<li><b>Fomentar <\/b>la participaci\u00f3 d\u2019 infants i joves en la preservaci\u00f3 del medi ambient, no nom\u00e9s a l&#8217;escola, sin\u00f3 a casa, servint com a vector transmissor del missatge a la resta de la fam\u00edlies<\/li>\n<\/ul>\n","protected":false},"excerpt":{"rendered":"<p>L&#8217;institut Dolors Mallafr\u00e8 participa en el projecte Agenda 21 escolar que promou l\u2019ajuntament de Vilanova i la Geltr\u00fa.<\/p>\n<p>L&#8217;Agenda 21 Escolar\u00a0\u00e9s un programa pensat per facilitar la implicaci\u00f3 dels centres educatius en l&#8217;ambici\u00f3s projecte planetari d&#8217;imaginar i construir un m\u00f3n millor i m\u00e9s sostenible, comen\u00e7ant per&hellip;  <a href=\"https:\/\/agora.xtec.cat\/iesmallafre\/agenda-21\/\" title=\"Read Agenda 21\">Llegeix m\u00e9s\u00bb<\/a><\/p>\n","protected":false},"author":16,"featured_media":0,"parent":0,"menu_order":0,"comment_status":"closed","ping_status":"closed","template":"","meta":{"_bbp_topic_count":0,"_bbp_reply_count":0,"_bbp_total_topic_count":0,"_bbp_total_reply_count":0,"_bbp_voice_count":0,"_bbp_anonymous_reply_count":0,"_bbp_topic_count_hidden":0,"_bbp_reply_count_hidden":0,"_bbp_forum_subforum_count":0,"footnotes":""},"class_list":["post-21949","page","type-page","status-publish","hentry"],"post_mailing_queue_ids":[],"_links":{"self":[{"href":"https:\/\/agora.xtec.cat\/iesmallafre\/wp-json\/wp\/v2\/pages\/21949","targetHints":{"allow":["GET"]}}],"collection":[{"href":"https:\/\/agora.xtec.cat\/iesmallafre\/wp-json\/wp\/v2\/pages"}],"about":[{"href":"https:\/\/agora.xtec.cat\/iesmallafre\/wp-json\/wp\/v2\/types\/page"}],"author":[{"embeddable":true,"href":"https:\/\/agora.xtec.cat\/iesmallafre\/wp-json\/wp\/v2\/users\/16"}],"replies":[{"embeddable":true,"href":"https:\/\/agora.xtec.cat\/iesmallafre\/wp-json\/wp\/v2\/comments?post=21949"}],"version-history":[{"count":3,"href":"https:\/\/agora.xtec.cat\/iesmallafre\/wp-json\/wp\/v2\/pages\/21949\/revisions"}],"predecessor-version":[{"id":24662,"href":"https:\/\/agora.xtec.cat\/iesmallafre\/wp-json\/wp\/v2\/pages\/21949\/revisions\/24662"}],"wp:attachment":[{"href":"https:\/\/agora.xtec.cat\/iesmallafre\/wp-json\/wp\/v2\/media?parent=21949"}],"curies":[{"name":"wp","href":"https:\/\/api.w.org\/{rel}","templated":true}]}}

<div class="et_pb_column et_pb_column_3_5 et_pb_column_1 et_pb_css_mix_blend_mode_passthrough">
<div class="et_pb_module et_pb_text et_pb_text_1 et_pb_text_align_left et_pb_bg_layout_light">
<div class="et_pb_text_inner">
<p>L&#8217;institut Dolors Mallafrè participa en el projecte Agenda 21 escolar que promou l’ajuntament de Vilanova i la Geltrú.</p>
</div>
</div>
</div>
<p><b>L&#8217;Agenda 21 Escolar</b> és un programa pensat per facilitar la implicació dels centres educatius en l&#8217;ambiciós projecte planetari d&#8217;imaginar i construir un món millor i més sostenible, començant per la intervenció en l&#8217;entorn més immediat.</p>
<p>Vol:</p>
<ul>
<li><b>Promoure</b> les bones pràctiques ambientals als centres, així com d&#8217;activitats i iniciatives relacionades amb el tema.</li>
<li><b> Proporcionar</b> la informació adequada sobre els diferents conceptes relacionats amb el medi ambient (aigua, residus, energia &#8230; etc.) mitjançant de tallers didàctics amb continguts clars i senzills.</li>
<li><b>Conscienciar </b>petits i joves dels efectes de l&#8217;activitat humana sobre el medi i de la importància d&#8217;establir pràctiques sostenibles amb l&#8217;entorn.</li>
<li><b>Fomentar </b>la participació d’ infants i joves en la preservació del medi ambient, no només a l&#8217;escola, sinó a casa, servint com a vector transmissor del missatge a la resta de la famílies</li>
</ul>

<p>L&#8217;institut Dolors Mallafrè participa en el projecte Agenda 21 escolar que promou l’ajuntament de Vilanova i la Geltrú.</p>
<p>L&#8217;Agenda 21 Escolar és un programa pensat per facilitar la implicació dels centres educatius en l&#8217;ambiciós projecte planetari d&#8217;imaginar i construir un món millor i més sostenible, començant per&hellip;  <a href="https://agora.xtec.cat/iesmallafre/agenda-21/" title="Read Agenda 21">Llegeix més»</a></p>
