{"id":21947,"date":"2022-11-16T11:06:59","date_gmt":"2022-11-16T10:06:59","guid":{"rendered":"https:\/\/agora.xtec.cat\/iesmallafre\/?page_id=21947"},"modified":"2024-10-15T13:05:49","modified_gmt":"2024-10-15T11:05:49","slug":"far","status":"publish","type":"page","link":"https:\/\/agora.xtec.cat\/iesmallafre\/projecte-educatiu\/ambit-dorientacio-educativa\/far\/","title":{"rendered":"FAR"},"content":{"rendered":"<div>\n<p>El\u00a0Projecte Far\u00a0va adre\u00e7at a nois i noies de 3r i 4t curs d&#8217;Educaci\u00f3 Secund\u00e0ria Obligat\u00f2ria (ESO) que plantegen dificultats en l&#8217;aprenentatge, mostren actituds de desmotivaci\u00f3, d&#8217;inconst\u00e0ncia en el seguiment del ritme establert i perill d&#8217;absentisme acad\u00e8mic i que precisen d&#8217;actuacions individualitzades i adaptacions curriculars per a la seva integraci\u00f3 escolar, social i laboral.<\/p>\n<p>Davant d&#8217;aix\u00f2, \u00e9s planteja a la nostra ciutat, un projecte que es pugui adaptar a aquestes situacions i que es pugui donar una sortida que resulti formativa i de creixement personal per als joves.<\/p>\n<p>Aquest projecte, combina la formaci\u00f3 a l&#8217;Institut amb\u00a0activitats pr\u00e0ctiques, mitjan\u00e7ant el desenvolupament de diferents oficis dins l&#8217;empresa ordin\u00e0ria. Es contempla que les hores d&#8217;estada a les pr\u00e0ctiques seran de\u00a012 hores setmanals, inicialment amb car\u00e0cter trimestral, amb la voluntat de continuar al llarg del curs escolar.<\/p>\n<\/div>\n<div><\/div>\n","protected":false},"excerpt":{"rendered":"<p>El\u00a0Projecte Far\u00a0va adre\u00e7at a nois i noies de 3r i 4t curs d&#8217;Educaci\u00f3 Secund\u00e0ria Obligat\u00f2ria (ESO) que plantegen dificultats en l&#8217;aprenentatge, mostren actituds de desmotivaci\u00f3, d&#8217;inconst\u00e0ncia en el seguiment del ritme establert i perill d&#8217;absentisme acad\u00e8mic i que precisen d&#8217;actuacions individualitzades i adaptacions curriculars per&hellip;  <a href=\"https:\/\/agora.xtec.cat\/iesmallafre\/projecte-educatiu\/ambit-dorientacio-educativa\/far\/\" title=\"Read FAR\">Llegeix m\u00e9s\u00bb<\/a><\/p>\n","protected":false},"author":16,"featured_media":0,"parent":24319,"menu_order":0,"comment_status":"closed","ping_status":"closed","template":"page-templates\/side-menu.php","meta":{"_bbp_topic_count":0,"_bbp_reply_count":0,"_bbp_total_topic_count":0,"_bbp_total_reply_count":0,"_bbp_voice_count":0,"_bbp_anonymous_reply_count":0,"_bbp_topic_count_hidden":0,"_bbp_reply_count_hidden":0,"_bbp_forum_subforum_count":0,"footnotes":""},"class_list":["post-21947","page","type-page","status-publish","hentry"],"post_mailing_queue_ids":[],"_links":{"self":[{"href":"https:\/\/agora.xtec.cat\/iesmallafre\/wp-json\/wp\/v2\/pages\/21947","targetHints":{"allow":["GET"]}}],"collection":[{"href":"https:\/\/agora.xtec.cat\/iesmallafre\/wp-json\/wp\/v2\/pages"}],"about":[{"href":"https:\/\/agora.xtec.cat\/iesmallafre\/wp-json\/wp\/v2\/types\/page"}],"author":[{"embeddable":true,"href":"https:\/\/agora.xtec.cat\/iesmallafre\/wp-json\/wp\/v2\/users\/16"}],"replies":[{"embeddable":true,"href":"https:\/\/agora.xtec.cat\/iesmallafre\/wp-json\/wp\/v2\/comments?post=21947"}],"version-history":[{"count":3,"href":"https:\/\/agora.xtec.cat\/iesmallafre\/wp-json\/wp\/v2\/pages\/21947\/revisions"}],"predecessor-version":[{"id":24350,"href":"https:\/\/agora.xtec.cat\/iesmallafre\/wp-json\/wp\/v2\/pages\/21947\/revisions\/24350"}],"up":[{"embeddable":true,"href":"https:\/\/agora.xtec.cat\/iesmallafre\/wp-json\/wp\/v2\/pages\/24319"}],"wp:attachment":[{"href":"https:\/\/agora.xtec.cat\/iesmallafre\/wp-json\/wp\/v2\/media?parent=21947"}],"curies":[{"name":"wp","href":"https:\/\/api.w.org\/{rel}","templated":true}]}}

<div>
<p>El Projecte Far va adreçat a nois i noies de 3r i 4t curs d&#8217;Educació Secundària Obligatòria (ESO) que plantegen dificultats en l&#8217;aprenentatge, mostren actituds de desmotivació, d&#8217;inconstància en el seguiment del ritme establert i perill d&#8217;absentisme acadèmic i que precisen d&#8217;actuacions individualitzades i adaptacions curriculars per a la seva integració escolar, social i laboral.</p>
<p>Davant d&#8217;això, és planteja a la nostra ciutat, un projecte que es pugui adaptar a aquestes situacions i que es pugui donar una sortida que resulti formativa i de creixement personal per als joves.</p>
<p>Aquest projecte, combina la formació a l&#8217;Institut amb activitats pràctiques, mitjançant el desenvolupament de diferents oficis dins l&#8217;empresa ordinària. Es contempla que les hores d&#8217;estada a les pràctiques seran de 12 hores setmanals, inicialment amb caràcter trimestral, amb la voluntat de continuar al llarg del curs escolar.</p>
</div>
<div></div>

<p>El Projecte Far va adreçat a nois i noies de 3r i 4t curs d&#8217;Educació Secundària Obligatòria (ESO) que plantegen dificultats en l&#8217;aprenentatge, mostren actituds de desmotivació, d&#8217;inconstància en el seguiment del ritme establert i perill d&#8217;absentisme acadèmic i que precisen d&#8217;actuacions individualitzades i adaptacions curriculars per&hellip;  <a href="https://agora.xtec.cat/iesmallafre/projecte-educatiu/ambit-dorientacio-educativa/far/" title="Read FAR">Llegeix més»</a></p>
