{"id":21945,"date":"2022-11-16T11:06:35","date_gmt":"2022-11-16T10:06:35","guid":{"rendered":"https:\/\/agora.xtec.cat\/iesmallafre\/?page_id=21945"},"modified":"2024-10-15T13:05:17","modified_gmt":"2024-10-15T11:05:17","slug":"led","status":"publish","type":"page","link":"https:\/\/agora.xtec.cat\/iesmallafre\/projecte-educatiu\/ambit-dorientacio-educativa\/led\/","title":{"rendered":"LED"},"content":{"rendered":"<p>S\u00f3n programes de diversificaci\u00f3 curricular per a alumnat amb dificultats per seguir les classes. T\u00e9 com a objectiu aconseguir la inserci\u00f3 laboral o reinserci\u00f3 acad\u00e8mica d\u2019aquest alumnat<\/p>\n","protected":false},"excerpt":{"rendered":"<p>S\u00f3n programes de diversificaci\u00f3 curricular per a alumnat amb dificultats per seguir les classes. T\u00e9 com a objectiu aconseguir la inserci\u00f3 laboral o reinserci\u00f3 acad\u00e8mica d\u2019aquest alumnat<\/p>\n","protected":false},"author":16,"featured_media":0,"parent":24319,"menu_order":0,"comment_status":"closed","ping_status":"closed","template":"page-templates\/side-menu.php","meta":{"_bbp_topic_count":0,"_bbp_reply_count":0,"_bbp_total_topic_count":0,"_bbp_total_reply_count":0,"_bbp_voice_count":0,"_bbp_anonymous_reply_count":0,"_bbp_topic_count_hidden":0,"_bbp_reply_count_hidden":0,"_bbp_forum_subforum_count":0,"footnotes":""},"class_list":["post-21945","page","type-page","status-publish","hentry"],"post_mailing_queue_ids":[],"_links":{"self":[{"href":"https:\/\/agora.xtec.cat\/iesmallafre\/wp-json\/wp\/v2\/pages\/21945","targetHints":{"allow":["GET"]}}],"collection":[{"href":"https:\/\/agora.xtec.cat\/iesmallafre\/wp-json\/wp\/v2\/pages"}],"about":[{"href":"https:\/\/agora.xtec.cat\/iesmallafre\/wp-json\/wp\/v2\/types\/page"}],"author":[{"embeddable":true,"href":"https:\/\/agora.xtec.cat\/iesmallafre\/wp-json\/wp\/v2\/users\/16"}],"replies":[{"embeddable":true,"href":"https:\/\/agora.xtec.cat\/iesmallafre\/wp-json\/wp\/v2\/comments?post=21945"}],"version-history":[{"count":2,"href":"https:\/\/agora.xtec.cat\/iesmallafre\/wp-json\/wp\/v2\/pages\/21945\/revisions"}],"predecessor-version":[{"id":24349,"href":"https:\/\/agora.xtec.cat\/iesmallafre\/wp-json\/wp\/v2\/pages\/21945\/revisions\/24349"}],"up":[{"embeddable":true,"href":"https:\/\/agora.xtec.cat\/iesmallafre\/wp-json\/wp\/v2\/pages\/24319"}],"wp:attachment":[{"href":"https:\/\/agora.xtec.cat\/iesmallafre\/wp-json\/wp\/v2\/media?parent=21945"}],"curies":[{"name":"wp","href":"https:\/\/api.w.org\/{rel}","templated":true}]}}

<p>Són programes de diversificació curricular per a alumnat amb dificultats per seguir les classes. Té com a objectiu aconseguir la inserció laboral o reinserció acadèmica d’aquest alumnat</p>
