{"id":21943,"date":"2022-11-16T11:06:07","date_gmt":"2022-11-16T10:06:07","guid":{"rendered":"https:\/\/agora.xtec.cat\/iesmallafre\/?page_id=21943"},"modified":"2024-10-22T12:18:36","modified_gmt":"2024-10-22T10:18:36","slug":"menjallibres","status":"publish","type":"page","link":"https:\/\/agora.xtec.cat\/iesmallafre\/projecte-educatiu\/ambit-linguistic-comunicatiu\/menjallibres\/","title":{"rendered":"Menjallibres"},"content":{"rendered":"<p>Amb l\u2019objectiu de promoure la lectura i els h\u00e0bits lectors entre els estudiants dels centres de secund\u00e0ria p\u00fablics i concertats de Vilanova i la Geltr\u00fa, el Servei d\u2019Educaci\u00f3 de l\u2019IMET i la Regidoria de Cultura ( a trav\u00e9s de la Xarxa Municipal de Biblioteques &#8211; XBMVNG) porten a terme el projecte Premi Menjallibres. <a href=\"https:\/\/agora.xtec.cat\/iesmallafre\/wp-content\/uploads\/usu105\/2024\/06\/menja_04.jpg\"><img loading=\"lazy\" decoding=\"async\" class=\"size-full wp-image-24021 alignright\" src=\"https:\/\/agora.xtec.cat\/iesmallafre\/wp-content\/uploads\/usu105\/2024\/06\/menja_04.jpg\" alt=\"\" width=\"640\" height=\"309\" srcset=\"https:\/\/agora.xtec.cat\/iesmallafre\/wp-content\/uploads\/usu105\/2024\/06\/menja_04.jpg 640w, https:\/\/agora.xtec.cat\/iesmallafre\/wp-content\/uploads\/usu105\/2024\/06\/menja_04-300x145.jpg 300w\" sizes=\"auto, (max-width: 640px) 100vw, 640px\" \/><\/a><\/p>\n<p>Adre\u00e7at a alumnat de tots els nivells d\u2019ESO. Es pret\u00e9n apropar el m\u00f3n de la lectura d\u2019una manera l\u00fadica i participativa: compartint les lectures proposades, la valoraci\u00f3 de les mateixes i les sessions presencials que s\u2019organitzin al llarg del curs.<\/p>\n<p>M\u00e9s informaci\u00f3 <a href=\"http:\/\/premimenjallibres.vilanova.cat\/\">aqu\u00ed.<\/a><\/p>\n<p>&nbsp;<\/p>\n<p>&nbsp;<\/p>\n","protected":false},"excerpt":{"rendered":"<p>Amb l\u2019objectiu de promoure la lectura i els h\u00e0bits lectors entre els estudiants dels centres de secund\u00e0ria p\u00fablics i concertats de Vilanova i la Geltr\u00fa, el Servei d\u2019Educaci\u00f3 de l\u2019IMET i la Regidoria de Cultura ( a trav\u00e9s de la Xarxa Municipal de Biblioteques &#8211;&hellip;  <a href=\"https:\/\/agora.xtec.cat\/iesmallafre\/projecte-educatiu\/ambit-linguistic-comunicatiu\/menjallibres\/\" title=\"Read Menjallibres\">Llegeix m\u00e9s\u00bb<\/a><\/p>\n","protected":false},"author":16,"featured_media":0,"parent":24313,"menu_order":0,"comment_status":"closed","ping_status":"closed","template":"page-templates\/side-menu.php","meta":{"_bbp_topic_count":0,"_bbp_reply_count":0,"_bbp_total_topic_count":0,"_bbp_total_reply_count":0,"_bbp_voice_count":0,"_bbp_anonymous_reply_count":0,"_bbp_topic_count_hidden":0,"_bbp_reply_count_hidden":0,"_bbp_forum_subforum_count":0,"footnotes":""},"class_list":["post-21943","page","type-page","status-publish","hentry"],"post_mailing_queue_ids":[],"_links":{"self":[{"href":"https:\/\/agora.xtec.cat\/iesmallafre\/wp-json\/wp\/v2\/pages\/21943","targetHints":{"allow":["GET"]}}],"collection":[{"href":"https:\/\/agora.xtec.cat\/iesmallafre\/wp-json\/wp\/v2\/pages"}],"about":[{"href":"https:\/\/agora.xtec.cat\/iesmallafre\/wp-json\/wp\/v2\/types\/page"}],"author":[{"embeddable":true,"href":"https:\/\/agora.xtec.cat\/iesmallafre\/wp-json\/wp\/v2\/users\/16"}],"replies":[{"embeddable":true,"href":"https:\/\/agora.xtec.cat\/iesmallafre\/wp-json\/wp\/v2\/comments?post=21943"}],"version-history":[{"count":4,"href":"https:\/\/agora.xtec.cat\/iesmallafre\/wp-json\/wp\/v2\/pages\/21943\/revisions"}],"predecessor-version":[{"id":24379,"href":"https:\/\/agora.xtec.cat\/iesmallafre\/wp-json\/wp\/v2\/pages\/21943\/revisions\/24379"}],"up":[{"embeddable":true,"href":"https:\/\/agora.xtec.cat\/iesmallafre\/wp-json\/wp\/v2\/pages\/24313"}],"wp:attachment":[{"href":"https:\/\/agora.xtec.cat\/iesmallafre\/wp-json\/wp\/v2\/media?parent=21943"}],"curies":[{"name":"wp","href":"https:\/\/api.w.org\/{rel}","templated":true}]}}

<p>Amb l’objectiu de promoure la lectura i els hàbits lectors entre els estudiants dels centres de secundària públics i concertats de Vilanova i la Geltrú, el Servei d’Educació de l’IMET i la Regidoria de Cultura ( a través de la Xarxa Municipal de Biblioteques &#8211; XBMVNG) porten a terme el projecte Premi Menjallibres. <a href="https://agora.xtec.cat/iesmallafre/wp-content/uploads/usu105/2024/06/menja_04.jpg"><img loading="lazy" decoding="async" class="size-full wp-image-24021 alignright" src="https://agora.xtec.cat/iesmallafre/wp-content/uploads/usu105/2024/06/menja_04.jpg" alt="" width="640" height="309" srcset="https://agora.xtec.cat/iesmallafre/wp-content/uploads/usu105/2024/06/menja_04.jpg 640w, https://agora.xtec.cat/iesmallafre/wp-content/uploads/usu105/2024/06/menja_04-300x145.jpg 300w" sizes="auto, (max-width: 640px) 100vw, 640px" /></a></p>
<p>Adreçat a alumnat de tots els nivells d’ESO. Es pretén apropar el món de la lectura d’una manera lúdica i participativa: compartint les lectures proposades, la valoració de les mateixes i les sessions presencials que s’organitzin al llarg del curs.</p>
<p>Més informació <a href="http://premimenjallibres.vilanova.cat/">aquí.</a></p>
<p>&nbsp;</p>
<p>&nbsp;</p>

<p>Amb l’objectiu de promoure la lectura i els hàbits lectors entre els estudiants dels centres de secundària públics i concertats de Vilanova i la Geltrú, el Servei d’Educació de l’IMET i la Regidoria de Cultura ( a través de la Xarxa Municipal de Biblioteques &#8211;&hellip;  <a href="https://agora.xtec.cat/iesmallafre/projecte-educatiu/ambit-linguistic-comunicatiu/menjallibres/" title="Read Menjallibres">Llegeix més»</a></p>
