{"id":21941,"date":"2022-11-16T11:05:11","date_gmt":"2022-11-16T10:05:11","guid":{"rendered":"https:\/\/agora.xtec.cat\/iesmallafre\/?page_id=21941"},"modified":"2023-02-22T11:18:31","modified_gmt":"2023-02-22T10:18:31","slug":"reacciona","status":"publish","type":"page","link":"https:\/\/agora.xtec.cat\/iesmallafre\/projecte-educatiu\/projectes-de-centre\/reacciona\/","title":{"rendered":"Reacciona"},"content":{"rendered":"<div>\n<div>\n<div>\n<p>El projecte Re@cciona s&#8217;emmarca en les activitats de sensibilitzaci\u00f3 als centres educatius de Vilanova i la Geltr\u00fa, que la Regidoria de Cooperaci\u00f3 de l&#8217;Ajuntament de Vilanova i la Geltr\u00fa impulsa als nostres centres de secund\u00e0ria des de l&#8217;any 2010. El format escollit \u00e9s un Taller de Cinema i el producte final, la creaci\u00f3 d&#8217;un curtmetratge realitzat \u00edntegrament pel jovent participant, entorn al foment i el respecte dels drets humans.<\/p>\n<p>\u00c9s una proposta pedag\u00f2gica adre\u00e7ada al jovent de secund\u00e0ria, amb l&#8217;objectiu d&#8217;apropar-los el m\u00f3n de la cooperaci\u00f3 i la solidaritat, tot incentivant la reflexi\u00f3 cr\u00edtica i compromesa amb els drets humans i els objectius de desenvolupament sostenible.<\/p>\n<\/div>\n<\/div>\n<\/div>\n<div><\/div>\n","protected":false},"excerpt":{"rendered":"<p>El projecte Re@cciona s&#8217;emmarca en les activitats de sensibilitzaci\u00f3 als centres educatius de Vilanova i la Geltr\u00fa, que la Regidoria de Cooperaci\u00f3 de l&#8217;Ajuntament de Vilanova i la Geltr\u00fa impulsa als nostres centres de secund\u00e0ria des de l&#8217;any 2010. El format escollit \u00e9s un Taller&hellip;  <a href=\"https:\/\/agora.xtec.cat\/iesmallafre\/projecte-educatiu\/projectes-de-centre\/reacciona\/\" title=\"Read Reacciona\">Llegeix m\u00e9s\u00bb<\/a><\/p>\n","protected":false},"author":16,"featured_media":0,"parent":939,"menu_order":0,"comment_status":"closed","ping_status":"closed","template":"","meta":{"_bbp_topic_count":0,"_bbp_reply_count":0,"_bbp_total_topic_count":0,"_bbp_total_reply_count":0,"_bbp_voice_count":0,"_bbp_anonymous_reply_count":0,"_bbp_topic_count_hidden":0,"_bbp_reply_count_hidden":0,"_bbp_forum_subforum_count":0,"footnotes":""},"class_list":["post-21941","page","type-page","status-publish","hentry"],"post_mailing_queue_ids":[],"_links":{"self":[{"href":"https:\/\/agora.xtec.cat\/iesmallafre\/wp-json\/wp\/v2\/pages\/21941","targetHints":{"allow":["GET"]}}],"collection":[{"href":"https:\/\/agora.xtec.cat\/iesmallafre\/wp-json\/wp\/v2\/pages"}],"about":[{"href":"https:\/\/agora.xtec.cat\/iesmallafre\/wp-json\/wp\/v2\/types\/page"}],"author":[{"embeddable":true,"href":"https:\/\/agora.xtec.cat\/iesmallafre\/wp-json\/wp\/v2\/users\/16"}],"replies":[{"embeddable":true,"href":"https:\/\/agora.xtec.cat\/iesmallafre\/wp-json\/wp\/v2\/comments?post=21941"}],"version-history":[{"count":3,"href":"https:\/\/agora.xtec.cat\/iesmallafre\/wp-json\/wp\/v2\/pages\/21941\/revisions"}],"predecessor-version":[{"id":22231,"href":"https:\/\/agora.xtec.cat\/iesmallafre\/wp-json\/wp\/v2\/pages\/21941\/revisions\/22231"}],"up":[{"embeddable":true,"href":"https:\/\/agora.xtec.cat\/iesmallafre\/wp-json\/wp\/v2\/pages\/939"}],"wp:attachment":[{"href":"https:\/\/agora.xtec.cat\/iesmallafre\/wp-json\/wp\/v2\/media?parent=21941"}],"curies":[{"name":"wp","href":"https:\/\/api.w.org\/{rel}","templated":true}]}}

<div>
<div>
<div>
<p>El projecte Re@cciona s&#8217;emmarca en les activitats de sensibilització als centres educatius de Vilanova i la Geltrú, que la Regidoria de Cooperació de l&#8217;Ajuntament de Vilanova i la Geltrú impulsa als nostres centres de secundària des de l&#8217;any 2010. El format escollit és un Taller de Cinema i el producte final, la creació d&#8217;un curtmetratge realitzat íntegrament pel jovent participant, entorn al foment i el respecte dels drets humans.</p>
<p>És una proposta pedagògica adreçada al jovent de secundària, amb l&#8217;objectiu d&#8217;apropar-los el món de la cooperació i la solidaritat, tot incentivant la reflexió crítica i compromesa amb els drets humans i els objectius de desenvolupament sostenible.</p>
</div>
</div>
</div>
<div></div>

<p>El projecte Re@cciona s&#8217;emmarca en les activitats de sensibilització als centres educatius de Vilanova i la Geltrú, que la Regidoria de Cooperació de l&#8217;Ajuntament de Vilanova i la Geltrú impulsa als nostres centres de secundària des de l&#8217;any 2010. El format escollit és un Taller&hellip;  <a href="https://agora.xtec.cat/iesmallafre/projecte-educatiu/projectes-de-centre/reacciona/" title="Read Reacciona">Llegeix més»</a></p>
