{"id":18137,"date":"2021-02-23T13:23:46","date_gmt":"2021-02-23T12:23:46","guid":{"rendered":"https:\/\/agora.xtec.cat\/iesmallafre\/?page_id=18137"},"modified":"2023-03-15T10:59:32","modified_gmt":"2023-03-15T09:59:32","slug":"salut-i-escola","status":"publish","type":"page","link":"https:\/\/agora.xtec.cat\/iesmallafre\/linstitut\/salut-i-escola\/","title":{"rendered":"Salut i Escola"},"content":{"rendered":"<p><span style=\"font-weight: 400;\">Amb l\u2019objectiu de millorar la salut dels nostres adolescents, el Departament de Salut de la Generalitat de Catalunya posa al nostre servei el programa \u201cConsulta Oberta\u201d.<\/span><\/p>\n<p><span style=\"font-weight: 400;\">Al nostre institut, la Cristina \u00e9s la infermera referent del centre de salut, la seva consulta est\u00e0 ubicada a una aula del passad\u00eds central de la planta baixa tots els dilluns lectius de 13.00 a 14.30 h. A ella s\u2019hi pot adre\u00e7ar qualsevol alumne\/a que busqui assessorament en temes relacionats amb salut.<\/span><\/p>\n<p><span style=\"font-weight: 400;\">Per a m\u00e9s informaci\u00f3, podeu consultar la p\u00e0gina web del Departament d\u2019Ensenyament del <\/span><a href=\"http:\/\/xtec.gencat.cat\/ca\/comunitat\/salutescola\/programasalutescola\/\"><span style=\"font-weight: 400;\">Programa Salut i Escola<\/span><\/a><span style=\"font-weight: 400;\">.<\/span><\/p>\n<p style=\"text-align: left;\">\n","protected":false},"excerpt":{"rendered":"<p>Amb l\u2019objectiu de millorar la salut dels nostres adolescents, el Departament de Salut de la Generalitat de Catalunya posa al nostre servei el programa \u201cConsulta Oberta\u201d.<br \/>\nAl nostre institut, la Cristina \u00e9s la infermera referent del centre de salut, la seva consulta est\u00e0 ubicada a una&hellip;  <a href=\"https:\/\/agora.xtec.cat\/iesmallafre\/linstitut\/salut-i-escola\/\" title=\"Read Salut i Escola\">Llegeix m\u00e9s\u00bb<\/a><\/p>\n","protected":false},"author":14,"featured_media":0,"parent":19,"menu_order":0,"comment_status":"closed","ping_status":"closed","template":"","meta":{"_bbp_topic_count":0,"_bbp_reply_count":0,"_bbp_total_topic_count":0,"_bbp_total_reply_count":0,"_bbp_voice_count":0,"_bbp_anonymous_reply_count":0,"_bbp_topic_count_hidden":0,"_bbp_reply_count_hidden":0,"_bbp_forum_subforum_count":0,"footnotes":""},"class_list":["post-18137","page","type-page","status-publish","hentry"],"post_mailing_queue_ids":[],"_links":{"self":[{"href":"https:\/\/agora.xtec.cat\/iesmallafre\/wp-json\/wp\/v2\/pages\/18137","targetHints":{"allow":["GET"]}}],"collection":[{"href":"https:\/\/agora.xtec.cat\/iesmallafre\/wp-json\/wp\/v2\/pages"}],"about":[{"href":"https:\/\/agora.xtec.cat\/iesmallafre\/wp-json\/wp\/v2\/types\/page"}],"author":[{"embeddable":true,"href":"https:\/\/agora.xtec.cat\/iesmallafre\/wp-json\/wp\/v2\/users\/14"}],"replies":[{"embeddable":true,"href":"https:\/\/agora.xtec.cat\/iesmallafre\/wp-json\/wp\/v2\/comments?post=18137"}],"version-history":[{"count":3,"href":"https:\/\/agora.xtec.cat\/iesmallafre\/wp-json\/wp\/v2\/pages\/18137\/revisions"}],"predecessor-version":[{"id":22380,"href":"https:\/\/agora.xtec.cat\/iesmallafre\/wp-json\/wp\/v2\/pages\/18137\/revisions\/22380"}],"up":[{"embeddable":true,"href":"https:\/\/agora.xtec.cat\/iesmallafre\/wp-json\/wp\/v2\/pages\/19"}],"wp:attachment":[{"href":"https:\/\/agora.xtec.cat\/iesmallafre\/wp-json\/wp\/v2\/media?parent=18137"}],"curies":[{"name":"wp","href":"https:\/\/api.w.org\/{rel}","templated":true}]}}

<p><span style="font-weight: 400;">Amb l’objectiu de millorar la salut dels nostres adolescents, el Departament de Salut de la Generalitat de Catalunya posa al nostre servei el programa “Consulta Oberta”.</span></p>
<p><span style="font-weight: 400;">Al nostre institut, la Cristina és la infermera referent del centre de salut, la seva consulta està ubicada a una aula del passadís central de la planta baixa tots els dilluns lectius de 13.00 a 14.30 h. A ella s’hi pot adreçar qualsevol alumne/a que busqui assessorament en temes relacionats amb salut.</span></p>
<p><span style="font-weight: 400;">Per a més informació, podeu consultar la pàgina web del Departament d’Ensenyament del </span><a href="http://xtec.gencat.cat/ca/comunitat/salutescola/programasalutescola/"><span style="font-weight: 400;">Programa Salut i Escola</span></a><span style="font-weight: 400;">.</span></p>
<p style="text-align: left;">

<p>Amb l’objectiu de millorar la salut dels nostres adolescents, el Departament de Salut de la Generalitat de Catalunya posa al nostre servei el programa “Consulta Oberta”.<br />
Al nostre institut, la Cristina és la infermera referent del centre de salut, la seva consulta està ubicada a una&hellip;  <a href="https://agora.xtec.cat/iesmallafre/linstitut/salut-i-escola/" title="Read Salut i Escola">Llegeix més»</a></p>
