{"id":16055,"date":"2019-06-10T09:44:11","date_gmt":"2019-06-10T07:44:11","guid":{"rendered":"http:\/\/agora.xtec.cat\/iesmallafre\/?page_id=16055"},"modified":"2024-10-15T13:02:58","modified_gmt":"2024-10-15T11:02:58","slug":"les-memories-del-mallafre","status":"publish","type":"page","link":"https:\/\/agora.xtec.cat\/iesmallafre\/projecte-educatiu\/ambit-social-i-humanistic\/les-memories-del-mallafre\/","title":{"rendered":"Les mem\u00f2ries del Mallafr\u00e8"},"content":{"rendered":"<p dir=\"ltr\"><a href=\"https:\/\/lesmemoriesdelmallafre.home.blog\/\">Acc\u00e8s al blog &#8220;Mem\u00f2ries del Mallafr\u00e8&#8221;<\/a><\/p>\n<p dir=\"ltr\">El blog &#8220;Mem\u00f2ries del Mallafr\u00e8&#8221; \u00e9s un treball que pret\u00e9n recollir la mem\u00f2ria oral \u00a0de l\u2019alumnat del Mallafr\u00e8 i, d\u2019aquesta manera, ajudar a reconstruir la mem\u00f2ria col\u00b7lectiva de l\u2019institut, de la nostra ciutat i de la nostra comarca.<\/p>\n<p dir=\"ltr\">En aquest blog s\u2019hi pot trobar la seg\u00fcent informaci\u00f3 en forma de pestanyes amb continguts:<\/p>\n<ul>\n<li dir=\"ltr\">\n<p dir=\"ltr\">HIST\u00d2RIA ORAL: on podem trobar definit aquest concepte, sovint conf\u00fas. A m\u00e9s de diversos articles relacionats amb la hist\u00f2ria oral.<\/p>\n<\/li>\n<li dir=\"ltr\">\n<p dir=\"ltr\">BASE DE DADES: on hi ha el recull de les mem\u00f2ries dels familiars de l&#8217;alumnat de l\u2019institut Dolors Mallafr\u00e8 i Ros,que van haver d\u2019exiliar-se a conseq\u00fc\u00e8ncia de la guerra civil i\/o b\u00e9 aquelles persones que van patir repres\u00e0lies durant la guerra o el franquisme.<\/p>\n<\/li>\n<li dir=\"ltr\">\n<p dir=\"ltr\">TREBALLS DE RECERCA SOBRE MEM\u00d2RIA HIST\u00d2RICA: on es troben els treballs fets pels alumnes de l\u2019ESO i batxillerat relacionats amb la recuperaci\u00f3 de la mem\u00f2ria hist\u00f2rica. Aquesta pestanya est\u00e0 dividida en dos subapartats:<\/p>\n<ul>\n<li dir=\"ltr\">\n<p dir=\"ltr\">Treballs de recerca de Batxillerat<\/p>\n<\/li>\n<li dir=\"ltr\">\n<p dir=\"ltr\">Projectes de recerca de l\u2019ESO<\/p>\n<\/li>\n<\/ul>\n<\/li>\n<li dir=\"ltr\">\n<p dir=\"ltr\">BUCHENWALD I EXILI: on es troba l\u2019explicaci\u00f3 del projecte Buchenwald i fotografies de diferents anys del viatge a Weimar i al camp de Buchenwald, aix\u00ed com de les sortides a la Maternitat d\u2019Elna, el camp d&#8217;Argel\u00e8s i al MUME (Museu Memorial de l\u2019Exili) a la Junquera.<\/p>\n<\/li>\n<\/ul>\n","protected":false},"excerpt":{"rendered":"<p><a href=\"https:\/\/lesmemoriesdelmallafre.home.blog\/\">Acc\u00e8s al blog &#8220;Mem\u00f2ries del Mallafr\u00e8&#8221;<\/a><br \/>\nEl blog &#8220;Mem\u00f2ries del Mallafr\u00e8&#8221; \u00e9s un treball que pret\u00e9n recollir la mem\u00f2ria oral \u00a0de l\u2019alumnat del Mallafr\u00e8 i, d\u2019aquesta manera, ajudar a reconstruir la mem\u00f2ria col\u00b7lectiva de l\u2019institut, de la nostra ciutat i de la nostra comarca.<br \/>\nEn aquest&hellip;  <a href=\"https:\/\/agora.xtec.cat\/iesmallafre\/projecte-educatiu\/ambit-social-i-humanistic\/les-memories-del-mallafre\/\" title=\"Read Les mem\u00f2ries del Mallafr\u00e8\">Llegeix m\u00e9s\u00bb<\/a><\/p>\n","protected":false},"author":6,"featured_media":0,"parent":24317,"menu_order":0,"comment_status":"closed","ping_status":"closed","template":"page-templates\/side-menu.php","meta":{"_bbp_topic_count":0,"_bbp_reply_count":0,"_bbp_total_topic_count":0,"_bbp_total_reply_count":0,"_bbp_voice_count":0,"_bbp_anonymous_reply_count":0,"_bbp_topic_count_hidden":0,"_bbp_reply_count_hidden":0,"_bbp_forum_subforum_count":0,"footnotes":""},"class_list":["post-16055","page","type-page","status-publish","hentry"],"post_mailing_queue_ids":[],"_links":{"self":[{"href":"https:\/\/agora.xtec.cat\/iesmallafre\/wp-json\/wp\/v2\/pages\/16055","targetHints":{"allow":["GET"]}}],"collection":[{"href":"https:\/\/agora.xtec.cat\/iesmallafre\/wp-json\/wp\/v2\/pages"}],"about":[{"href":"https:\/\/agora.xtec.cat\/iesmallafre\/wp-json\/wp\/v2\/types\/page"}],"author":[{"embeddable":true,"href":"https:\/\/agora.xtec.cat\/iesmallafre\/wp-json\/wp\/v2\/users\/6"}],"replies":[{"embeddable":true,"href":"https:\/\/agora.xtec.cat\/iesmallafre\/wp-json\/wp\/v2\/comments?post=16055"}],"version-history":[{"count":4,"href":"https:\/\/agora.xtec.cat\/iesmallafre\/wp-json\/wp\/v2\/pages\/16055\/revisions"}],"predecessor-version":[{"id":24345,"href":"https:\/\/agora.xtec.cat\/iesmallafre\/wp-json\/wp\/v2\/pages\/16055\/revisions\/24345"}],"up":[{"embeddable":true,"href":"https:\/\/agora.xtec.cat\/iesmallafre\/wp-json\/wp\/v2\/pages\/24317"}],"wp:attachment":[{"href":"https:\/\/agora.xtec.cat\/iesmallafre\/wp-json\/wp\/v2\/media?parent=16055"}],"curies":[{"name":"wp","href":"https:\/\/api.w.org\/{rel}","templated":true}]}}

Les memòries del Mallafrè

<p dir="ltr"><a href="https://lesmemoriesdelmallafre.home.blog/">Accès al blog &#8220;Memòries del Mallafrè&#8221;</a></p>
<p dir="ltr">El blog &#8220;Memòries del Mallafrè&#8221; és un treball que pretén recollir la memòria oral  de l’alumnat del Mallafrè i, d’aquesta manera, ajudar a reconstruir la memòria col·lectiva de l’institut, de la nostra ciutat i de la nostra comarca.</p>
<p dir="ltr">En aquest blog s’hi pot trobar la següent informació en forma de pestanyes amb continguts:</p>
<ul>
<li dir="ltr">
<p dir="ltr">HISTÒRIA ORAL: on podem trobar definit aquest concepte, sovint confús. A més de diversos articles relacionats amb la història oral.</p>
</li>
<li dir="ltr">
<p dir="ltr">BASE DE DADES: on hi ha el recull de les memòries dels familiars de l&#8217;alumnat de l’institut Dolors Mallafrè i Ros,que van haver d’exiliar-se a conseqüència de la guerra civil i/o bé aquelles persones que van patir represàlies durant la guerra o el franquisme.</p>
</li>
<li dir="ltr">
<p dir="ltr">TREBALLS DE RECERCA SOBRE MEMÒRIA HISTÒRICA: on es troben els treballs fets pels alumnes de l’ESO i batxillerat relacionats amb la recuperació de la memòria històrica. Aquesta pestanya està dividida en dos subapartats:</p>
<ul>
<li dir="ltr">
<p dir="ltr">Treballs de recerca de Batxillerat</p>
</li>
<li dir="ltr">
<p dir="ltr">Projectes de recerca de l’ESO</p>
</li>
</ul>
</li>
<li dir="ltr">
<p dir="ltr">BUCHENWALD I EXILI: on es troba l’explicació del projecte Buchenwald i fotografies de diferents anys del viatge a Weimar i al camp de Buchenwald, així com de les sortides a la Maternitat d’Elna, el camp d&#8217;Argelès i al MUME (Museu Memorial de l’Exili) a la Junquera.</p>
</li>
</ul>

<p><a href="https://lesmemoriesdelmallafre.home.blog/">Accès al blog &#8220;Memòries del Mallafrè&#8221;</a><br />
El blog &#8220;Memòries del Mallafrè&#8221; és un treball que pretén recollir la memòria oral  de l’alumnat del Mallafrè i, d’aquesta manera, ajudar a reconstruir la memòria col·lectiva de l’institut, de la nostra ciutat i de la nostra comarca.<br />
En aquest&hellip;  <a href="https://agora.xtec.cat/iesmallafre/projecte-educatiu/ambit-social-i-humanistic/les-memories-del-mallafre/" title="Read Les memòries del Mallafrè">Llegeix més»</a></p>
