{"id":1072,"date":"2017-12-11T07:41:14","date_gmt":"2017-12-11T06:41:14","guid":{"rendered":"http:\/\/agora.xtec.cat\/iesmallafre\/?page_id=1072"},"modified":"2018-10-04T18:45:05","modified_gmt":"2018-10-04T16:45:05","slug":"convalidacions","status":"publish","type":"page","link":"https:\/\/agora.xtec.cat\/iesmallafre\/secretaria\/tramits-i-models\/convalidacions\/","title":{"rendered":"Convalidacions"},"content":{"rendered":"<p><a href=\"https:\/\/agora.xtec.cat\/iesmallafre\/docs\/sollicitud-de-reduccio-de-materies-de-eso-per-als-alumnes-que-cursen-estudis-de-musica\/?bp-attachment=EMU1.pdf\">Sol\u00b7licitud de reducci\u00f3 de mat\u00e8ries de l&#8217;educaci\u00f3 secund\u00e0ria obligat\u00f2ria (ESO) per als alumnes que cursen estudis de m\u00fasica en un conservatori o centre professional o en una escola de m\u00fasica autoritzada<\/a><\/p>\n<p><a href=\"https:\/\/agora.xtec.cat\/iesmallafre\/docs\/sollicitud-de-reduccio-de-materies-de-batxillerat-basant-se-en-estudis-de-musica-en-una-escola-de-musica-autoritzada\/?bp-attachment=BMU3.pdf\">Sol\u00b7licitud de reducci\u00f3 de mat\u00e8ries de batxillerat basant-se en estudis de m\u00fasica en una escola de m\u00fasica autoritzada.<\/a><\/p>\n<p><a href=\"https:\/\/agora.xtec.cat\/iesmallafre\/docs\/sollicitud-de-reduccio-de-materies-de-la-franja-despecifiques-de-batxillerat-basant-se-en-estudis-de-musica-en-un-conservatori-o-en-un-centre-professional\/?bp-attachment=BM1.pdf\">Sol\u00b7licitud de reducci\u00f3 de mat\u00e8ries de la franja d\u2019espec\u00edfiques de batxillerat basant-se en estudis de m\u00fasica en un conservatori o en un centre professional.<\/a><\/p>\n","protected":false},"excerpt":{"rendered":"<p><a href=\"https:\/\/agora.xtec.cat\/iesmallafre\/docs\/sollicitud-de-reduccio-de-materies-de-eso-per-als-alumnes-que-cursen-estudis-de-musica\/?bp-attachment=EMU1.pdf\">Sol\u00b7licitud de reducci\u00f3 de mat\u00e8ries de l&#8217;educaci\u00f3 secund\u00e0ria obligat\u00f2ria (ESO) per als alumnes que cursen estudis de m\u00fasica en un conservatori o centre professional o en una escola de m\u00fasica autoritzada<\/a><br \/>\n<a href=\"https:\/\/agora.xtec.cat\/iesmallafre\/docs\/sollicitud-de-reduccio-de-materies-de-batxillerat-basant-se-en-estudis-de-musica-en-una-escola-de-musica-autoritzada\/?bp-attachment=BMU3.pdf\">Sol\u00b7licitud de reducci\u00f3 de mat\u00e8ries de batxillerat basant-se en estudis de m\u00fasica en&hellip;  <a href=\"https:\/\/agora.xtec.cat\/iesmallafre\/secretaria\/tramits-i-models\/convalidacions\/\" title=\"Read Convalidacions\">Llegeix m\u00e9s\u00bb<\/a><\/p>\n","protected":false},"author":6,"featured_media":0,"parent":1060,"menu_order":0,"comment_status":"closed","ping_status":"closed","template":"page-templates\/side-menu.php","meta":{"_bbp_topic_count":0,"_bbp_reply_count":0,"_bbp_total_topic_count":0,"_bbp_total_reply_count":0,"_bbp_voice_count":0,"_bbp_anonymous_reply_count":0,"_bbp_topic_count_hidden":0,"_bbp_reply_count_hidden":0,"_bbp_forum_subforum_count":0,"footnotes":""},"class_list":["post-1072","page","type-page","status-publish","hentry"],"post_mailing_queue_ids":[],"_links":{"self":[{"href":"https:\/\/agora.xtec.cat\/iesmallafre\/wp-json\/wp\/v2\/pages\/1072","targetHints":{"allow":["GET"]}}],"collection":[{"href":"https:\/\/agora.xtec.cat\/iesmallafre\/wp-json\/wp\/v2\/pages"}],"about":[{"href":"https:\/\/agora.xtec.cat\/iesmallafre\/wp-json\/wp\/v2\/types\/page"}],"author":[{"embeddable":true,"href":"https:\/\/agora.xtec.cat\/iesmallafre\/wp-json\/wp\/v2\/users\/6"}],"replies":[{"embeddable":true,"href":"https:\/\/agora.xtec.cat\/iesmallafre\/wp-json\/wp\/v2\/comments?post=1072"}],"version-history":[{"count":3,"href":"https:\/\/agora.xtec.cat\/iesmallafre\/wp-json\/wp\/v2\/pages\/1072\/revisions"}],"predecessor-version":[{"id":1401,"href":"https:\/\/agora.xtec.cat\/iesmallafre\/wp-json\/wp\/v2\/pages\/1072\/revisions\/1401"}],"up":[{"embeddable":true,"href":"https:\/\/agora.xtec.cat\/iesmallafre\/wp-json\/wp\/v2\/pages\/1060"}],"wp:attachment":[{"href":"https:\/\/agora.xtec.cat\/iesmallafre\/wp-json\/wp\/v2\/media?parent=1072"}],"curies":[{"name":"wp","href":"https:\/\/api.w.org\/{rel}","templated":true}]}}

<p><a href="https://agora.xtec.cat/iesmallafre/docs/sollicitud-de-reduccio-de-materies-de-eso-per-als-alumnes-que-cursen-estudis-de-musica/?bp-attachment=EMU1.pdf">Sol·licitud de reducció de matèries de l&#8217;educació secundària obligatòria (ESO) per als alumnes que cursen estudis de música en un conservatori o centre professional o en una escola de música autoritzada</a></p>
<p><a href="https://agora.xtec.cat/iesmallafre/docs/sollicitud-de-reduccio-de-materies-de-batxillerat-basant-se-en-estudis-de-musica-en-una-escola-de-musica-autoritzada/?bp-attachment=BMU3.pdf">Sol·licitud de reducció de matèries de batxillerat basant-se en estudis de música en una escola de música autoritzada.</a></p>
<p><a href="https://agora.xtec.cat/iesmallafre/docs/sollicitud-de-reduccio-de-materies-de-la-franja-despecifiques-de-batxillerat-basant-se-en-estudis-de-musica-en-un-conservatori-o-en-un-centre-professional/?bp-attachment=BM1.pdf">Sol·licitud de reducció de matèries de la franja d’específiques de batxillerat basant-se en estudis de música en un conservatori o en un centre professional.</a></p>

<p><a href="https://agora.xtec.cat/iesmallafre/docs/sollicitud-de-reduccio-de-materies-de-eso-per-als-alumnes-que-cursen-estudis-de-musica/?bp-attachment=EMU1.pdf">Sol·licitud de reducció de matèries de l&#8217;educació secundària obligatòria (ESO) per als alumnes que cursen estudis de música en un conservatori o centre professional o en una escola de música autoritzada</a><br />
<a href="https://agora.xtec.cat/iesmallafre/docs/sollicitud-de-reduccio-de-materies-de-batxillerat-basant-se-en-estudis-de-musica-en-una-escola-de-musica-autoritzada/?bp-attachment=BMU3.pdf">Sol·licitud de reducció de matèries de batxillerat basant-se en estudis de música en&hellip;  <a href="https://agora.xtec.cat/iesmallafre/secretaria/tramits-i-models/convalidacions/" title="Read Convalidacions">Llegeix més»</a></p>
