{"id":1060,"date":"2017-12-11T07:37:14","date_gmt":"2017-12-11T06:37:14","guid":{"rendered":"http:\/\/agora.xtec.cat\/iesmallafre\/?page_id=1060"},"modified":"2025-05-23T11:46:54","modified_gmt":"2025-05-23T09:46:54","slug":"tramits-i-models","status":"publish","type":"page","link":"https:\/\/agora.xtec.cat\/iesmallafre\/secretaria\/tramits-i-models\/","title":{"rendered":"Tr\u00e0mits i models"},"content":{"rendered":"<p>Aqu\u00ed trobareu documents administratius de preinscripci\u00f3\u00a0 i matr\u00edcula, beques i ajuts, convalidacions, certificats de catal\u00e0, sol\u00b7licituds&#8230;<\/p>\n<p><strong>Tramitaci\u00f3 t\u00edtol batxillerat<\/strong><\/p>\n<p>Us informem que l&#8217;alumnat que heu aprovat el 2n de batxillerat podeu tramitar el vostre t\u00edtol des del tr\u00e0mit espec\u00edfic:<\/p>\n<p><b><a id=\"m_-8821229207374929263m_4812567674955462372m_-1189069682704227973m_-6069821156246699041m_-2190774857030430418m_5533823257696426152m_-4869618524171737525m_3345768031598616031OWAd00daaaa-e602-98eb-6014-289ddf2de575\" href=\"https:\/\/web.gencat.cat\/ca\/tramits\/tramits-temes\/titols-academics-no-universitaris?category=742b7874-a82c-11e3-a972-000c29052e2c\" target=\"_blank\" rel=\"noopener\" data-saferedirecturl=\"https:\/\/www.google.com\/url?q=https:\/\/web.gencat.cat\/ca\/tramits\/tramits-temes\/titols-academics-no-universitaris?category%3D742b7874-a82c-11e3-a972-000c29052e2c&amp;source=gmail&amp;ust=1748069217514000&amp;usg=AOvVaw2X87BA2wFhyvqMLPNcUgIR\">Tramitaci\u00f3 de t\u00edtols acad\u00e8mics i professionals no universitaris<\/a>&#8220;<\/b><\/p>\n<p>Si voleu tamb\u00e9 sol\u00b7licitar el vostre Historial Acad\u00e8mic, podeu enviar-nos un correu electr\u00f2nic a &#8220;<a href=\"mailto:iesmallafre@xtec.cat\" target=\"_blank\" rel=\"noopener\">iesmallafre@xtec.cat<\/a>&#8221; i us l&#8217;enviarem signat electr\u00f2nicament pel mateix correu.<\/p>\n<div class=\"adn ads\" data-message-id=\"#msg-f:1832892752087425138\" data-legacy-message-id=\"196fbe3f378f2072\">\n<div class=\"gs\">\n<div class=\"\">\n<div id=\":nv\" class=\"ii gt\">\n<div id=\":nu\" class=\"a3s aiL \">\n<div class=\"yj6qo\"><\/div>\n<div class=\"adL\"><\/div>\n<\/div>\n<\/div>\n<div class=\"WhmR8e\" data-hash=\"0\"><\/div>\n<\/div>\n<\/div>\n<div class=\"ajx\"><\/div>\n<\/div>\n<p>&nbsp;<\/p>\n","protected":false},"excerpt":{"rendered":"<p>Aqu\u00ed trobareu documents administratius de preinscripci\u00f3\u00a0 i matr\u00edcula, beques i ajuts, convalidacions, certificats de catal\u00e0, sol\u00b7licituds&#8230;<br \/>\nTramitaci\u00f3 t\u00edtol batxillerat<br \/>\nUs informem que l&#8217;alumnat que heu aprovat el 2n de batxillerat podeu tramitar el vostre t\u00edtol des del tr\u00e0mit espec\u00edfic:<br \/>\n<a id=\"m_-8821229207374929263m_4812567674955462372m_-1189069682704227973m_-6069821156246699041m_-2190774857030430418m_5533823257696426152m_-4869618524171737525m_3345768031598616031OWAd00daaaa-e602-98eb-6014-289ddf2de575\" href=\"https:\/\/web.gencat.cat\/ca\/tramits\/tramits-temes\/titols-academics-no-universitaris?category=742b7874-a82c-11e3-a972-000c29052e2c\" target=\"_blank\" rel=\"noopener\" data-saferedirecturl=\"https:\/\/www.google.com\/url?q=https:\/\/web.gencat.cat\/ca\/tramits\/tramits-temes\/titols-academics-no-universitaris?category%3D742b7874-a82c-11e3-a972-000c29052e2c&amp;source=gmail&amp;ust=1748069217514000&amp;usg=AOvVaw2X87BA2wFhyvqMLPNcUgIR\">Tramitaci\u00f3 de t\u00edtols acad\u00e8mics&hellip;  <a href=\"https:\/\/agora.xtec.cat\/iesmallafre\/secretaria\/tramits-i-models\/\" title=\"Read Tr\u00e0mits i models\">Llegeix m\u00e9s\u00bb<\/a><\/p>\n","protected":false},"author":6,"featured_media":0,"parent":81,"menu_order":0,"comment_status":"closed","ping_status":"closed","template":"page-templates\/side-menu.php","meta":{"_bbp_topic_count":0,"_bbp_reply_count":0,"_bbp_total_topic_count":0,"_bbp_total_reply_count":0,"_bbp_voice_count":0,"_bbp_anonymous_reply_count":0,"_bbp_topic_count_hidden":0,"_bbp_reply_count_hidden":0,"_bbp_forum_subforum_count":0,"footnotes":""},"class_list":["post-1060","page","type-page","status-publish","hentry"],"post_mailing_queue_ids":[],"_links":{"self":[{"href":"https:\/\/agora.xtec.cat\/iesmallafre\/wp-json\/wp\/v2\/pages\/1060","targetHints":{"allow":["GET"]}}],"collection":[{"href":"https:\/\/agora.xtec.cat\/iesmallafre\/wp-json\/wp\/v2\/pages"}],"about":[{"href":"https:\/\/agora.xtec.cat\/iesmallafre\/wp-json\/wp\/v2\/types\/page"}],"author":[{"embeddable":true,"href":"https:\/\/agora.xtec.cat\/iesmallafre\/wp-json\/wp\/v2\/users\/6"}],"replies":[{"embeddable":true,"href":"https:\/\/agora.xtec.cat\/iesmallafre\/wp-json\/wp\/v2\/comments?post=1060"}],"version-history":[{"count":3,"href":"https:\/\/agora.xtec.cat\/iesmallafre\/wp-json\/wp\/v2\/pages\/1060\/revisions"}],"predecessor-version":[{"id":25259,"href":"https:\/\/agora.xtec.cat\/iesmallafre\/wp-json\/wp\/v2\/pages\/1060\/revisions\/25259"}],"up":[{"embeddable":true,"href":"https:\/\/agora.xtec.cat\/iesmallafre\/wp-json\/wp\/v2\/pages\/81"}],"wp:attachment":[{"href":"https:\/\/agora.xtec.cat\/iesmallafre\/wp-json\/wp\/v2\/media?parent=1060"}],"curies":[{"name":"wp","href":"https:\/\/api.w.org\/{rel}","templated":true}]}}

Tràmits i models

<p>Aquí trobareu documents administratius de preinscripció  i matrícula, beques i ajuts, convalidacions, certificats de català, sol·licituds&#8230;</p>
<p><strong>Tramitació títol batxillerat</strong></p>
<p>Us informem que l&#8217;alumnat que heu aprovat el 2n de batxillerat podeu tramitar el vostre títol des del tràmit específic:</p>
<p><b><a id="m_-8821229207374929263m_4812567674955462372m_-1189069682704227973m_-6069821156246699041m_-2190774857030430418m_5533823257696426152m_-4869618524171737525m_3345768031598616031OWAd00daaaa-e602-98eb-6014-289ddf2de575" href="https://web.gencat.cat/ca/tramits/tramits-temes/titols-academics-no-universitaris?category=742b7874-a82c-11e3-a972-000c29052e2c" target="_blank" rel="noopener" data-saferedirecturl="https://www.google.com/url?q=https://web.gencat.cat/ca/tramits/tramits-temes/titols-academics-no-universitaris?category%3D742b7874-a82c-11e3-a972-000c29052e2c&amp;source=gmail&amp;ust=1748069217514000&amp;usg=AOvVaw2X87BA2wFhyvqMLPNcUgIR">Tramitació de títols acadèmics i professionals no universitaris</a>&#8220;</b></p>
<p>Si voleu també sol·licitar el vostre Historial Acadèmic, podeu enviar-nos un correu electrònic a &#8220;<a href="mailto:iesmallafre@xtec.cat" target="_blank" rel="noopener">iesmallafre@xtec.cat</a>&#8221; i us l&#8217;enviarem signat electrònicament pel mateix correu.</p>
<div class="adn ads" data-message-id="#msg-f:1832892752087425138" data-legacy-message-id="196fbe3f378f2072">
<div class="gs">
<div class="">
<div id=":nv" class="ii gt">
<div id=":nu" class="a3s aiL ">
<div class="yj6qo"></div>
<div class="adL"></div>
</div>
</div>
<div class="WhmR8e" data-hash="0"></div>
</div>
</div>
<div class="ajx"></div>
</div>
<p>&nbsp;</p>

<p>Aquí trobareu documents administratius de preinscripció  i matrícula, beques i ajuts, convalidacions, certificats de català, sol·licituds&#8230;<br />
Tramitació títol batxillerat<br />
Us informem que l&#8217;alumnat que heu aprovat el 2n de batxillerat podeu tramitar el vostre títol des del tràmit específic:<br />
<a id="m_-8821229207374929263m_4812567674955462372m_-1189069682704227973m_-6069821156246699041m_-2190774857030430418m_5533823257696426152m_-4869618524171737525m_3345768031598616031OWAd00daaaa-e602-98eb-6014-289ddf2de575" href="https://web.gencat.cat/ca/tramits/tramits-temes/titols-academics-no-universitaris?category=742b7874-a82c-11e3-a972-000c29052e2c" target="_blank" rel="noopener" data-saferedirecturl="https://www.google.com/url?q=https://web.gencat.cat/ca/tramits/tramits-temes/titols-academics-no-universitaris?category%3D742b7874-a82c-11e3-a972-000c29052e2c&amp;source=gmail&amp;ust=1748069217514000&amp;usg=AOvVaw2X87BA2wFhyvqMLPNcUgIR">Tramitació de títols acadèmics&hellip;  <a href="https://agora.xtec.cat/iesmallafre/secretaria/tramits-i-models/" title="Read Tràmits i models">Llegeix més»</a></p>
