{"id":7364,"date":"2025-09-25T21:26:08","date_gmt":"2025-09-25T19:26:08","guid":{"rendered":"https:\/\/agora.xtec.cat\/iesmalgrat\/?page_id=7364"},"modified":"2025-09-25T21:26:09","modified_gmt":"2025-09-25T19:26:09","slug":"sollicitud-de-convalidacions-moduls-professionals-cfgm","status":"publish","type":"page","link":"https:\/\/agora.xtec.cat\/iesmalgrat\/secretaria\/sollicitud-de-convalidacions-moduls-professionals-cfgm\/","title":{"rendered":"Sol\u00b7licitud de convalidacions m\u00f2duls professionals CFGM"},"content":{"rendered":"\n<p><strong>Informaci\u00f3 a tenir en compte abans de sol\u00b7licitar una convalidaci\u00f3<\/strong><\/p>\n\n\n\n<figure class=\"wp-block-image size-full is-resized\"><a href=\"https:\/\/agora.xtec.cat\/iesmalgrat\/wp-content\/uploads\/usu615\/2025\/09\/vectores.png\"><img loading=\"lazy\" decoding=\"async\" width=\"337\" height=\"292\" src=\"https:\/\/agora.xtec.cat\/iesmalgrat\/wp-content\/uploads\/usu615\/2025\/09\/vectores.png\" alt=\"\" class=\"wp-image-7395\" style=\"width:238px;height:auto\" srcset=\"https:\/\/agora.xtec.cat\/iesmalgrat\/wp-content\/uploads\/usu615\/2025\/09\/vectores.png 337w, https:\/\/agora.xtec.cat\/iesmalgrat\/wp-content\/uploads\/usu615\/2025\/09\/vectores-300x260.png 300w\" sizes=\"auto, (max-width: 337px) 100vw, 337px\" \/><\/a><\/figure>\n\n\n\n<ul class=\"wp-block-list\">\n<li class=\"justify-text-block\">Sol\u00b7licitar convalidacions no \u00e9s obligatori. \u00c9s el\/la sol\u00b7licitant,\u00a0<strong>no el centre educatiu<\/strong>, qui decideix sol\u00b7licitar-les o no.<\/li>\n\n\n\n<li class=\"justify-text-block\">Cal emplenar una sol\u00b7licitud on l&#8217;alumne\/a manifesta la intenci\u00f3 de convalidar una o diverses mat\u00e8ries.<\/li>\n\n\n\n<li>La sol\u00b7licitud\u00a0<strong>NO IMPLICA QUE ESTIGUIN CONVALIDADES<\/strong>. Fins que el\/la sol\u00b7licitant no rep una resoluci\u00f3 no estan ni convalidades ni denegades: simplement s&#8217;estan tramitant.<\/li>\n\n\n\n<li>Algunes sol\u00b7licituds es resolen a la Direcci\u00f3 General de Formaci\u00f3 Professional i altres les resol el director\/a.<\/li>\n\n\n\n<li>Les que resol la Direcci\u00f3 General triguen mesos a resoldre&#8217;s. Ens envien la resoluci\u00f3 a la Secretaria i, tan aviat com ens arribin, avisem a l&#8217;alumne\/a per correu electr\u00f2nic.<\/li>\n\n\n\n<li>D&#8217;aquelles que resol el director\/a, la resoluci\u00f3 s&#8217;envia al correu electr\u00f2nic que consta a la fitxa de l&#8217;alumne\/a amb c\u00f2pia al\/a la tutor\/a.<\/li>\n\n\n\n<li>L&#8217;alumne\/a que s&#8217;ha matriculat a la mat\u00e8ria que sol\u00b7licita convalidar ha d&#8217;assistir a classe fins que no tingui la resoluci\u00f3.<\/li>\n\n\n\n<li class=\"justify-text-block\">Cal tenir&nbsp;<strong>MOLT CLAR<\/strong>&nbsp;el m\u00f2dul de les quals se sol\u00b7licita la convalidaci\u00f3. Tramitarem, literalment, les que se sol\u00b7licitin. Qualsevol errada en la mat\u00e8ria sol\u00b7licitada \u00e9s atribu\u00efda al\/a la sol\u00b7licitant. Es pot consultar al tutor\/a el nom exacte (oficial) de les mat\u00e8ries sol\u00b7licitades a convalidar.<\/li>\n<\/ul>\n\n\n\n<p><strong>Normativa aplicable<\/strong><\/p>\n\n\n\n<p class=\"justify-text-block\"><strong>MINISTERI D&#8217;EDUCACI\u00d3 I FORMACI\u00d3 PROFESSIONAL<\/strong> Reial decret 1085\/2020, de 9 de desembre, pel qual s&#8217;estableixen convalidacions de m\u00f2duls professionals dels t\u00edtols de formaci\u00f3 professional del sistema educatiu espanyol i les mesures per a la seva aplicaci\u00f3, i es modifica el Reial decret 1147\/2011, de 29 de juliol, pel qual s&#8217;estableix l&#8217;ordenaci\u00f3 general de la formaci\u00f3 professional del sistema educatiu.<\/p>\n\n\n\n<p><strong>Documentaci\u00f3 a presentar<\/strong><\/p>\n\n\n\n<ul class=\"wp-block-list\">\n<li>Cal presentar un CERTIFICAT DE QUALIFICACIONS signat pel\/per la Secretari\/a i Director\/a del centre de proced\u00e8ncia o butlletins de notes finals del cicle realitzat.<\/li>\n\n\n\n<li>Per la mat\u00e8ria d\u2019angl\u00e8s cal presentar certificat B1 o superior.<\/li>\n<\/ul>\n\n\n\n<p><a href=\"https:\/\/agora.xtec.cat\/iesmalgrat\/wp-content\/uploads\/usu615\/2025\/09\/Model-Sollicitud-moduls-alumnat.pdf\" data-type=\"link\" data-id=\"https:\/\/agora.xtec.cat\/iesmalgrat\/wp-content\/uploads\/usu615\/2025\/09\/Model-Sollicitud-moduls-alumnat.pdf\">Sol\u00b7licitud de convalidaci\u00f3 directa de centre de m\u00f2duls professionals de cicles formatius<\/a><\/p>\n\n\n\n<p><\/p>\n","protected":false},"excerpt":{"rendered":"<p>Informaci\u00f3 a tenir en compte abans de sol\u00b7licitar una convalidaci\u00f3<\/p>\n<p><a href=\"https:\/\/agora.xtec.cat\/iesmalgrat\/wp-content\/uploads\/usu615\/2025\/09\/vectores.png\"><\/a><\/p>\n<ul class=\"wp-block-list\">\n<li class=\"justify-text-block\">Sol\u00b7licitar convalidacions no \u00e9s obligatori. \u00c9s el\/la sol\u00b7licitant,\u00a0no el centre educatiu, qui decideix sol\u00b7licitar-les o no.<\/li>\n<li class=\"justify-text-block\">Cal emplenar una sol\u00b7licitud on l&#8217;alumne\/a manifesta la intenci\u00f3 de convalidar una o diverses mat\u00e8ries.<\/li>\n<li>La sol\u00b7licitud\u00a0NO IMPLICA&hellip;  <a href=\"https:\/\/agora.xtec.cat\/iesmalgrat\/secretaria\/sollicitud-de-convalidacions-moduls-professionals-cfgm\/\" title=\"Read Sol\u00b7licitud de convalidacions m\u00f2duls professionals CFGM\">Llegeix m\u00e9s\u00bb<\/a><br \/>\n","protected":false},"author":1,"featured_media":0,"parent":6099,"menu_order":0,"comment_status":"closed","ping_status":"close","template":"","meta":{"_bbp_topic_count":0,"_bbp_reply_count":0,"_bbp_total_topic_count":0,"_bbp_total_reply_count":0,"_bbp_voice_count":0,"_bbp_anonymous_reply_count":0,"_bbp_topic_count_hidden":0,"_bbp_reply_count_hidden":0,"_bbp_forum_subforum_count":0,"footnotes":""},"class_list":["post-7364","page","type-page","status-publish","hentry"],"post_mailing_queue_ids":[],"_links":{"self":[{"href":"https:\/\/agora.xtec.cat\/iesmalgrat\/wp-json\/wp\/v2\/pages\/7364","targetHints":{"allow":["GET"]}}],"collection":[{"href":"https:\/\/agora.xtec.cat\/iesmalgrat\/wp-json\/wp\/v2\/pages"}],"about":[{"href":"https:\/\/agora.xtec.cat\/iesmalgrat\/wp-json\/wp\/v2\/types\/page"}],"author":[{"embeddable":true,"href":"https:\/\/agora.xtec.cat\/iesmalgrat\/wp-json\/wp\/v2\/users\/1"}],"replies":[{"embeddable":true,"href":"https:\/\/agora.xtec.cat\/iesmalgrat\/wp-json\/wp\/v2\/comments?post=7364"}],"version-history":[{"count":6,"href":"https:\/\/agora.xtec.cat\/iesmalgrat\/wp-json\/wp\/v2\/pages\/7364\/revisions"}],"predecessor-version":[{"id":7396,"href":"https:\/\/agora.xtec.cat\/iesmalgrat\/wp-json\/wp\/v2\/pages\/7364\/revisions\/7396"}],"up":[{"embeddable":true,"href":"https:\/\/agora.xtec.cat\/iesmalgrat\/wp-json\/wp\/v2\/pages\/6099"}],"wp:attachment":[{"href":"https:\/\/agora.xtec.cat\/iesmalgrat\/wp-json\/wp\/v2\/media?parent=7364"}],"curies":[{"name":"wp","href":"https:\/\/api.w.org\/{rel}","templated":true}]}}