{"id":6722,"date":"2025-02-20T10:41:36","date_gmt":"2025-02-20T09:41:36","guid":{"rendered":"https:\/\/agora.xtec.cat\/iesmalgrat\/?page_id=6722"},"modified":"2025-04-07T17:24:41","modified_gmt":"2025-04-07T15:24:41","slug":"recursos-pels-alumnes","status":"publish","type":"page","link":"https:\/\/agora.xtec.cat\/iesmalgrat\/recursos-pels-alumnes\/","title":{"rendered":"Recursos pels alumnes"},"content":{"rendered":"\n<h3 class=\"wp-block-heading\"><strong>\ud83d\udccb Tr\u00e0mits<\/strong><\/h3>\n\n\n\n<ul class=\"wp-block-list\">\n<li><a href=\"https:\/\/agora.xtec.cat\/iesmalgrat\/recursos-pels-alumnes\/procediment-de-vaga\/\" data-type=\"link\" data-id=\"https:\/\/agora.xtec.cat\/iesmalgrat\/recursos-pels-alumnes\/procediment-de-vaga\/\">\u2696 Procediment per a l\u2019autoritzaci\u00f3 de vagues d\u2019alumnes<\/a><\/li>\n<\/ul>\n\n\n\n<hr class=\"wp-block-separator has-alpha-channel-opacity\"\/>\n\n\n\n<h3 class=\"wp-block-heading\"><strong>\ud83c\udf93 Orientaci\u00f3 acad\u00e8mica i professional<\/strong><\/h3>\n\n\n\n<ul class=\"wp-block-list\">\n<li>\u2705 <strong>ESO<\/strong>\n<ul class=\"wp-block-list\">\n<li>\ud83d\udcda <a href=\"http:\/\/ensenyament.gencat.cat\/ca\/tramits\/tramits-temes\/prova-FP-GM-11014\">Proves d&#8217;acc\u00e9s a CFGM<\/a><\/li>\n\n\n\n<li>\ud83d\udcc8 Test d\u2019interessos d\u2019orientaci\u00f3<\/li>\n<\/ul>\n<\/li>\n\n\n\n<li>\ud83c\udf10 <strong>Batxillerat<\/strong>\n<ul class=\"wp-block-list\">\n<li>\ud83d\udd17 <a href=\"https:\/\/educaciodigital.cat\/iesmalgrat\/moodle\/course\/view.php?id=6208\">Coordinaci\u00f3 de batxillerat.<\/a><\/li>\n\n\n\n<li><a href=\"https:\/\/universitats.gencat.cat\/ca\/pau\/\">\ud83d\udcda Informaci\u00f3 selectivitat (PAUU)<\/a><\/li>\n<\/ul>\n<\/li>\n\n\n\n<li>\ud83d\udcdd <strong>Cicles Formatius<\/strong>\n<ul class=\"wp-block-list\">\n<li>\ud83d\udc68\u200d\ud83c\udf93 <a href=\"https:\/\/educacio.gencat.cat\/ca\/tramits\/tramits-temes\/prova-FP-GS-6949\">Proves d&#8217;acc\u00e9s a CFGS<\/a><\/li>\n\n\n\n<li>\u269b Projecte C3: Creaci\u00f3 del coneixement cient\u00edfic<\/li>\n<\/ul>\n<\/li>\n\n\n\n<li>\ud83d\udcdd <strong><a href=\"https:\/\/www.unportal.net\/ca\/\">Unportal<\/a>. <\/strong>Orientaci\u00f3 acad\u00e8mica.<\/li>\n<\/ul>\n\n\n\n<hr class=\"wp-block-separator has-alpha-channel-opacity\"\/>\n\n\n\n<h3 class=\"wp-block-heading\"><strong>\ud83d\udcda Recursos educatius<\/strong><\/h3>\n\n\n\n<ul class=\"wp-block-list\">\n<li>\ud83d\udee0 <a href=\"https:\/\/sites.google.com\/iesmalgrat.cat\/centre-ajuda-linkat-alumnes\/inici\">Centre ajuda Linkat<\/a><\/li>\n\n\n\n<li>\ud83d\udcd1 Materials per a estudiants<\/li>\n\n\n\n<li>\ud83d\udcda Recursos digitals i guies<\/li>\n<\/ul>\n\n\n\n<hr class=\"wp-block-separator has-alpha-channel-opacity\"\/>\n\n\n\n<h3 class=\"wp-block-heading\"><strong>\ud83d\udcda <a href=\"https:\/\/agora.xtec.cat\/iesmalgrat\/estudis\/\" data-type=\"page\" data-id=\"5868\">Formaci\u00f3 i Estudis<\/a><\/strong><\/h3>\n\n\n\n<ul class=\"wp-block-list\">\n<li>\ud83d\udcd6 ESO i Batxillerat<br><a href=\"https:\/\/educaciodigital.cat\/iesmalgrat\/moodle\/pluginfile.php\/326576\/mod_resource\/content\/1\/Pres_BAT_25_26\/book\/index.html\" target=\"_blank\" rel=\"noreferrer noopener\">Presentaci\u00f3 del Batxillerat<\/a><br><a href=\"https:\/\/educaciodigital.cat\/iesmalgrat\/moodle\/pluginfile.php\/325797\/mod_resource\/content\/1\/PresentacioESO2425\/book\/index.html\" target=\"_blank\" rel=\"noreferrer noopener\">Presentaci\u00f3 de l\u2019ESO<\/a><\/li>\n\n\n\n<li>\ud83c\udf93 <strong>Cicles Formatius:<\/strong>\n<ul class=\"wp-block-list\">\n<li>Perruqueria i Cosm\u00e8tica Capil\u00b7lar<br><\/li>\n\n\n\n<li>Est\u00e8tica i Bellesa<br><\/li>\n\n\n\n<li>Producci\u00f3 Agroecol\u00f2gica<br><a href=\"https:\/\/educaciodigital.cat\/iesmalgrat\/moodle\/pluginfile.php\/326446\/mod_resource\/content\/1\/PresCFA\/book\/index.html\" target=\"_blank\" rel=\"noreferrer noopener\">Presentaci\u00f3 del CF de producci\u00f3 agroecol\u00f2gica<\/a><\/li>\n\n\n\n<li>Gesti\u00f3 Administrativa<br><a href=\"https:\/\/educaciodigital.cat\/iesmalgrat\/moodle\/pluginfile.php\/326312\/mod_resource\/content\/1\/Presentacio_CFGA\/book\/index.html\" target=\"_blank\" rel=\"noreferrer noopener\">Presentaci\u00f3 del CF de gesti\u00f3 administrativa.<\/a><\/li>\n<\/ul>\n<\/li>\n\n\n\n<li>\ud83c\udf3f <strong>PFI:<\/strong>\n<ul class=\"wp-block-list\">\n<li>Auxiliar d\u2019Imatge Personal<\/li>\n\n\n\n<li>Auxiliar de Vivers i Jardins<\/li>\n<\/ul>\n<\/li>\n<\/ul>\n","protected":false},"excerpt":{"rendered":"<p>\ud83d\udccb Tr\u00e0mits<\/p>\n<ul class=\"wp-block-list\">\n<li><a href=\"https:\/\/agora.xtec.cat\/iesmalgrat\/recursos-pels-alumnes\/procediment-de-vaga\/\" data-type=\"link\" data-id=\"https:\/\/agora.xtec.cat\/iesmalgrat\/recursos-pels-alumnes\/procediment-de-vaga\/\">\u2696 Procediment per a l\u2019autoritzaci\u00f3 de vagues d\u2019alumnes<\/a><\/li>\n<\/ul>\n<p>\ud83c\udf93 Orientaci\u00f3 acad\u00e8mica i professional<\/p>\n<ul class=\"wp-block-list\">\n<li>\u2705 ESO\n<ul class=\"wp-block-list\">\n<li>\ud83d\udcda <a href=\"http:\/\/ensenyament.gencat.cat\/ca\/tramits\/tramits-temes\/prova-FP-GM-11014\">Proves d&#8217;acc\u00e9s a CFGM<\/a><\/li>\n<li>\ud83d\udcc8 Test d\u2019interessos d\u2019orientaci\u00f3<\/li>\n<\/ul>\n<\/li>\n<li>\ud83c\udf10 Batxillerat\n<ul class=\"wp-block-list\">\n<li>\ud83d\udd17 <a href=\"https:\/\/educaciodigital.cat\/iesmalgrat\/moodle\/course\/view.php?id=6208\">Coordinaci\u00f3 de batxillerat.<\/a><\/li>\n<li><a href=\"https:\/\/universitats.gencat.cat\/ca\/pau\/\">\ud83d\udcda Informaci\u00f3 selectivitat (PAUU)<\/a><\/li>\n<\/ul>\n<\/li>\n<li>\ud83d\udcdd Cicles Formatius\n<ul class=\"wp-block-list\">\n<li>\ud83d\udc68\u200d\ud83c\udf93 <a href=\"https:\/\/educacio.gencat.cat\/ca\/tramits\/tramits-temes\/prova-FP-GS-6949\">Proves d&#8217;acc\u00e9s a&hellip;  <a href=\"https:\/\/agora.xtec.cat\/iesmalgrat\/recursos-pels-alumnes\/\" title=\"Read Recursos pels alumnes\">Llegeix m\u00e9s\u00bb<\/a><br \/>\n","protected":false},"author":6,"featured_media":0,"parent":0,"menu_order":0,"comment_status":"closed","ping_status":"close","template":"page-templates\/side-menu.php","meta":{"_bbp_topic_count":0,"_bbp_reply_count":0,"_bbp_total_topic_count":0,"_bbp_total_reply_count":0,"_bbp_voice_count":0,"_bbp_anonymous_reply_count":0,"_bbp_topic_count_hidden":0,"_bbp_reply_count_hidden":0,"_bbp_forum_subforum_count":0,"footnotes":""},"class_list":["post-6722","page","type-page","status-publish","hentry"],"post_mailing_queue_ids":[],"_links":{"self":[{"href":"https:\/\/agora.xtec.cat\/iesmalgrat\/wp-json\/wp\/v2\/pages\/6722","targetHints":{"allow":["GET"]}}],"collection":[{"href":"https:\/\/agora.xtec.cat\/iesmalgrat\/wp-json\/wp\/v2\/pages"}],"about":[{"href":"https:\/\/agora.xtec.cat\/iesmalgrat\/wp-json\/wp\/v2\/types\/page"}],"author":[{"embeddable":true,"href":"https:\/\/agora.xtec.cat\/iesmalgrat\/wp-json\/wp\/v2\/users\/6"}],"replies":[{"embeddable":true,"href":"https:\/\/agora.xtec.cat\/iesmalgrat\/wp-json\/wp\/v2\/comments?post=6722"}],"version-history":[{"count":6,"href":"https:\/\/agora.xtec.cat\/iesmalgrat\/wp-json\/wp\/v2\/pages\/6722\/revisions"}],"predecessor-version":[{"id":7028,"href":"https:\/\/agora.xtec.cat\/iesmalgrat\/wp-json\/wp\/v2\/pages\/6722\/revisions\/7028"}],"wp:attachment":[{"href":"https:\/\/agora.xtec.cat\/iesmalgrat\/wp-json\/wp\/v2\/media?parent=6722"}],"curies":[{"name":"wp","href":"https:\/\/api.w.org\/{rel}","templated":true}]}}