{"id":6345,"date":"2024-12-14T09:49:17","date_gmt":"2024-12-14T08:49:17","guid":{"rendered":"https:\/\/agora.xtec.cat\/iesmalgrat\/?page_id=6345"},"modified":"2024-12-15T19:49:50","modified_gmt":"2024-12-15T18:49:50","slug":"criteris-de-qualificacio","status":"publish","type":"page","link":"https:\/\/agora.xtec.cat\/iesmalgrat\/estudis\/criteris-de-qualificacio\/","title":{"rendered":"Criteris de qualificaci\u00f3"},"content":{"rendered":"\n<p class=\"justify-text-block\">Els criteris de qualificaci\u00f3 s\u00f3n el conjunt d\u2019aspectes acad\u00e8mics que serveixen per determinar si l\u2019alumnat ha assolit els objectius de cada mat\u00e8ria, del curs o de l\u2019etapa educativa. Aquests criteris estableixen no nom\u00e9s qu\u00e8 s\u2019avalua, sin\u00f3 tamb\u00e9 com es realitza aquesta avaluaci\u00f3, tot garantint aix\u00ed un proc\u00e9s just, transparent i orientat a la millora cont\u00ednua.<\/p>\n\n\n\n<p class=\"justify-text-block\">A continuaci\u00f3, es detallen els criteris espec\u00edfics que aplica cada departament did\u00e0ctic, amb les particularitats de cada mat\u00e8ria i com es tenen en compte els diferents elements en la qualificaci\u00f3 final.<\/p>\n\n\n\n<div class=\"wp-block-getwid-tabs\" data-active-tab=\"0\"><ul class=\"wp-block-getwid-tabs__nav-links\"><\/ul>\n<div class=\"wp-block-getwid-tabs__nav-link\"><span class=\"wp-block-getwid-tabs__title-wrapper\"><a href=\"#\"><span class=\"wp-block-getwid-tabs__title\">Ci\u00e8ncies i tecnologia<\/span><\/a><\/span><\/div><div class=\"wp-block-getwid-tabs__tab-content-wrapper\"><div class=\"wp-block-getwid-tabs__tab-content\">\n<p><br><a href=\"https:\/\/drive.google.com\/file\/d\/1-vkoFh4NyViAUTh8Biu0IQnLb54I4swp\/view?usp=drivesdk\">CQ 24-25 F\u00edsica i Qu\u00edmica      2n ESO<\/a><em> <\/em><br><a href=\"https:\/\/drive.google.com\/file\/d\/1-GJhTRboe-76sHjJFLMRJKiXev00gdGk\/view?usp=drivesdk\" target=\"_blank\" rel=\"noreferrer noopener\">CQ 24-25 F\u00edsica i Qu\u00edmica      3r ESO<\/a><br><a href=\"https:\/\/drive.google.com\/file\/d\/1-tU-etTMtl6ohCi3J6W3WokVhMQviTff\/view?usp=drivesdk\">CQ 24-25 F\u00edsica i Qu\u00edmica      4t ESO<\/a><em> <\/em><br><a href=\"https:\/\/drive.google.com\/file\/d\/1-hQPD5B7tdU3Ghkig-mxCb_ZOTIUUoSU\/view?usp=drivesdk\" target=\"_blank\" rel=\"noreferrer noopener\">CQ 24-25 Biologia i Geologia 1r ESO<\/a><br><a href=\"https:\/\/drive.google.com\/file\/d\/1-fr_n348sjKdm72606OBQtjlxMULtop9\/view?usp=drivesdk\" target=\"_blank\" rel=\"noreferrer noopener\">CQ 24-25 Biologia i Geologia 3r ESO<\/a><br><a href=\"https:\/\/drive.google.com\/file\/d\/1dxDw2XwGETKNW7rl_wnF255Yrg99vdDq\/view?usp=drivesdk\" target=\"_blank\" rel=\"noreferrer noopener\">CQ 24-25 Tastet de ci\u00e8ncies   3r ESO<\/a><br><br><a href=\"https:\/\/drive.google.com\/file\/d\/1-FLCmy82eKT9tEsLstUeLc7E449VusD1\/view?usp=drivesdk\" target=\"_blank\" rel=\"noreferrer noopener\">CQ 24-25 F\u00edsica     1r Bat<\/a><br><a href=\"https:\/\/drive.google.com\/file\/d\/100HYsAIHzeClBLjEMBR-hSl9xUsrQhPj\/view?usp=drivesdk\" target=\"_blank\" rel=\"noreferrer noopener\">CQ 24-25 F\u00edsica     2n Bat<\/a><br><a href=\"https:\/\/drive.google.com\/file\/d\/1-DMFaQQkKznzANMnDxaZSMndEaEZzENk\/view?usp=drivesdk\" target=\"_blank\" rel=\"noreferrer noopener\">CQ 24-25 Qu\u00edmica 1r Bat<\/a><br><a href=\"https:\/\/drive.google.com\/file\/d\/1r96QUvxiuJYKUMmVLsQUwohIhSvf1XK9\/view?usp=drivesdk\" target=\"_blank\" rel=\"noreferrer noopener\">CQ 24-25 Qu\u00edmica 2n Bat<\/a><br><a href=\"https:\/\/drive.google.com\/file\/d\/10OTR2vZ7VWcv1gXf1nDQ2Sd7UdXvrDfo\/view?usp=drivesdk\" target=\"_blank\" rel=\"noreferrer noopener\">CQ 24-25 Biologia 1r Bat<\/a><em> <\/em><br><a href=\"https:\/\/drive.google.com\/file\/d\/10BoIQchv0ip0LiurlifHNb3glK4UN-0_\/view?usp=drivesdk\" target=\"_blank\" rel=\"noreferrer noopener\">CQ 24-25  Geologia i ci\u00e8ncies ambientals 1r Bat<\/a><br><a href=\"https:\/\/drive.google.com\/file\/d\/10AjYGGq0xAI-EwUJaPg9nGePCUzSfPsQ\/view?usp=drivesdk\" target=\"_blank\" rel=\"noreferrer noopener\">CQ 24-25  Geologia i ci\u00e8ncies ambientals 2n Bat<\/a><br><a href=\"https:\/\/drive.google.com\/file\/d\/1-mrolmq47Mjceoj1RS6QmTK9sMzERf8r\/view?usp=drivesdk\" target=\"_blank\" rel=\"noreferrer noopener\">CQ 24-25 Biomedicina       1r Bat<\/a><br><a href=\"https:\/\/drive.google.com\/file\/d\/1-jGdC1tePpDf97BeRxh3nH0FGAHczsK2\/view?usp=drivesdk\" target=\"_blank\" rel=\"noreferrer noopener\">CQ 24-25 Reptes cient\u00edfics 1r Bat<\/a><br><br><a href=\"https:\/\/drive.google.com\/file\/d\/1-sTtTnIYLFm1_FXX5q0UyuI0nbTTr9TQ\/view?usp=drivesdk\" target=\"_blank\" rel=\"noreferrer noopener\">CQ 24-25 Tecnologia ESO i Bat<\/a><\/p>\n<\/div><\/div>\n\n\n\n<div class=\"wp-block-getwid-tabs__nav-link\"><span class=\"wp-block-getwid-tabs__title-wrapper\"><a href=\"#\"><span class=\"wp-block-getwid-tabs__title\">Expressi\u00f3<\/span><\/a><\/span><\/div><div class=\"wp-block-getwid-tabs__tab-content-wrapper\"><div class=\"wp-block-getwid-tabs__tab-content\">\n<p><br><a href=\"https:\/\/drive.google.com\/file\/d\/10e_7MsYqa7Moy7gn_4jwXcaFAJd6CYBO\/view?usp=drivesdk\" data-type=\"link\" data-id=\"https:\/\/drive.google.com\/file\/d\/10e_7MsYqa7Moy7gn_4jwXcaFAJd6CYBO\/view?usp=drivesdk\">CQ 24-25 Expressi\u00f3 ESO i Bat<\/a> <\/p>\n<\/div><\/div>\n\n\n\n<div class=\"wp-block-getwid-tabs__nav-link\"><span class=\"wp-block-getwid-tabs__title-wrapper\"><a href=\"#\"><span class=\"wp-block-getwid-tabs__title\">Formaci\u00f3 agr\u00e0ria<\/span><\/a><\/span><\/div><div class=\"wp-block-getwid-tabs__tab-content-wrapper\"><div class=\"wp-block-getwid-tabs__tab-content\">\n<p><a href=\"https:\/\/drive.google.com\/file\/d\/10bcqyqjJ57B1-LyZw4MDRJq3JNIe6ftb\/view?usp=drivesdk\">CQ 24-25 CFGM PAE<\/a><br><a href=\"https:\/\/drive.google.com\/file\/d\/10bWrhyWpGFKHBJO8qksBA36N11z0bfL9\/view?usp=drivesdk\" target=\"_blank\" rel=\"noreferrer noopener\">CQ 24-25  PFI Vivers i jardins<\/a><\/p>\n<\/div><\/div>\n\n\n\n<div class=\"wp-block-getwid-tabs__nav-link\"><span class=\"wp-block-getwid-tabs__title-wrapper\"><a href=\"#\"><span class=\"wp-block-getwid-tabs__title\">Imatge personal<\/span><\/a><\/span><\/div><div class=\"wp-block-getwid-tabs__tab-content-wrapper\"><div class=\"wp-block-getwid-tabs__tab-content\">\n<div class=\"wp-block-group is-vertical is-layout-flex wp-container-core-group-is-layout-1 wp-block-group-is-layout-flex\">\n<p><a href=\"https:\/\/drive.google.com\/file\/d\/1S8X5FyPjaLvO3go_3mz0CwKFdIc2eADD\/view?usp=drivesdk\" data-type=\"link\" data-id=\"https:\/\/drive.google.com\/file\/d\/1S8X5FyPjaLvO3go_3mz0CwKFdIc2eADD\/view?usp=drivesdk\">CQ 24-25 CFGM Est\u00e8tica i bellesa<\/a><\/p>\n\n\n\n<p><a href=\"https:\/\/drive.google.com\/file\/d\/1BjmXOBzy7uBjhyIkKDJGCIumXrORMyoB\/view?usp=drivesdk\" data-type=\"link\" data-id=\"https:\/\/drive.google.com\/file\/d\/1BjmXOBzy7uBjhyIkKDJGCIumXrORMyoB\/view?usp=drivesdk\" target=\"_blank\" rel=\"noreferrer noopener\">CQ 24-25 CFGM Perruqueria  i cosm\u00e8tica capil\u00b7lar<\/a><\/p>\n\n\n\n<p><a href=\"https:\/\/drive.google.com\/file\/d\/10WW7fpiUpwj5xlWrDqFmjnvfOWLqlCxH\/view?usp=drivesdk\" data-type=\"link\" data-id=\"https:\/\/drive.google.com\/file\/d\/10WW7fpiUpwj5xlWrDqFmjnvfOWLqlCxH\/view?usp=drivesdk\">CQ 24-25 PFI Imatge personal<\/a><\/p>\n<\/div>\n<\/div><\/div>\n\n\n\n<div class=\"wp-block-getwid-tabs__nav-link\"><span class=\"wp-block-getwid-tabs__title-wrapper\"><a href=\"#\"><span class=\"wp-block-getwid-tabs__title\">Llengua castellana<\/span><\/a><\/span><\/div><div class=\"wp-block-getwid-tabs__tab-content-wrapper\"><div class=\"wp-block-getwid-tabs__tab-content\">\n<p><a href=\"https:\/\/drive.google.com\/file\/d\/10PpMzecxx698-6kNHnD0eUW6IbvLIKip\/view?usp=drivesdk\" data-type=\"link\" data-id=\"https:\/\/drive.google.com\/file\/d\/10PpMzecxx698-6kNHnD0eUW6IbvLIKip\/view?usp=drivesdk\">CQ 24-15 Llengua castellana i literatura ESO i Bat<\/a><\/p>\n<\/div><\/div>\n\n\n\n<div class=\"wp-block-getwid-tabs__nav-link\"><span class=\"wp-block-getwid-tabs__title-wrapper\"><a href=\"#\"><span class=\"wp-block-getwid-tabs__title\">Llengua catalana i Cl\u00e0ssiques<\/span><\/a><\/span><\/div><div class=\"wp-block-getwid-tabs__tab-content-wrapper\"><div class=\"wp-block-getwid-tabs__tab-content\">\n<p><br><a href=\"https:\/\/drive.google.com\/file\/d\/119tZqeiu1COL-vES23BQ3M_dOl1V9NSU\/view?usp=drivesdk\" target=\"_blank\" rel=\"noreferrer noopener\">CQ 24-25 Catal\u00e0 ESO<\/a><br><a href=\"https:\/\/drive.google.com\/file\/d\/11rdeeR2LsZmEVHLb62nbrSOpThilReHy\/view?usp=drivesdk\" target=\"_blank\" rel=\"noreferrer noopener\">CQ 24-25 Cultura cl\u00e0ssica 3r ESO<\/a><br><a href=\"https:\/\/drive.google.com\/file\/d\/111eT5fs5tyLN7iFw9yteXxFOuuVbBt2d\/view?usp=drivesdk\" target=\"_blank\" rel=\"noreferrer noopener\">CQ 24-25 Llat\u00ed 4t ESO<\/a><br><a href=\"https:\/\/drive.google.com\/file\/d\/11KIbKF-baqJs3SdBBAJtjrADNzwT2X-t\/view?usp=drivesdk\" target=\"_blank\" rel=\"noreferrer noopener\">CQ 24-25 Aula d&#8217;acollida<\/a><br><a href=\"https:\/\/drive.google.com\/file\/d\/11rdeeR2LsZmEVHLb62nbrSOpThilReHy\/view?usp=drivesdk\" target=\"_blank\" rel=\"noreferrer noopener\">CQ 24-25  Optativa de revista<\/a><\/p>\n\n\n\n<p><br><a href=\"https:\/\/drive.google.com\/file\/d\/11HG4JE48cXubObwcZWJwY6BvZV5QcYNA\/view?usp=drivesdk\" target=\"_blank\" rel=\"noreferrer noopener\">CQ 24-25 Catal\u00e0 batxillerat<\/a><br><a href=\"https:\/\/drive.google.com\/file\/d\/113CDhx-lezniGpgeMMTDNdJZnr5uNDC9\/view?usp=drivesdk\" target=\"_blank\" rel=\"noreferrer noopener\">CQ 24-25 Grec 1r Bat<\/a><br><a href=\"https:\/\/drive.google.com\/file\/d\/112hP38KyYmOkqg-cI9iEqvPFHtvBVptC\/view?usp=drivesdk\" target=\"_blank\" rel=\"noreferrer noopener\">CQ 24-25 Grec 2n Bat<\/a><br><a href=\"https:\/\/drive.google.com\/file\/d\/11tNYHkZuCjD6FAob_siF7sjN6-EZv7aC\/view?usp=drivesdk\" target=\"_blank\" rel=\"noreferrer noopener\">CQ 24-25 Llat\u00ed 1r Bat<\/a><br><a href=\"https:\/\/drive.google.com\/file\/d\/11tKlYgZPeSX7DlTBvLgE6EmWWph9QRZZ\/view?usp=drivesdk\" target=\"_blank\" rel=\"noreferrer noopener\">CQ 24-25 Llat\u00ed 2n Bat<\/a><br><a href=\"https:\/\/drive.google.com\/file\/d\/11o5uB64RjEhKO-zaXbnQqdnCFKidGs2j\/view?usp=drivesdk\" target=\"_blank\" rel=\"noreferrer noopener\">CQ 24-25  Creaci\u00f3 liter\u00e0ria<\/a><br><\/p>\n<\/div><\/div>\n\n\n\n<div class=\"wp-block-getwid-tabs__nav-link\"><span class=\"wp-block-getwid-tabs__title-wrapper\"><a href=\"#\"><span class=\"wp-block-getwid-tabs__title\">Lleng\u00fces estrangeres<\/span><\/a><\/span><\/div><div class=\"wp-block-getwid-tabs__tab-content-wrapper\"><div class=\"wp-block-getwid-tabs__tab-content\">\n<p><a href=\"https:\/\/drive.google.com\/file\/d\/11iY24FX6Xzw4Py9RrFalQ5bneSFqdBhD\/view?usp=drivesdk\" data-type=\"link\" data-id=\"https:\/\/drive.google.com\/file\/d\/11iY24FX6Xzw4Py9RrFalQ5bneSFqdBhD\/view?usp=drivesdk\">CQ 24-25 Lleng\u00fces estrangeres. ESO i Bat<\/a><\/p>\n<\/div><\/div>\n\n\n\n<div class=\"wp-block-getwid-tabs__nav-link\"><span class=\"wp-block-getwid-tabs__title-wrapper\"><a href=\"#\"><span class=\"wp-block-getwid-tabs__title\">Matem\u00e0tiques<\/span><\/a><\/span><\/div><div class=\"wp-block-getwid-tabs__tab-content-wrapper\"><div class=\"wp-block-getwid-tabs__tab-content\">\n<p><a href=\"https:\/\/drive.google.com\/file\/d\/11_eOixJz-GBeALpF2hHgpA5JitGsjOPd\/view?usp=drivesdk\" data-type=\"link\" data-id=\"https:\/\/drive.google.com\/file\/d\/11_eOixJz-GBeALpF2hHgpA5JitGsjOPd\/view?usp=drivesdk\">CQ 24-25 Matem\u00e0tiques. ESO i Bat<\/a><\/p>\n<\/div><\/div>\n\n\n\n<div class=\"wp-block-getwid-tabs__nav-link\"><span class=\"wp-block-getwid-tabs__title-wrapper\"><a href=\"#\"><span class=\"wp-block-getwid-tabs__title\">Socials, Filosofia i Orientaci\u00f3<\/span><\/a><\/span><\/div><div class=\"wp-block-getwid-tabs__tab-content-wrapper\"><div class=\"wp-block-getwid-tabs__tab-content\">\n<p><a href=\"https:\/\/drive.google.com\/file\/d\/11NXgcSztWsOmN5xJ572yrRbDoqUSK52D\/view?usp=drive_link\">CQ 24-25 Ci\u00e8ncies Socials, Filosofia i Orientaci\u00f3 ESO i Bat<\/a><\/p>\n<\/div><\/div>\n<\/div>\n","protected":false},"excerpt":{"rendered":"<p>Els criteris de qualificaci\u00f3 s\u00f3n el conjunt d\u2019aspectes acad\u00e8mics que serveixen per determinar si l\u2019alumnat ha assolit els objectius de cada mat\u00e8ria, del curs o de l\u2019etapa educativa. Aquests criteris estableixen no nom\u00e9s qu\u00e8 s\u2019avalua, sin\u00f3 tamb\u00e9 com es realitza aquesta avaluaci\u00f3, tot garantint aix\u00ed&hellip;  <a href=\"https:\/\/agora.xtec.cat\/iesmalgrat\/estudis\/criteris-de-qualificacio\/\" title=\"Read Criteris de qualificaci\u00f3\">Llegeix m\u00e9s\u00bb<\/a><\/p>\n","protected":false},"author":6,"featured_media":0,"parent":5868,"menu_order":18,"comment_status":"closed","ping_status":"close","template":"page-templates\/side-menu.php","meta":{"_bbp_topic_count":0,"_bbp_reply_count":0,"_bbp_total_topic_count":0,"_bbp_total_reply_count":0,"_bbp_voice_count":0,"_bbp_anonymous_reply_count":0,"_bbp_topic_count_hidden":0,"_bbp_reply_count_hidden":0,"_bbp_forum_subforum_count":0,"footnotes":""},"class_list":["post-6345","page","type-page","status-publish","hentry"],"post_mailing_queue_ids":[],"_links":{"self":[{"href":"https:\/\/agora.xtec.cat\/iesmalgrat\/wp-json\/wp\/v2\/pages\/6345","targetHints":{"allow":["GET"]}}],"collection":[{"href":"https:\/\/agora.xtec.cat\/iesmalgrat\/wp-json\/wp\/v2\/pages"}],"about":[{"href":"https:\/\/agora.xtec.cat\/iesmalgrat\/wp-json\/wp\/v2\/types\/page"}],"author":[{"embeddable":true,"href":"https:\/\/agora.xtec.cat\/iesmalgrat\/wp-json\/wp\/v2\/users\/6"}],"replies":[{"embeddable":true,"href":"https:\/\/agora.xtec.cat\/iesmalgrat\/wp-json\/wp\/v2\/comments?post=6345"}],"version-history":[{"count":6,"href":"https:\/\/agora.xtec.cat\/iesmalgrat\/wp-json\/wp\/v2\/pages\/6345\/revisions"}],"predecessor-version":[{"id":6380,"href":"https:\/\/agora.xtec.cat\/iesmalgrat\/wp-json\/wp\/v2\/pages\/6345\/revisions\/6380"}],"up":[{"embeddable":true,"href":"https:\/\/agora.xtec.cat\/iesmalgrat\/wp-json\/wp\/v2\/pages\/5868"}],"wp:attachment":[{"href":"https:\/\/agora.xtec.cat\/iesmalgrat\/wp-json\/wp\/v2\/media?parent=6345"}],"curies":[{"name":"wp","href":"https:\/\/api.w.org\/{rel}","templated":true}]}}