{"id":6223,"date":"2024-11-13T15:51:14","date_gmt":"2024-11-13T14:51:14","guid":{"rendered":"https:\/\/agora.xtec.cat\/iesmalgrat\/?page_id=6223"},"modified":"2025-02-07T12:56:02","modified_gmt":"2025-02-07T11:56:02","slug":"batxillerat-en-tres-anys","status":"publish","type":"page","link":"https:\/\/agora.xtec.cat\/iesmalgrat\/estudis\/batxillerat\/batxillerat-en-tres-anys\/","title":{"rendered":"Batxillerat en tres anys"},"content":{"rendered":"<div class=\"wp-block-image\">\n<figure class=\"alignleft size-large is-resized\"><a href=\"https:\/\/agora.xtec.cat\/iesmalgrat\/wp-content\/uploads\/usu615\/2024\/11\/napkin-selection-24.png\"><img loading=\"lazy\" decoding=\"async\" width=\"1024\" height=\"544\" src=\"https:\/\/agora.xtec.cat\/iesmalgrat\/wp-content\/uploads\/usu615\/2024\/11\/napkin-selection-24-1024x544.png\" alt=\"\" class=\"wp-image-6228\" style=\"width:400px\" srcset=\"https:\/\/agora.xtec.cat\/iesmalgrat\/wp-content\/uploads\/usu615\/2024\/11\/napkin-selection-24-1024x544.png 1024w, https:\/\/agora.xtec.cat\/iesmalgrat\/wp-content\/uploads\/usu615\/2024\/11\/napkin-selection-24-300x159.png 300w, https:\/\/agora.xtec.cat\/iesmalgrat\/wp-content\/uploads\/usu615\/2024\/11\/napkin-selection-24-768x408.png 768w, https:\/\/agora.xtec.cat\/iesmalgrat\/wp-content\/uploads\/usu615\/2024\/11\/napkin-selection-24.png 1102w\" sizes=\"auto, (max-width: 1024px) 100vw, 1024px\" \/><\/a><\/figure><\/div>\n\n\n<h2 class=\"wp-block-heading\"><strong>A qui es destina?<\/strong><\/h2>\n\n\n\n<p class=\"justify-text-block\">Alumnes que vulguin cursar estudis de Batxillerat, normalment amb informes d\u2019orientaci\u00f3 de 4t d\u2019ESO que indiquin la conveni\u00e8ncia de cursar-lo en tres anys o b\u00e9 que, com a conseq\u00fc\u00e8ncia de l\u2019avaluaci\u00f3 inicial, l\u2019equip docent consideri oport\u00fa oferir aquesta modalitat.<\/p>\n\n\n\n<h2 class=\"wp-block-heading\"><strong>Com s\u2019ha de sol\u00b7licitar?<\/strong><\/h2>\n\n\n\n<p class=\"justify-text-block\">L\u2019alumnat hauria de fer la sol\u00b7licitud corresponent, abans del 15 d\u2019octubre del primer curs en qu\u00e8 es matriculi al centre per cursar estudis de Batxillerat, com a termini m\u00e0xim. El centre valorar\u00e0, a partir de la seva avaluaci\u00f3 inicial, la conveni\u00e8ncia d\u2019aquesta via per a l\u2019alumnat sol\u00b7licitant i l\u2019acceptar\u00e0, redactant el PI corresponent, o la desestimar\u00e0 de forma raonada.&nbsp;La iniciativa pot partir, tamb\u00e9, de l\u2019equip docent corresponent, un cop celebrada la preavaluaci\u00f3 de 1r de Batxillerat.<\/p>\n\n\n\n<h2 class=\"wp-block-heading\"><strong>Com es promociona entre cursos?<\/strong><\/h2>\n\n\n\n<ul class=\"wp-block-list\">\n<li class=\"justify-text-block\">L\u2019alumnat que superi en el primer any un m\u00ednim de sis de les mat\u00e8ries cursades en el primer bloc pot realitzar un segon bloc de mat\u00e8ries, a m\u00e9s de la que, si escau, no ha superat. En cas contrari, haur\u00e0 de repetir el primer bloc sencer.<\/li>\n\n\n\n<li class=\"justify-text-block\">L\u2019alumnat que ha cursat el segon curs i no superi un total de vuit mat\u00e8ries, com a m\u00ednim, entre el primer i segon curs haur\u00e0 de repetir el segon curs.<\/li>\n\n\n\n<li class=\"justify-text-block\">Per poder cursar el tercer curs de mat\u00e8ries, l\u2019alumnat ha de superar un m\u00ednim de deu mat\u00e8ries entre els dos primers cursos cursats. Els centres poden establir una exig\u00e8ncia superior quant a aquest \u00faltim nombre m\u00ednim de mat\u00e8ries per permetre a l\u2019alumnat passar al tercer curs. En el cas de l\u2019alumnat que hagi superat vuit mat\u00e8ries i no pugui incorporar-se al tercer curs, cal que es matriculi del segon curs ordinari de batxillerat amb les mat\u00e8ries que li quedin pendents de primer.<\/li>\n<\/ul>\n\n\n\n<h2 class=\"wp-block-heading\"><strong>Mostra de curr\u00edculum a desenvolupar en tres cursos<\/strong><\/h2>\n\n\n\n<!DOCTYPE html>\n<html lang=\"ca\">\n<head>\n    <meta charset=\"UTF-8\">\n    <meta name=\"viewport\" content=\"width=device-width, initial-scale=1.0\">\n    <title>Batxillerat en tres anys<\/title>\n        <style>\n            * {\n                box-sizing: border-box;\n                margin: 0;\n                padding: 0;\n                font-family: Arial, sans-serif;\n            }\n            \n            body {\n                background-color: #f0f2f5;\n            }\n        \n            .container {\n                max-width: 1400px;\n                margin: 1rem auto;\n                padding: 1rem;\n                background: white;\n                border-radius: 10px;\n                box-shadow: 0 2px 4px rgba(0,0,0,0.1);\n            }\n            \n            .curs-title {\n                background: #0988a9;\n                color: white;\n                padding: 1.5rem;\n                margin: 2rem 0 1.5rem 0;\n                border-radius: 8px;\n                font-size: 1.6em;\n                text-align: center;\n                box-shadow: 0 2px 4px rgba(9,136,169,0.2);\n            }\n            \n            .assignatura-row {\n                padding: 0.1rem 1rem 0.1rem 1rem;\n                margin: 0.4rem 0;\n                background: #f8f9fa;\n                border-left: 4px solid #92ae01;\n                display: grid;\n                grid-template-columns: 2fr 1fr 2fr 1fr 2fr 1fr;\n                gap: 1rem;\n                align-items: center;\n                border-radius: 0 4px 4px 0;\n                transition: all 0.2s ease;\n            }\n\n            .assignatura {\n                padding: 0.1rem 1rem 0.1rem 1rem;\n                margin: 0.4rem 0;\n                background: #f8f9fa;\n                border-left: 4px solid #92ae01;\n            }\n            \n            .assignatura-row:hover {\n                background: #f0f0f0;\n                transform: translateX(4px);\n            }\n            \n            .modalitat-container {\n                background: white;\n                padding: 1rem;\n                border-radius: 8px;\n                box-shadow: 0 2px 4px rgba(0,0,0,0.05);\n                border: 1px solid #e0e0e0;\n            }\n            \n            .modalitat-headers {\n                display: grid;\n                grid-template-columns: 2fr 1fr 2fr 1fr 2fr 1fr;\n                gap: 1rem;\n                margin-bottom: 1rem;\n            }\n            \n            .modalitat-header {\n                background: #92ae01;\n                color: white;\n                padding: 0.8rem;\n                text-align: center;\n                border-radius: 6px;\n                font-weight: bold;\n                box-shadow: 0 2px 4px rgba(9,136,169,0.2);\n            }\n            \n            .hores {\n                background: #0988a9;\n                color: white;\n                padding: 0.4rem 0.8rem;\n                border-radius: 4px;\n                font-size: 0.9em;\n                display: inline-block;\n                width: 60px;\n                text-align: right;\n                justify-self: right;\n            }\n            \n            .total-hores {\n                background: #0988a9;\n                color: white;\n                padding: 0.8rem 1.2rem;\n                text-align: right;\n                margin-top: 1rem;\n                border-radius: 6px;\n                font-weight: bold;\n                display: grid;\n                grid-template-columns: 2fr 1fr 2fr 1fr 2fr 1fr;\n                gap: 1rem;\n            }\n        \n            .modalitat-container2 {\n                display: grid;\n                grid-template-columns: repeat(2, 1fr);\n                gap: 1.5rem;\n                margin: 1.5rem 0;\n            }\n        \n            .modalitat-columna {\n                background: white;\n                padding: 1rem;\n                border-radius: 8px;\n                box-shadow: 0 2px 4px rgba(0,0,0,0.05);\n                border: 1px solid #e0e0e0;\n            }\n\n            @media (max-width: 768px) { \/*Responsable que s'adaptin les columnes *\/\n                .modalitat-headers {\n                    display: grid;\n                    grid-template-columns: repeat(auto-fit, minmax(150px, 1fr)); \/* Usa auto-fit y minmax para ajustar las columnas *\/\n                    gap: 0.5rem;\n                    margin-bottom: 1rem;\n                }\n            \n                .assignatura-row {\n                    grid-template-columns: repeat(auto-fit, minmax(150px, 1fr)); \/* Usa auto-fit y minmax para ajustar las columnas *\/\n                    gap: 0.5rem;\n                }\n            \n                .total-hores {\n                    grid-template-columns: repeat(auto-fit, minmax(150px, 1fr)); \/* Usa auto-fit y minmax para ajustar las columnas *\/\n                    gap: 0.5rem;\n                }\n                .modalitat-container2{\n                    grid-template-columns: repeat(auto-fit, minmax(150px, 1fr)); \/* Usa auto-fit y minmax para ajustar las columnas *\/\n                    gap: 0.5rem;\n                }\n            }\n    <\/style>\n<\/head>\n<body>\n    <div class=\"container\">\n        <div class=\"curs-title\">Batxillerat en tres anys<\/div>\n        <div class=\"modalitat-header\">Distribuci\u00f3 d&#8217;hores i assignatures per curs<\/div>\n\n        <div class=\"modalitat-container\">\n            <div class=\"modalitat-headers\">\n                <div class=\"modalitat-header\">1r Curs<\/div>\n                <div class=\"modalitat-header\">Hores<\/div>\n                <div class=\"modalitat-header\">2n Curs<\/div>\n                <div class=\"modalitat-header\">Hores<\/div>\n                <div class=\"modalitat-header\">3r Curs<\/div>\n                <div class=\"modalitat-header\">Hores<\/div>\n            <\/div>\n\n            <div class=\"assignatura-row\">\n                <span class=\"assignatura\">Llengua Catalana I o Llengua Castellana I<\/span>\n                <span class=\"hores\">2h<\/span>\n                <span class=\"assignatura\">Llengua Catalana I o Llengua Castellana I<\/span>\n                <span class=\"hores\">2h<\/span>\n                <span class=\"assignatura\">Llengua Catalana II<\/span>\n                <span class=\"hores\">2h<\/span>\n            <\/div>\n            \n            <div class=\"assignatura-row\">\n                <span class=\"assignatura\">Llengua Anglesa I<\/span>\n                <span class=\"hores\">3h<\/span>\n                <span class=\"assignatura\">Hist\u00f2ria de la Filosofia<\/span>\n                <span class=\"hores\">3h<\/span>\n                <span class=\"assignatura\">Llengua Castellana II<\/span>\n                <span class=\"hores\">2h<\/span>\n            <\/div>\n\n            <div class=\"assignatura-row\">\n                <span class=\"assignatura\">Filosofia<\/span>\n                <span class=\"hores\">2h<\/span>\n                <span><\/span>\n                <span><\/span>\n                <span class=\"assignatura\">Llengua Anglesa II<\/span>\n                <span class=\"hores\">3h<\/span>\n            <\/div>\n\n            <div class=\"assignatura-row\">\n                <span class=\"assignatura\">Educaci\u00f3 F\u00edsica<\/span>\n                <span class=\"hores\">2h<\/span>\n                <span><\/span>\n                <span><\/span>\n                <span class=\"assignatura\">Hist\u00f2ria<\/span>\n                <span class=\"hores\">3h<\/span>\n            <\/div>\n\n            <div class=\"assignatura-row\">\n                <span class=\"assignatura\">Mat\u00e8ria modalitat 1r BTX (franja 1)<\/span>\n                <span class=\"hores\">3h<\/span>\n                <span class=\"assignatura\">Mat\u00e8ria modalitat 1r BTX (franja 1)<\/span>\n                <span class=\"hores\">3h<\/span>\n                <span class=\"assignatura\">Mat\u00e8ria modalitat 2n BTX (franja 1)<\/span>\n                <span class=\"hores\">4h<\/span>\n            <\/div>\n\n            <div class=\"assignatura-row\">\n                <span class=\"assignatura\">Mat\u00e8ria modalitat 1r BTX (franja 2)<\/span>\n                <span class=\"hores\">3h<\/span>\n                <span class=\"assignatura\">Mat\u00e8ria modalitat 1r BTX (franja 2)<\/span>\n                <span class=\"hores\">3h<\/span>\n                <span class=\"assignatura\">Mat\u00e8ria modalitat 2n BTX (franja 2)<\/span>\n                <span class=\"hores\">4h<\/span>\n            <\/div>\n\n            <div class=\"assignatura-row\">\n                <span class=\"assignatura\">Mat\u00e8ria modalitat 1r BTX (franja 3)<\/span>\n                <span class=\"hores\">3h<\/span>\n                <span class=\"assignatura\">Mat\u00e8ria modalitat 1r BTX (franja 3)<\/span>\n                <span class=\"hores\">3h<\/span>\n                <span class=\"assignatura\">Mat\u00e8ria modalitat 2n BTX (franja 3)<\/span>\n                <span class=\"hores\">4h<\/span>\n            <\/div>\n\n            <div class=\"assignatura-row\">\n                <span><\/span>\n                <span><\/span>\n                <span class=\"assignatura\">Mat\u00e8ria Optativa 2n BTX<\/span>\n                <span class=\"hores\">4h<\/span>\n                <span ><\/span>\n                <span ><\/span>\n            <\/div>\n\n            <div class=\"assignatura-row\">\n                <span><\/span>\n                <span><\/span>\n                <span class=\"assignatura\">Treball de recerca<\/span>\n                <span><\/span>\n                <span class=\"assignatura\">Treball de recerca<\/span>\n                <span><\/span>\n            <\/div>\n\n            <div class=\"assignatura-row\">\n                <span class=\"assignatura\">Tutoria<\/span>\n                <span class=\"hores\">1h<\/span>\n                <span class=\"assignatura\">Tutoria<\/span>\n                <span class=\"hores\">1h<\/span>\n                <span class=\"assignatura\">Tutoria<\/span>\n                <span class=\"hores\">1h<\/span>\n            <\/div>\n\n            <div class=\"total-hores\">\n                <span style=\"justify-self: left;\">Total hores lectives:<\/span>\n                <span style=\"justify-self: right;\" >19h<\/span>\n                <span><\/span>\n                <span style=\"justify-self: right;\" >19h<\/span>\n                <span><\/span>\n                <span style=\"justify-self: right;\" >23h<\/span>\n            <\/div>\n        <\/div> \n    <\/div>\n<\/body>\n<\/html>\n","protected":false},"excerpt":{"rendered":"<p><a href=\"https:\/\/agora.xtec.cat\/iesmalgrat\/wp-content\/uploads\/usu615\/2024\/11\/napkin-selection-24.png\"><\/a><\/p>\n<p>A qui es destina?<\/p>\n<p>Alumnes que vulguin cursar estudis de Batxillerat, normalment amb informes d\u2019orientaci\u00f3 de 4t d\u2019ESO que indiquin la conveni\u00e8ncia de cursar-lo en tres anys o b\u00e9 que, com a conseq\u00fc\u00e8ncia de l\u2019avaluaci\u00f3 inicial, l\u2019equip docent consideri oport\u00fa oferir aquesta modalitat.<\/p>\n<p>Com s\u2019ha de&hellip;  <a href=\"https:\/\/agora.xtec.cat\/iesmalgrat\/estudis\/batxillerat\/batxillerat-en-tres-anys\/\" title=\"Read Batxillerat en tres anys\">Llegeix m\u00e9s\u00bb<\/a><\/p>\n","protected":false},"author":6,"featured_media":0,"parent":6046,"menu_order":4,"comment_status":"closed","ping_status":"close","template":"page-templates\/side-menu.php","meta":{"_bbp_topic_count":0,"_bbp_reply_count":0,"_bbp_total_topic_count":0,"_bbp_total_reply_count":0,"_bbp_voice_count":0,"_bbp_anonymous_reply_count":0,"_bbp_topic_count_hidden":0,"_bbp_reply_count_hidden":0,"_bbp_forum_subforum_count":0,"footnotes":""},"class_list":["post-6223","page","type-page","status-publish","hentry"],"post_mailing_queue_ids":[],"_links":{"self":[{"href":"https:\/\/agora.xtec.cat\/iesmalgrat\/wp-json\/wp\/v2\/pages\/6223","targetHints":{"allow":["GET"]}}],"collection":[{"href":"https:\/\/agora.xtec.cat\/iesmalgrat\/wp-json\/wp\/v2\/pages"}],"about":[{"href":"https:\/\/agora.xtec.cat\/iesmalgrat\/wp-json\/wp\/v2\/types\/page"}],"author":[{"embeddable":true,"href":"https:\/\/agora.xtec.cat\/iesmalgrat\/wp-json\/wp\/v2\/users\/6"}],"replies":[{"embeddable":true,"href":"https:\/\/agora.xtec.cat\/iesmalgrat\/wp-json\/wp\/v2\/comments?post=6223"}],"version-history":[{"count":6,"href":"https:\/\/agora.xtec.cat\/iesmalgrat\/wp-json\/wp\/v2\/pages\/6223\/revisions"}],"predecessor-version":[{"id":6263,"href":"https:\/\/agora.xtec.cat\/iesmalgrat\/wp-json\/wp\/v2\/pages\/6223\/revisions\/6263"}],"up":[{"embeddable":true,"href":"https:\/\/agora.xtec.cat\/iesmalgrat\/wp-json\/wp\/v2\/pages\/6046"}],"wp:attachment":[{"href":"https:\/\/agora.xtec.cat\/iesmalgrat\/wp-json\/wp\/v2\/media?parent=6223"}],"curies":[{"name":"wp","href":"https:\/\/api.w.org\/{rel}","templated":true}]}}

<div class="wp-block-image">
<figure class="alignleft size-large is-resized"><a href="https://agora.xtec.cat/iesmalgrat/wp-content/uploads/usu615/2024/11/napkin-selection-24.png"><img loading="lazy" decoding="async" width="1024" height="544" src="https://agora.xtec.cat/iesmalgrat/wp-content/uploads/usu615/2024/11/napkin-selection-24-1024x544.png" alt="" class="wp-image-6228" style="width:400px" srcset="https://agora.xtec.cat/iesmalgrat/wp-content/uploads/usu615/2024/11/napkin-selection-24-1024x544.png 1024w, https://agora.xtec.cat/iesmalgrat/wp-content/uploads/usu615/2024/11/napkin-selection-24-300x159.png 300w, https://agora.xtec.cat/iesmalgrat/wp-content/uploads/usu615/2024/11/napkin-selection-24-768x408.png 768w, https://agora.xtec.cat/iesmalgrat/wp-content/uploads/usu615/2024/11/napkin-selection-24.png 1102w" sizes="auto, (max-width: 1024px) 100vw, 1024px" /></a></figure></div>


<h2 class="wp-block-heading"><strong>A qui es destina?</strong></h2>



<p class="justify-text-block">Alumnes que vulguin cursar estudis de Batxillerat, normalment amb informes d’orientació de 4t d’ESO que indiquin la conveniència de cursar-lo en tres anys o bé que, com a conseqüència de l’avaluació inicial, l’equip docent consideri oportú oferir aquesta modalitat.</p>



<h2 class="wp-block-heading"><strong>Com s’ha de sol·licitar?</strong></h2>



<p class="justify-text-block">L’alumnat hauria de fer la sol·licitud corresponent, abans del 15 d’octubre del primer curs en què es matriculi al centre per cursar estudis de Batxillerat, com a termini màxim. El centre valorarà, a partir de la seva avaluació inicial, la conveniència d’aquesta via per a l’alumnat sol·licitant i l’acceptarà, redactant el PI corresponent, o la desestimarà de forma raonada.&nbsp;La iniciativa pot partir, també, de l’equip docent corresponent, un cop celebrada la preavaluació de 1r de Batxillerat.</p>



<h2 class="wp-block-heading"><strong>Com es promociona entre cursos?</strong></h2>



<ul class="wp-block-list">
<li class="justify-text-block">L’alumnat que superi en el primer any un mínim de sis de les matèries cursades en el primer bloc pot realitzar un segon bloc de matèries, a més de la que, si escau, no ha superat. En cas contrari, haurà de repetir el primer bloc sencer.</li>



<li class="justify-text-block">L’alumnat que ha cursat el segon curs i no superi un total de vuit matèries, com a mínim, entre el primer i segon curs haurà de repetir el segon curs.</li>



<li class="justify-text-block">Per poder cursar el tercer curs de matèries, l’alumnat ha de superar un mínim de deu matèries entre els dos primers cursos cursats. Els centres poden establir una exigència superior quant a aquest últim nombre mínim de matèries per permetre a l’alumnat passar al tercer curs. En el cas de l’alumnat que hagi superat vuit matèries i no pugui incorporar-se al tercer curs, cal que es matriculi del segon curs ordinari de batxillerat amb les matèries que li quedin pendents de primer.</li>
</ul>



<h2 class="wp-block-heading"><strong>Mostra de currículum a desenvolupar en tres cursos</strong></h2>



<!DOCTYPE html>
<html lang="ca">
<head>
    <meta charset="UTF-8">
    <meta name="viewport" content="width=device-width, initial-scale=1.0">
    <title>Batxillerat en tres anys</title>
        <style>
            * {
                box-sizing: border-box;
                margin: 0;
                padding: 0;
                font-family: Arial, sans-serif;
            }
            
            body {
                background-color: #f0f2f5;
            }
        
            .container {
                max-width: 1400px;
                margin: 1rem auto;
                padding: 1rem;
                background: white;
                border-radius: 10px;
                box-shadow: 0 2px 4px rgba(0,0,0,0.1);
            }
            
            .curs-title {
                background: #0988a9;
                color: white;
                padding: 1.5rem;
                margin: 2rem 0 1.5rem 0;
                border-radius: 8px;
                font-size: 1.6em;
                text-align: center;
                box-shadow: 0 2px 4px rgba(9,136,169,0.2);
            }
            
            .assignatura-row {
                padding: 0.1rem 1rem 0.1rem 1rem;
                margin: 0.4rem 0;
                background: #f8f9fa;
                border-left: 4px solid #92ae01;
                display: grid;
                grid-template-columns: 2fr 1fr 2fr 1fr 2fr 1fr;
                gap: 1rem;
                align-items: center;
                border-radius: 0 4px 4px 0;
                transition: all 0.2s ease;
            }

            .assignatura {
                padding: 0.1rem 1rem 0.1rem 1rem;
                margin: 0.4rem 0;
                background: #f8f9fa;
                border-left: 4px solid #92ae01;
            }
            
            .assignatura-row:hover {
                background: #f0f0f0;
                transform: translateX(4px);
            }
            
            .modalitat-container {
                background: white;
                padding: 1rem;
                border-radius: 8px;
                box-shadow: 0 2px 4px rgba(0,0,0,0.05);
                border: 1px solid #e0e0e0;
            }
            
            .modalitat-headers {
                display: grid;
                grid-template-columns: 2fr 1fr 2fr 1fr 2fr 1fr;
                gap: 1rem;
                margin-bottom: 1rem;
            }
            
            .modalitat-header {
                background: #92ae01;
                color: white;
                padding: 0.8rem;
                text-align: center;
                border-radius: 6px;
                font-weight: bold;
                box-shadow: 0 2px 4px rgba(9,136,169,0.2);
            }
            
            .hores {
                background: #0988a9;
                color: white;
                padding: 0.4rem 0.8rem;
                border-radius: 4px;
                font-size: 0.9em;
                display: inline-block;
                width: 60px;
                text-align: right;
                justify-self: right;
            }
            
            .total-hores {
                background: #0988a9;
                color: white;
                padding: 0.8rem 1.2rem;
                text-align: right;
                margin-top: 1rem;
                border-radius: 6px;
                font-weight: bold;
                display: grid;
                grid-template-columns: 2fr 1fr 2fr 1fr 2fr 1fr;
                gap: 1rem;
            }
        
            .modalitat-container2 {
                display: grid;
                grid-template-columns: repeat(2, 1fr);
                gap: 1.5rem;
                margin: 1.5rem 0;
            }
        
            .modalitat-columna {
                background: white;
                padding: 1rem;
                border-radius: 8px;
                box-shadow: 0 2px 4px rgba(0,0,0,0.05);
                border: 1px solid #e0e0e0;
            }

            @media (max-width: 768px) { /*Responsable que s'adaptin les columnes */
                .modalitat-headers {
                    display: grid;
                    grid-template-columns: repeat(auto-fit, minmax(150px, 1fr)); /* Usa auto-fit y minmax para ajustar las columnas */
                    gap: 0.5rem;
                    margin-bottom: 1rem;
                }
            
                .assignatura-row {
                    grid-template-columns: repeat(auto-fit, minmax(150px, 1fr)); /* Usa auto-fit y minmax para ajustar las columnas */
                    gap: 0.5rem;
                }
            
                .total-hores {
                    grid-template-columns: repeat(auto-fit, minmax(150px, 1fr)); /* Usa auto-fit y minmax para ajustar las columnas */
                    gap: 0.5rem;
                }
                .modalitat-container2{
                    grid-template-columns: repeat(auto-fit, minmax(150px, 1fr)); /* Usa auto-fit y minmax para ajustar las columnas */
                    gap: 0.5rem;
                }
            }
    </style>
</head>
<body>
    <div class="container">
        <div class="curs-title">Batxillerat en tres anys</div>
        <div class="modalitat-header">Distribució d&#8217;hores i assignatures per curs</div>

        <div class="modalitat-container">
            <div class="modalitat-headers">
                <div class="modalitat-header">1r Curs</div>
                <div class="modalitat-header">Hores</div>
                <div class="modalitat-header">2n Curs</div>
                <div class="modalitat-header">Hores</div>
                <div class="modalitat-header">3r Curs</div>
                <div class="modalitat-header">Hores</div>
            </div>

            <div class="assignatura-row">
                <span class="assignatura">Llengua Catalana I o Llengua Castellana I</span>
                <span class="hores">2h</span>
                <span class="assignatura">Llengua Catalana I o Llengua Castellana I</span>
                <span class="hores">2h</span>
                <span class="assignatura">Llengua Catalana II</span>
                <span class="hores">2h</span>
            </div>
            
            <div class="assignatura-row">
                <span class="assignatura">Llengua Anglesa I</span>
                <span class="hores">3h</span>
                <span class="assignatura">Història de la Filosofia</span>
                <span class="hores">3h</span>
                <span class="assignatura">Llengua Castellana II</span>
                <span class="hores">2h</span>
            </div>

            <div class="assignatura-row">
                <span class="assignatura">Filosofia</span>
                <span class="hores">2h</span>
                <span></span>
                <span></span>
                <span class="assignatura">Llengua Anglesa II</span>
                <span class="hores">3h</span>
            </div>

            <div class="assignatura-row">
                <span class="assignatura">Educació Física</span>
                <span class="hores">2h</span>
                <span></span>
                <span></span>
                <span class="assignatura">Història</span>
                <span class="hores">3h</span>
            </div>

            <div class="assignatura-row">
                <span class="assignatura">Matèria modalitat 1r BTX (franja 1)</span>
                <span class="hores">3h</span>
                <span class="assignatura">Matèria modalitat 1r BTX (franja 1)</span>
                <span class="hores">3h</span>
                <span class="assignatura">Matèria modalitat 2n BTX (franja 1)</span>
                <span class="hores">4h</span>
            </div>

            <div class="assignatura-row">
                <span class="assignatura">Matèria modalitat 1r BTX (franja 2)</span>
                <span class="hores">3h</span>
                <span class="assignatura">Matèria modalitat 1r BTX (franja 2)</span>
                <span class="hores">3h</span>
                <span class="assignatura">Matèria modalitat 2n BTX (franja 2)</span>
                <span class="hores">4h</span>
            </div>

            <div class="assignatura-row">
                <span class="assignatura">Matèria modalitat 1r BTX (franja 3)</span>
                <span class="hores">3h</span>
                <span class="assignatura">Matèria modalitat 1r BTX (franja 3)</span>
                <span class="hores">3h</span>
                <span class="assignatura">Matèria modalitat 2n BTX (franja 3)</span>
                <span class="hores">4h</span>
            </div>

            <div class="assignatura-row">
                <span></span>
                <span></span>
                <span class="assignatura">Matèria Optativa 2n BTX</span>
                <span class="hores">4h</span>
                <span ></span>
                <span ></span>
            </div>

            <div class="assignatura-row">
                <span></span>
                <span></span>
                <span class="assignatura">Treball de recerca</span>
                <span></span>
                <span class="assignatura">Treball de recerca</span>
                <span></span>
            </div>

            <div class="assignatura-row">
                <span class="assignatura">Tutoria</span>
                <span class="hores">1h</span>
                <span class="assignatura">Tutoria</span>
                <span class="hores">1h</span>
                <span class="assignatura">Tutoria</span>
                <span class="hores">1h</span>
            </div>

            <div class="total-hores">
                <span style="justify-self: left;">Total hores lectives:</span>
                <span style="justify-self: right;" >19h</span>
                <span></span>
                <span style="justify-self: right;" >19h</span>
                <span></span>
                <span style="justify-self: right;" >23h</span>
            </div>
        </div> 
    </div>
</body>
</html>

<p><a href="https://agora.xtec.cat/iesmalgrat/wp-content/uploads/usu615/2024/11/napkin-selection-24.png"></a></p>
<p>A qui es destina?</p>
<p>Alumnes que vulguin cursar estudis de Batxillerat, normalment amb informes d’orientació de 4t d’ESO que indiquin la conveniència de cursar-lo en tres anys o bé que, com a conseqüència de l’avaluació inicial, l’equip docent consideri oportú oferir aquesta modalitat.</p>
<p>Com s’ha de&hellip;  <a href="https://agora.xtec.cat/iesmalgrat/estudis/batxillerat/batxillerat-en-tres-anys/" title="Read Batxillerat en tres anys">Llegeix més»</a></p>
