{"id":6044,"date":"2024-11-05T07:57:25","date_gmt":"2024-11-05T06:57:25","guid":{"rendered":"https:\/\/agora.xtec.cat\/iesmalgrat\/?page_id=6044"},"modified":"2024-11-11T17:03:19","modified_gmt":"2024-11-11T16:03:19","slug":"cicle-formatiu-de-grau-mitja-de-perruqueria-i-cosmetica-capillar","status":"publish","type":"page","link":"https:\/\/agora.xtec.cat\/iesmalgrat\/estudis\/cicle-formatiu-de-grau-mitja-de-perruqueria-i-cosmetica-capillar\/","title":{"rendered":"Cicle Formatiu de Grau Mitj\u00e0 de Perruqueria i Cosm\u00e8tica Capil\u00b7lar"},"content":{"rendered":"\n<p class=\"has-text-align-left has-black-color has-text-color has-link-color wp-elements-76f039de82798dd1a6986b6e225dfa06\">Forma\u2019t com a professional de perruqueria i cosm\u00e8tica capil\u00b7lar a Malgrat de Mar.<\/p>\n\n\n\n<div style=\"color: #9575cd; border-bottom: 2px solid #9575CD; padding-bottom: 10px; font-size: 1.5em;\"><strong>Qu\u00e8 aprendr\u00e0s?<\/strong><\/div>\n<p class=\"md-end-block md-p md-focus\" style=\"text-align: justify;\"><span class=\"md-plain md-expand\">Aquests estudis capaciten per fer la cura i l&#8217;embelliment capil\u00b7lar, l&#8217;est\u00e8tica de mans i peus i l&#8217;estilisme mascul\u00ed, aix\u00ed com comercialitzar serveis i venda de cosm\u00e8tics, tot complint els protocols de qualitat, prevenci\u00f3 de riscos laborals i protecci\u00f3 ambiental.<\/span><\/p>\n<div style=\"color: #9575cd; border-bottom: 2px solid #9575CD; padding-bottom: 10px; font-size: 1.5em;\"><strong>Informaci\u00f3 del cicle <\/strong><\/div>\n<p><span class=\"md-plain\"><strong>Durada<\/strong>: 2.000 hores<\/span><br \/><span class=\"md-plain\"><strong>Horari<\/strong>: 8:00 a 14:30 (matins)<\/span><br \/><span class=\"md-plain\"><strong>Distribuci\u00f3<\/strong>: 1.485 hores lectives + 515 hores de pr\u00e0ctiques en empreses<\/span><\/p>\n<div style=\"display: flex; justify-content: center; padding: 25px;\">\n<p><iframe loading=\"lazy\" title=\"Perruqueria IES RT FINAL V\u00eddeo promocional dual\" width=\"500\" height=\"281\" src=\"https:\/\/www.youtube.com\/embed\/5W3o45RBC8c?feature=oembed\" frameborder=\"0\" allow=\"accelerometer; autoplay; clipboard-write; encrypted-media; gyroscope; picture-in-picture; web-share\" referrerpolicy=\"strict-origin-when-cross-origin\" allowfullscreen><\/iframe><\/p>\n<\/div>\n<div style=\"color: #9575cd; border-bottom: 2px solid #9575CD; padding-bottom: 10px; font-size: 1.5em;\"><strong> Com pots accedir-hi ? <\/strong><\/div>\n<p>\u00a0<\/p>\n<p>Pots accedir-hi\u00a0 directament si tens algun d\u2019aquests requisits:<\/p>\n<ul>\n<li>Graduat en ESO<\/li>\n<li>T\u00edtol de t\u00e8cnic o t\u00e8cnic auxiliar<\/li>\n<li>Altres estudis equivalents<\/li>\n<\/ul>\n<p>Si no tens cap d\u2019aquests requisits, pots accedir mitjan\u00e7ant una prova d\u2019acc\u00e9s (m\u00ednim 17 anys).<\/p>\n<div style=\"color: #9575cd; border-bottom: 2px solid #9575CD; padding-bottom: 10px; font-size: 1.5em;\"><strong> Qu\u00e8 podr\u00e0s fer despr\u00e9s? <\/strong><\/div>\n<div style=\"color: #9575cd; padding-bottom: 10px; font-size: 1.25em;\">\u00a0<\/div>\n<div style=\"color: #9575cd; padding-bottom: 10px; font-size: 1.25em;\"><strong>Sortides Acad\u00e8miques: <\/strong><\/div>\n<ul>\n<li class=\"md-end-block md-p\"><span class=\"md-plain\">\u00a0Batxillerat<\/span><\/li>\n<li class=\"md-end-block md-p\">C<span class=\"md-plain\">icle de grau superior de formaci\u00f3 professional<\/span><\/li>\n<\/ul>\n<div style=\"color: #9575cd; padding-bottom: 10px; font-size: 1.25em;\"><strong> Sortides Professionals: <\/strong><\/div>\n<ul>\n<li>Perruquer o perruquera<\/li>\n<li>Barber o barbera<\/li>\n<li>T\u00e8cnic o t\u00e8cnica en coloracions capil\u00b7lars<\/li>\n<li>T\u00e8cnic o t\u00e8cnica en canvis de forma del cabell<\/li>\n<li>T\u00e8cnic o t\u00e8cnica en tall de cabell<\/li>\n<li>T\u00e8cnic o t\u00e8cnica en post\u00eds<\/li>\n<li>T\u00e8cnic o t\u00e8cnica en manicura<\/li>\n<li>T\u00e8cnic o t\u00e8cnica en pedicura<\/li>\n<li>T\u00e8cnic o t\u00e8cnica o agent comercial d\u2019empreses del sector<\/li>\n<li>Recepcionista en empreses perruqueria<\/li>\n<li>Demostrador o demostradora d\u2019equips, cosm\u00e8tics i t\u00e8cniques de perruqueria<\/li>\n<\/ul>\n\n\n\n<p class=\"has-text-align-center has-vivid-purple-color has-text-color has-link-color has-medium-font-size wp-elements-ae6f4060ba94db6ac5de66172455d811\"><a href=\"https:\/\/agora.xtec.cat\/iesmalgrat\/prova-taula\/curriculum-perruqueria\/\" data-type=\"page\" data-id=\"5899\" target=\"_blank\" rel=\"noreferrer noopener\">Mira el nostre curr\u00edculum.<\/a><\/p>\n","protected":false},"excerpt":{"rendered":"<p>Forma\u2019t com a professional de perruqueria i cosm\u00e8tica capil\u00b7lar a Malgrat de Mar.<\/p>\n<p>Qu\u00e8 aprendr\u00e0s?<br \/>\nAquests estudis capaciten per fer la cura i l&#8217;embelliment capil\u00b7lar, l&#8217;est\u00e8tica de mans i peus i l&#8217;estilisme mascul\u00ed, aix\u00ed com comercialitzar serveis i venda de cosm\u00e8tics, tot complint els protocols de qualitat,&hellip;  <a href=\"https:\/\/agora.xtec.cat\/iesmalgrat\/estudis\/cicle-formatiu-de-grau-mitja-de-perruqueria-i-cosmetica-capillar\/\" title=\"Read Cicle Formatiu de Grau Mitj\u00e0 de Perruqueria i Cosm\u00e8tica Capil\u00b7lar\">Llegeix m\u00e9s\u00bb<\/a><\/p>\n","protected":false},"author":6,"featured_media":0,"parent":5868,"menu_order":6,"comment_status":"closed","ping_status":"close","template":"page-templates\/side-menu.php","meta":{"_bbp_topic_count":0,"_bbp_reply_count":0,"_bbp_total_topic_count":0,"_bbp_total_reply_count":0,"_bbp_voice_count":0,"_bbp_anonymous_reply_count":0,"_bbp_topic_count_hidden":0,"_bbp_reply_count_hidden":0,"_bbp_forum_subforum_count":0,"footnotes":""},"class_list":["post-6044","page","type-page","status-publish","hentry"],"post_mailing_queue_ids":[],"_links":{"self":[{"href":"https:\/\/agora.xtec.cat\/iesmalgrat\/wp-json\/wp\/v2\/pages\/6044","targetHints":{"allow":["GET"]}}],"collection":[{"href":"https:\/\/agora.xtec.cat\/iesmalgrat\/wp-json\/wp\/v2\/pages"}],"about":[{"href":"https:\/\/agora.xtec.cat\/iesmalgrat\/wp-json\/wp\/v2\/types\/page"}],"author":[{"embeddable":true,"href":"https:\/\/agora.xtec.cat\/iesmalgrat\/wp-json\/wp\/v2\/users\/6"}],"replies":[{"embeddable":true,"href":"https:\/\/agora.xtec.cat\/iesmalgrat\/wp-json\/wp\/v2\/comments?post=6044"}],"version-history":[{"count":6,"href":"https:\/\/agora.xtec.cat\/iesmalgrat\/wp-json\/wp\/v2\/pages\/6044\/revisions"}],"predecessor-version":[{"id":6194,"href":"https:\/\/agora.xtec.cat\/iesmalgrat\/wp-json\/wp\/v2\/pages\/6044\/revisions\/6194"}],"up":[{"embeddable":true,"href":"https:\/\/agora.xtec.cat\/iesmalgrat\/wp-json\/wp\/v2\/pages\/5868"}],"wp:attachment":[{"href":"https:\/\/agora.xtec.cat\/iesmalgrat\/wp-json\/wp\/v2\/media?parent=6044"}],"curies":[{"name":"wp","href":"https:\/\/api.w.org\/{rel}","templated":true}]}}