{"id":6000,"date":"2024-10-30T18:44:21","date_gmt":"2024-10-30T17:44:21","guid":{"rendered":"https:\/\/agora.xtec.cat\/iesmalgrat\/?page_id=6000"},"modified":"2024-11-11T17:20:59","modified_gmt":"2024-11-11T16:20:59","slug":"pfi-auxiliar-de-perruqueria-i-estetica","status":"publish","type":"page","link":"https:\/\/agora.xtec.cat\/iesmalgrat\/estudis\/pfi-auxiliar-de-perruqueria-i-estetica\/","title":{"rendered":"PFI Auxiliar de perruqueria i est\u00e8tica"},"content":{"rendered":"\n<div style=\"color: #9575cd; border-bottom: 2px solid #9575CD; padding-bottom: 10px;\">Descripci\u00f3<\/div>\n<div style=\"background: #f9f9f9; padding: 25px; margin-bottom: 20px; border-radius: 8px; border-left: 5px solid #9575CD;\">Vols convertir-te en un expert de la imatge personal? El PFI d&#8217;Auxiliar de Perruqueria i Est\u00e8tica et donar\u00e0 l&#8217;oportunitat de formar-te en aquest fascinant sector.<br \/><br \/>Aprendr\u00e0s t\u00e8cniques b\u00e0siques com el rentat i canvis de forma del cabell, el canvi de color, el maquillatge, la depilaci\u00f3, la manicura i la pedicura. A m\u00e9s, rebr\u00e0s formaci\u00f3 en atenci\u00f3 al client i preparaci\u00f3 d&#8217;equips i materials.<\/div>\n<div style=\"color: #9575cd; border-bottom: 2px solid #9575CD; padding-bottom: 10px;\">Qu\u00e8 \u00e9s aquest programa?<\/div>\n<div style=\"background-color: #f3e5f5; padding: 15px; border-radius: 5px; margin: 10px 0;\"><strong>Perfil Professional:<\/strong> Auxiliar de perruqueria i est\u00e8tica<br \/><strong>Codi:<\/strong> PFI IP03<br \/><strong>Fam\u00edlia:<\/strong> Imatge personal<br \/><strong>Durada:<\/strong> 1000 hores<\/div>\n<div style=\"background: #f9f9f9; padding: 25px; margin-bottom: 20px; border-radius: 8px; border-left: 5px solid #9575CD;\">Et formarem per realitzar tasques en:<\/div>\n<div style=\"background: #f9f9f9; padding: 25px; margin-bottom: 20px; border-radius: 8px; border-left: 5px solid #9575CD;\">\ud83d\udc87\u200d\u2640\ufe0f Neteja, rentat i canvis de forma del cabell<br \/>\ud83d\udc87\u200d\u2640\ufe0f Canvis de color del cabell<br \/>\ud83d\udc87\u200d\u2640\ufe0f Maquillatge, depilaci\u00f3, manicura i pedicura<br \/>\ud83d\udc87\u200d\u2640\ufe0f Atenci\u00f3 al client i preparaci\u00f3 d&#8217;equips i materials<\/div>\n<div style=\"color: #9575cd; border-bottom: 2px solid #9575CD; padding-bottom: 10px;\">Qui pot accedir?<\/div>\n<div style=\"background: #f9f9f9; padding: 25px; margin-bottom: 20px; border-radius: 8px; border-left: 5px solid #9575CD;\">\ud83d\udc87\u200d\u2640\ufe0f Joves de 16 a 21 anys<br \/>\ud83d\udc87\u200d\u2640\ufe0f Que no hagin obtingut el t\u00edtol de l&#8217;ESO<br \/>\ud83d\udc87\u200d\u2640\ufe0f Que no segueixin estudis ni formaci\u00f3<\/div>\n<div style=\"color: #9575cd; border-bottom: 2px solid #9575CD; padding-bottom: 10px;\">Qu\u00e8 aprendr\u00e0s?<\/div>\n<div style=\"background: #f9f9f9; padding: 25px; margin-bottom: 20px; border-radius: 8px; border-left: 5px solid #9575CD;\">\n<h3>Formaci\u00f3 Professional<\/h3>\n\ud83d\udc87\u200d\u2640\ufe0f Preparaci\u00f3 de l&#8217;entorn professional<br \/>\ud83d\udc87\u200d\u2640\ufe0f Rentat i canvis de forma del cabell<br \/>\ud83d\udc87\u200d\u2640\ufe0f Canvi de color del cabell<br \/>\ud83d\udc87\u200d\u2640\ufe0f Est\u00e8tica de mans i maquillatge<br \/>\ud83d\udc87\u200d\u2640\ufe0f Fonaments de m\u00e0rqueting i venda<br \/>\ud83d\udc87\u200d\u2640\ufe0f Pr\u00e0ctiques a empreses<br \/>\n<h3>Formaci\u00f3 General<\/h3>\n\ud83d\udc87\u200d\u2640\ufe0f Comunicaci\u00f3<br \/>\ud83d\udc87\u200d\u2640\ufe0f Entorn social<br \/>\ud83d\udc87\u200d\u2640\ufe0f Matem\u00e0tiques<br \/>\ud83d\udc87\u200d\u2640\ufe0f Incorporaci\u00f3 al m\u00f3n laboral<\/div>\n<div style=\"color: #9575cd; border-bottom: 2px solid #9575CD; padding-bottom: 10px;\">Sortides Professionals<\/div>\n<div style=\"background: #f9f9f9; padding: 25px; margin-bottom: 20px; border-radius: 8px; border-left: 5px solid #9575CD;\">\ud83d\udc87\u200d\u2640\ufe0f Auxiliar de perruqueria<br \/>\ud83d\udc87\u200d\u2640\ufe0f Ajudant de manicura i pedicura<br \/>\ud83d\udc87\u200d\u2640\ufe0f Ajudant de maquillatge<br \/>\ud83d\udc87\u200d\u2640\ufe0f Auxiliar de depilaci\u00f3<\/div>\n<div style=\"color: #9575cd; border-bottom: 2px solid #9575CD; padding-bottom: 10px;\">I despr\u00e9s del PFI?<\/div>\n<div style=\"background: #f9f9f9; padding: 25px; margin-bottom: 20px; border-radius: 8px; border-left: 5px solid #9575CD;\">\n<h3>Continu\u00eftat Acad\u00e8mica<\/h3>\n\ud83d\udc87\u200d\u2640\ufe0f Acc\u00e9s a cicles de grau mitj\u00e0<br \/>\ud83d\udc87\u200d\u2640\ufe0f Prova d&#8217;acc\u00e9s a grau mitj\u00e0<br \/>\ud83d\udc87\u200d\u2640\ufe0f Obtenci\u00f3 del GESO en centres d&#8217;adults<br \/>\ud83d\udc87\u200d\u2640\ufe0f Certificats de professionalitat<\/div>\n<div style=\"color: #9575cd; border-bottom: 2px solid #9575CD; padding-bottom: 10px;\">Certificaci\u00f3<\/div>\n<div style=\"background: #f9f9f9; padding: 25px; margin-bottom: 20px; border-radius: 8px; border-left: 5px solid #9575CD;\">En acabar, obtindr\u00e0s un certificat acad\u00e8mic i professional que acredita les teves compet\u00e8ncies.<\/div>\n\n\n\n<!DOCTYPE html>\n<html lang=\"ca\">\n<head>\n    <meta charset=\"UTF-8\">\n    <meta name=\"viewport\" content=\"width=device-width, initial-scale=1.0\">\n    <title>PFI Auxiliar de vivers i jardins<\/title>\n        <style>\n            * {\n                box-sizing: border-box;\n                margin: 0;\n                padding: 0;\n                font-family: Arial, sans-serif;\n            }\n            \n            body {\n                background-color: #f0f2f5;\n            }\n        \n            .container {\n                max-width: 1400px;\n                margin: 1rem auto;\n                padding: 1rem;\n                background: white;\n                border-radius: 10px;\n                box-shadow: 0 2px 4px rgba(0,0,0,0.1);\n            }\n            \n            .curs-title {\n                background: #0988a9;\n                color: white;\n                padding: 1.5rem;\n                margin: 2rem 0 1.5rem 0;\n                border-radius: 8px;\n                font-size: 1.6em;\n                text-align: center;\n                box-shadow: 0 2px 4px rgba(9,136,169,0.2);\n            }\n            \n            .assignatura-row {\n                padding: 0.1rem 1rem 0.1rem 1rem;\n                margin: 0.4rem 0;\n                background: #f8f9fa;\n                border-left: 4px solid #F3E5F5;\n                display: grid;\n                grid-template-columns: 2fr 2fr .5fr;\n                gap: 1rem;\n                align-items: center;\n                border-radius: 0 4px 4px 0;\n                transition: all 0.2s ease;\n            }\n\n            .assignatura-row2 {\n                padding: 0.1rem 1rem 0.1rem 1rem;\n                margin: 0.4rem 0;\n                background: #f8f9fa;\n                border-left: 4px solid #F3E5F5;\n                display: grid;\n                grid-template-columns: 4fr 1fr;\n                gap: 1rem;\n                align-items: center;\n                border-radius: 0 4px 4px 0;\n                transition: all 0.2s ease;\n            }\n            \n            .assignatura-row:hover {\n                background: #f0f0f0;\n                transform: translateX(4px);\n            }\n\n            .assignatura-row2:hover {\n                background: #f0f0f0;\n                transform: translateX(4px);\n            }\n            \n            .modalitat-container {\n                background: white;\n                padding: 1rem;\n                border-radius: 8px;\n                box-shadow: 0 2px 4px rgba(0,0,0,0.05);\n                border: 1px solid #e0e0e0;\n            }\n            \n            .modalitat-headers {\n                display: grid;\n                grid-template-columns: 2fr 2fr .5fr;\n                gap: 1rem;\n                margin-bottom: 1rem;\n                padding: 0.8rem;\n            }\n            \n            .modalitat-header {\n                background: #92ae01;\n                color: white;\n                padding: 0.8rem;\n                text-align: center;\n                border-radius: 6px;\n                font-weight: bold;\n                box-shadow: 0 2px 4px rgba(9,136,169,0.2);\n            }\n            \n            .hores {\n                background: #0988a9;\n                color: white;\n                padding: 0.4rem 0.8rem;\n                border-radius: 4px;\n                font-size: 0.9em;\n                display: inline-block;\n                width: 95px;\n                text-align: right;\n                justify-self: right;\n            }\n            \n            .total-hores {\n                background: #0988a9;\n                color: white;\n                padding: 0.8rem 1.2rem;\n                text-align: right;\n                margin-top: 1rem;\n                border-radius: 6px;\n                font-weight: bold;\n                display: grid;\n                grid-template-columns: 2fr 2fr .5fr;\n                gap: 1rem;\n            }\n        \n            .modalitat-container2 {\n                display: grid;\n                grid-template-columns: repeat(2, 1fr);\n                gap: 1.5rem;\n                margin: 1.5rem 0;\n            }\n        \n            .modalitat-columna {\n                background: white;\n                padding: 1rem;\n                border-radius: 8px;\n                box-shadow: 0 2px 4px rgba(0,0,0,0.05);\n                border: 1px solid #e0e0e0;\n            }\n\n            @media (max-width: 768px) { \/*Responsable que s'adaptin les columnes *\/\n                .modalitat-headers {\n                    display: grid;\n                    grid-template-columns: repeat(auto-fit, minmax(150px, 1fr)); \/* Usa auto-fit y minmax para ajustar las columnas *\/\n                    gap: 0.5rem;\n                    margin-bottom: 1rem;\n                }\n            \n                .assignatura-row {\n                    grid-template-columns: repeat(auto-fit, minmax(150px, 1fr)); \/* Usa auto-fit y minmax para ajustar las columnas *\/\n                    gap: 0.5rem;\n                }\n            \n                .total-hores {\n                    grid-template-columns: repeat(auto-fit, minmax(150px, 1fr)); \/* Usa auto-fit y minmax para ajustar las columnas *\/\n                    gap: 0.5rem;\n                }\n                .modalitat-container2{\n                    grid-template-columns: repeat(auto-fit, minmax(150px, 1fr)); \/* Usa auto-fit y minmax para ajustar las columnas *\/\n                    gap: 0.5rem;\n                }\n            }\n    <\/style>\n<\/head>\n<body>\n    <div class=\"container\">\n        <div class=\"curs-title\">PFI Auxiliar de perruqueria i est\u00e8tica<\/div>\n\n        <div class=\"modalitat-container\">\n            <div class=\"modalitat-header\">M\u00f2duls de formaci\u00f3 professional<\/div>\n            <div style=\"padding: 1rem;\"><\/div>\n            <div class=\"modalitat-header\">M\u00f2duls referits a t\u00edtols de formaci\u00f3 professional b\u00e0sica<\/div>\n\n            <div class=\"modalitat-headers\">\n                <div class=\"modalitat-header\">M\u00f2dul Professional<\/div>\n                <div class=\"modalitat-header\">Unitats de compet\u00e8ncia<\/div>\n                <div class=\"modalitat-header\">Durada<\/div>\n            <\/div>\n\n            <div class=\"assignatura-row\">\n                <span>3060. Preparaci\u00f3 de l\u2019entorn\n                    professional<\/span>\n                <span>UC_2-0343-11_1: Realitzar processos\n                    de preparaci\u00f3 personal, del centre de\n                    bellesa i control de magatzem.<br>\n                    UC_2-0058-11_1: Preparar els equips i rentar\n                    i condicionar el cabell i cuir cabellut<\/span>\n                <span class=\"hores\">99 hores<\/span>\n\n            <\/div>\n            <div class=\"assignatura-row\">\n                <span>3064. Rentat i canvis de forma del\n                    cabell<\/span>\n                <span>UC_2-0059-11_1: Realitzar muntatges per\n                    als canvis de forma i inici del pentinat.<\/span>\n                <span class=\"hores\">198 hores<\/span>\n\n            <\/div>\n            <div class=\"assignatura-row\">\n                <span>3065. Canvi de color del cabell<\/span>\n                <span>UC_2-0060-11_1:\n                    Realitzar\n                    auxiliars de coloraci\u00f3 capil\u00b7lar.\n                    operacions<\/span>\n                <span class=\"hores\">185 hores<\/span>\n            <\/div>\n            <div class=\"assignatura-row\">\n                <span>Inclouen 200 h d&#8217;estada a l&#8217;empresa,<\/span>\n                <span><\/span>\n                <span><\/span>\n            <\/div>\n\n\n            <div class=\"modalitat-header\">M\u00f2duls de formaci\u00f3 professional espec\u00edfica del perfils professional<\/div>\n\n            <div class=\"modalitat-headers\">\n                <div class=\"modalitat-header\">M\u00f2duls<\/div>\n                <div><\/div>\n                <div class=\"modalitat-header\">Durada<\/div>\n            <\/div>\n\n            <div class=\"assignatura-row2\">\n                <span>MFPE047. Est\u00e8tica de mans i maquillatge social<\/span>\n                <span class=\"hores\">113 hores<\/span>\n            <\/div>\n\n\n            <div class=\"modalitat-header\">M\u00f2duls de formaci\u00f3 professional comuns a tots els perfils<\/div>\n\n            <div class=\"modalitat-headers\">\n                <div class=\"modalitat-header\">M\u00f2duls<\/div>\n                <div><\/div>\n                <div class=\"modalitat-header\">Durada<\/div>\n            <\/div>\n\n            <div class=\"assignatura-row2\">\n                <span>MP. Projecte<\/span>\n                <span class=\"hores\">26 hores<\/span>\n            <\/div>\n            <div class=\"assignatura-row2\">\n                <span>MPRL. M\u00f2dul de prevenci\u00f3 de riscos laborals<\/span>\n\n                <span class=\"hores\">30 hores<\/span>\n            <\/div>\n\n            <div class=\"total-hores\">\n                <span style=\"justify-self: left;\">Total hores lectives:<\/span>\n                <span><\/span>\n                <span style=\"justify-self: right;\" > 650 hores<\/span>\n            <\/div>\n            <div style=\"padding: 1rem;\"><\/div>\n\n        <div class=\"modalitat-header\">M\u00f2duls de formaci\u00f3 general<\/div>\n\n        <div class=\"modalitat-headers\">\n            <div class=\"modalitat-header\">M\u00f2duls<\/div>\n            <div><\/div>\n            <div class=\"modalitat-header\">Durada<\/div>\n        <\/div>\n\n        <div class=\"assignatura-row2\">\n            <span>MFG1. Estrat\u00e8gies i eines de comunicaci\u00f3<\/span>\n            <span class=\"hores\">110 hores<\/span>\n        <\/div>\n        <div class=\"assignatura-row2\">\n            <span>MFG2. Entorn social i territorial<\/span>\n            <span class=\"hores\">45 hores<\/span>\n        <\/div>\n        <div class=\"assignatura-row2\">\n            <span>MFG3. Estrat\u00e8gies i eines matem\u00e0tiques<\/span>\n            <span class=\"hores\">110 hores<\/span>\n        <\/div>\n        <div class=\"assignatura-row2\">\n            <span>MFG4. Incorporaci\u00f3 al m\u00f3n professional<\/span>\n            <span class=\"hores\">50 hores<\/span>\n        <\/div>\n\n        <div class=\"total-hores\">\n            <span style=\"justify-self: left;\">Total hores lectives:<\/span>\n            <span><\/span>\n            <span style=\"justify-self: right;\" > 315 hores<\/span>\n        <\/div>\n        \n        <div class=\"assignatura-row2\">\n            <span>Tutoria<\/span>\n            <span class=\"hores\">35 hores<\/span>\n        <\/div>\n\n\n\n    <\/div>\n    \n    <\/div>\n<\/body>\n<\/html>\n","protected":false},"excerpt":{"rendered":"<p>Descripci\u00f3<br \/>\nVols convertir-te en un expert de la imatge personal? El PFI d&#8217;Auxiliar de Perruqueria i Est\u00e8tica et donar\u00e0 l&#8217;oportunitat de formar-te en aquest fascinant sector.Aprendr\u00e0s t\u00e8cniques b\u00e0siques com el rentat i canvis de forma del cabell, el canvi de color, el maquillatge, la depilaci\u00f3, la&hellip;  <a href=\"https:\/\/agora.xtec.cat\/iesmalgrat\/estudis\/pfi-auxiliar-de-perruqueria-i-estetica\/\" title=\"Read PFI Auxiliar de perruqueria i est\u00e8tica\">Llegeix m\u00e9s\u00bb<\/a><\/p>\n","protected":false},"author":6,"featured_media":0,"parent":5868,"menu_order":14,"comment_status":"closed","ping_status":"close","template":"page-templates\/side-menu.php","meta":{"_bbp_topic_count":0,"_bbp_reply_count":0,"_bbp_total_topic_count":0,"_bbp_total_reply_count":0,"_bbp_voice_count":0,"_bbp_anonymous_reply_count":0,"_bbp_topic_count_hidden":0,"_bbp_reply_count_hidden":0,"_bbp_forum_subforum_count":0,"footnotes":""},"class_list":["post-6000","page","type-page","status-publish","hentry"],"post_mailing_queue_ids":[],"_links":{"self":[{"href":"https:\/\/agora.xtec.cat\/iesmalgrat\/wp-json\/wp\/v2\/pages\/6000","targetHints":{"allow":["GET"]}}],"collection":[{"href":"https:\/\/agora.xtec.cat\/iesmalgrat\/wp-json\/wp\/v2\/pages"}],"about":[{"href":"https:\/\/agora.xtec.cat\/iesmalgrat\/wp-json\/wp\/v2\/types\/page"}],"author":[{"embeddable":true,"href":"https:\/\/agora.xtec.cat\/iesmalgrat\/wp-json\/wp\/v2\/users\/6"}],"replies":[{"embeddable":true,"href":"https:\/\/agora.xtec.cat\/iesmalgrat\/wp-json\/wp\/v2\/comments?post=6000"}],"version-history":[{"count":6,"href":"https:\/\/agora.xtec.cat\/iesmalgrat\/wp-json\/wp\/v2\/pages\/6000\/revisions"}],"predecessor-version":[{"id":6198,"href":"https:\/\/agora.xtec.cat\/iesmalgrat\/wp-json\/wp\/v2\/pages\/6000\/revisions\/6198"}],"up":[{"embeddable":true,"href":"https:\/\/agora.xtec.cat\/iesmalgrat\/wp-json\/wp\/v2\/pages\/5868"}],"wp:attachment":[{"href":"https:\/\/agora.xtec.cat\/iesmalgrat\/wp-json\/wp\/v2\/media?parent=6000"}],"curies":[{"name":"wp","href":"https:\/\/api.w.org\/{rel}","templated":true}]}}