{"id":5895,"date":"2024-10-25T21:31:53","date_gmt":"2024-10-25T19:31:53","guid":{"rendered":"https:\/\/agora.xtec.cat\/iesmalgrat\/?page_id=5895"},"modified":"2024-11-05T18:29:20","modified_gmt":"2024-11-05T17:29:20","slug":"curriculum-eso","status":"publish","type":"page","link":"https:\/\/agora.xtec.cat\/iesmalgrat\/estudis\/eso\/curriculum-eso\/","title":{"rendered":"Curriculum ESO"},"content":{"rendered":"\n<!DOCTYPE html>\n<html lang=\"ca\">\n<head>\n    <meta charset=\"UTF-8\">\n    <style>\n        * {\n            box-sizing: border-box;\n            margin: 0;\n            padding: 0;\n            font-family: Arial, sans-serif;\n        }\n\n        .container {\n            max-width: 1400px;\n            margin: 2rem auto;\n            padding: 0 1rem;\n        }\n\n        .main-title {\n            background: #0988a9;\n            color: white;\n            padding: 1.5rem;\n            margin: 1rem 0;\n            border-radius: 5px;\n            text-align: center;\n            font-size: 1.8em;\n        }\n\n        .curs-title {\n            background: #92ae01;\n            color: white;\n            padding: 1rem;\n            margin: 1rem 0;\n            border-radius: 5px;\n            text-align: center;\n            font-weight: bold;\n        }\n\n        .section-title {\n            background: #0988a9;\n            color: white;\n            padding: 0.8rem;\n            margin: 0.5rem 0;\n            border-radius: 5px;\n            font-weight: bold;\n        }\n\n        .materies-container {\n            display: grid;\n            grid-template-columns: repeat(3, 1fr);\n            gap: 0.5rem;\n            margin: 0.5rem 0;\n        }\n\n        .materia-header {\n            background: #0988a9;\n            color: white;\n            padding: 0.5rem;\n            border-radius: 3px;\n            font-weight: bold;\n            text-align: center;\n        }\n\n        .materia {\n            padding: 0.1rem 1rem 0.1rem 1rem;\n            margin: 0.rem 0;\n            background: #f8f9fa;\n            border-left: 4px solid #92ae01;\n            display: flex;\n            justify-content: space-between;\n            align-items: center;\n            border-radius: 0 4px 4px 0;\n            transition: all 0.2s ease;\n            \n        }\n\n        .materia:hover {\n            background: #f0f0f0;\n            transform: translateX(4px);\n        }\n\n        .hores {\n            background: #0988a9;\n            color: white;\n            padding: 0.4rem 0.8rem;\n            border-radius: 4px;\n            font-size: 0.9em;\n            min-width: 45px;\n            text-align: center;\n        }\n\n        .total-row {\n            background: #f0f0f0;\n            padding: 0.8rem;\n            margin-top: 1rem;\n            border-radius: 5px;\n            display: grid;\n            grid-template-columns: 2fr repeat(3, 1fr);\n            gap: 0.5rem;\n            font-weight: bold;\n        }\n\n        .trimestre-container {\n            display: grid;\n            grid-template-columns: repeat(3, 1fr);\n            gap: 0.5rem;\n        }\n\n        .trimestre {\n            text-align: center;\n            padding: 0.3rem;\n            background: #f9f9f9;\n            border-radius: 3px;\n        }\n\n        .credits {\n            color: #0988a9;\n            font-weight: bold;\n        }\n\n        .itinerari-container {\n            display: grid;\n            grid-template-columns: repeat(4, 1fr);\n            gap: 1rem;\n            margin: 1rem 0;\n        }\n\n        .itinerari-columna {\n            background: #f9f9f9;\n            padding: .1rem;\n            border-radius: 5px;\n        }\n\n        .total-hores {\n            background: #0988a9;\n            color: white;\n            padding: 0.8rem 1.2rem;\n            text-align: right;\n            margin-top: 1rem;\n            border-radius: 6px;\n            font-weight: bold;\n        }\n\n    <\/style>\n<\/head>\n<!DOCTYPE html>\n<html lang=\"ca\">\n<head>\n    <meta charset=\"UTF-8\">\n    <title>Curr\u00edculum ESO<\/title>\n<\/head>\n<body>\n<div class=\"container\">\n    <div class=\"main-title\">\n        CURR\u00cdCULUM EDUCACI\u00d3 SECUND\u00c0RIA OBLIGAT\u00d2RIA\n        <div style=\"font-size: 0.8em; margin-top: 0.5rem\">\n            2022 &#8211; 2026\n        <\/div>\n    <\/div>\n\n    <!-- 1r ESO -->\n    <div class=\"curs-title\">1r ESO<\/div>\n    <div class=\"section-title\">MAT\u00c8RIES COMUNES<\/div>\n\n    <div class=\"materies-container\">\n        <div class=\"materia\">Llengua i literatura catalana <span class=\"hores\">3h<\/span><\/div>\n        <div class=\"materia\">Llengua i literatura castellana <span class=\"hores\">3h<\/span><\/div>\n        <div class=\"materia\">Llengua estrangera <span class=\"hores\">3h<\/span><\/div>\n        <div class=\"materia\">Socials &#8211; Geografia i hist\u00f2ria <span class=\"hores\">3h<\/span><\/div>\n        <div class=\"materia\">Matem\u00e0tiques <span class=\"hores\">3h<\/span><\/div>\n        <div class=\"materia\">Educaci\u00f3 f\u00edsica <span class=\"hores\">2h<\/span><\/div>\n        <div class=\"materia\">Biologia i geologia <span class=\"hores\">3h<\/span><\/div>\n        <div class=\"materia\">Tecnologia <span class=\"hores\">2h<\/span><\/div>\n        <div class=\"materia\">M\u00fasica <span class=\"hores\">2h<\/span><\/div>\n        <div class=\"materia\">Educaci\u00f3 visual i pl\u00e0stica <span class=\"hores\">2h<\/span><\/div>\n        <div class=\"materia\">Tutoria <span class=\"hores\">1h<\/span><\/div>\n\n    <\/div>\n\n    <div class=\"section-title\">MAT\u00c8RIES ESPEC\u00cdFIQUES<\/div>\n    <div class=\"materies-container\">\n        <div class=\"materia\">Projecte 1r <span class=\"hores\">3h<\/span><\/div>\n    <\/div>\n    <div class=\"total-hores\">Total hores setmanals: 30<\/div>\n\n\n    <!-- 2n ESO -->\n    <div class=\"curs-title\">2n ESO<\/div>\n    <div class=\"section-title\">MAT\u00c8RIES COMUNES<\/div>\n\n    <div class=\"materies-container\">\n        <div class=\"materia\">Llengua i literatura catalana <span class=\"hores\">3h<\/span><\/div>\n        <div class=\"materia\">Llengua i literatura castellana <span class=\"hores\">3h<\/span><\/div>\n        <div class=\"materia\">Llengua estrangera <span class=\"hores\">4h<\/span><\/div>\n        <div class=\"materia\">Socials &#8211; Geografia i hist\u00f2ria <span class=\"hores\">4h<\/span><\/div>\n        <div class=\"materia\">Matem\u00e0tiques <span class=\"hores\">3h<\/span><\/div>\n        <div class=\"materia\">Educaci\u00f3 f\u00edsica <span class=\"hores\">2h<\/span><\/div>\n        <div class=\"materia\">F\u00edsica i qu\u00edmica <span class=\"hores\">3h<\/span><\/div>\n        <div class=\"materia\">Tecnologia <span class=\"hores\">2h<\/span><\/div>\n        <div class=\"materia\">Educaci\u00f3 visual i pl\u00e0stica <span class=\"hores\">2h<\/span><\/div>\n        <div class=\"materia\">Tutoria <span class=\"hores\">1h<\/span><\/div>\n    <\/div>\n\n    <div class=\"section-title\">MAT\u00c8RIES ESPEC\u00cdFIQUES<\/div>\n    <div class=\"materies-container\">\n        <div class=\"materia\">Projecte 2n <span class=\"hores\">3h<\/span><\/div>\n    <\/div>\n    <div class=\"total-hores\">Total hores setmanals: 30<\/div>\n\n\n    <!-- 3r ESO -->\n    <div class=\"curs-title\">3r ESO<\/div>\n    <div class=\"section-title\">MAT\u00c8RIES COMUNES<\/div>\n\n    <div class=\"materies-container\">\n        <div class=\"materia\">Llengua i literatura catalana <span class=\"hores\">3h<\/span><\/div>\n        <div class=\"materia\">Llengua i literatura castellana <span class=\"hores\">4h<\/span><\/div>\n        <div class=\"materia\">Llengua estrangera <span class=\"hores\">3h<\/span><\/div>\n        <div class=\"materia\">Socials &#8211; Geografia i hist\u00f2ria <span class=\"hores\">3h<\/span><\/div>\n        <div class=\"materia\">Matem\u00e0tiques <span class=\"hores\">4h<\/span><\/div>\n        <div class=\"materia\">Educaci\u00f3 f\u00edsica <span class=\"hores\">2h<\/span><\/div>\n        <div class=\"materia\">Biologia i geologia <span class=\"hores\">2h<\/span><\/div>\n        <div class=\"materia\">F\u00edsica i qu\u00edmica <span class=\"hores\">2h<\/span><\/div>\n        <div class=\"materia\">Tecnologia <span class=\"hores\">2h<\/span><\/div>\n        <div class=\"materia\">M\u00fasica <span class=\"hores\">2h<\/span><\/div>\n        <div class=\"materia\">Mat\u00e9ria espec\u00edfica optativa <span class=\"hores\">2h<\/span><\/div>\n        <div class=\"materia\">Tutoria <span class=\"hores\">1h<\/span><\/div>\n    <\/div>\n\n    <div class=\"section-title\">MAT\u00c8RIA ESPEC\u00cdFICA OPTATIVA<\/div>\n    <div class=\"materies-container\">\n        <div class=\"materia\">Alemany<\/div>\n        <div class=\"materia\">Angl\u00e8s<\/div>\n        <div class=\"materia\">Revista<\/div>\n        <div class=\"materia\">Ci\u00e8ncies<\/div>\n        <div class=\"materia\">Cultura cl\u00e0ssica<\/div>\n        <div class=\"materia\">M\u00fasica<\/div>\n        <div class=\"materia\">Castell\u00e0<\/div>\n    <\/div>\n\n    <div class=\"total-hores\">Total hores setmanals: 30<\/div>\n\n    <!-- 4t ESO -->\n    <div class=\"curs-title\">4t ESO<\/div>\n    <div class=\"section-title\">MAT\u00c8RIES COMUNES<\/div>\n\n    <div class=\"materies-container\">\n        <div class=\"materia\">Llengua i literatura catalana <span class=\"hores\">4h<\/span><\/div>\n        <div class=\"materia\">Llengua i literatura castellana <span class=\"hores\">3h<\/span><\/div>\n        <div class=\"materia\">Llengua estrangera <span class=\"hores\">3h<\/span><\/div>\n        <div class=\"materia\">Socials &#8211; Geografia i hist\u00f2ria <span class=\"hores\">3h<\/span><\/div>\n        <div class=\"materia\">Matem\u00e0tiques <span class=\"hores\">4h<\/span><\/div>\n        <div class=\"materia\">Educaci\u00f3 f\u00edsica <span class=\"hores\">2h<\/span><\/div>\n        <div class=\"materia\">Cultura i valors \u00e8tics <span class=\"hores\">1h<\/span><\/div>\n        <div class=\"materia\">Tutoria <span class=\"hores\">1h<\/span><\/div>\n    <\/div>\n\n    <div class=\"section-title\">MAT\u00c8RIES ESPEC\u00cdFIQUES<\/div>\n\n\n    <div class=\"itinerari-container\">\n        <div class=\"itinerari-columna\">\n            <div class=\"materia-header\">\n                Opci\u00f3 Acad\u00e8mica<br>\n                Itinerari ci\u00e8ncies i tecnologia\n            <\/div>\n            <div class=\"materia\">F\u00edsica i qu\u00edmica <span class=\"hores\">3h<\/span><\/div>\n            <div class=\"materia\">Biologia i geologia <span class=\"hores\">3h<\/span><\/div>\n            <div class=\"materia\">Optativa <span class=\"hores\">3h<\/span><\/div>\n\n        <\/div>\n\n        <div class=\"itinerari-columna\">\n            <div class=\"materia-header\">\n                Opci\u00f3 acad\u00e8mica<br>\n                Itinerari humanitats i C.Socials\n            <\/div>\n            <div class=\"materia\">Llat\u00ed: llengua i cultura <span class=\"hores\">3h<\/span><\/div>\n            <div class=\"materia\">Economia b\u00e0sica <span class=\"hores\">3h<\/span><\/div>\n            <div class=\"materia\">Optativa <span class=\"hores\">3h<\/span><\/div>\n        <\/div>\n\n        <div class=\"itinerari-columna\">\n            <div class=\"materia-header\">\n                Opci\u00f3 Aplicada<br>\n                Itinerari CF Industrials\n            <\/div>\n            <div class=\"materia\">Digitalitzaci\u00f3 <span class=\"hores\">3h<\/span><\/div>\n            <div class=\"materia\">Biologia i geologia aplicades <span class=\"hores\">3h<\/span><\/div>\n            <div class=\"materia\">Optativa <span class=\"hores\">3h<\/span><\/div>        <\/div>\n\n        <div class=\"itinerari-columna\">\n            <div class=\"materia-header\">\n                Opci\u00f3 Aplicada<br>\n                Itinerari CF Serveis\n            <\/div>\n            <div class=\"materia\">Digitalitzaci\u00f3 <span class=\"hores\">3h<\/span><\/div>\n            <div class=\"materia\">Emprenedoria <span class=\"hores\">3h<\/span><\/div>\n            <div class=\"materia\">Optativa <span class=\"hores\">3h<\/span><\/div>        <\/div>\n    <\/div>\n\n    <div class=\"section-title\">Optativa<\/div>\n\n    <div class=\"materies-container\">\n        <div class=\"materia\">Alemany<\/div>\n        <div class=\"materia\">Filosofia<\/div>\n        <div class=\"materia\">Dibuix<\/div>\n        <div class=\"materia\">Tecnologia<\/div>\n        <div class=\"materia\">FOL<\/div>\n    <\/div>\n\n    <div class=\"total-hores\">Total hores setmanals: 30<\/div>\n\n<\/div>\n<\/body>\n<\/html>\n\n","protected":false},"excerpt":{"rendered":"<p>        * {<br \/>\n            box-sizing: border-box;<br \/>\n            margin: 0;<br \/>\n &hellip;  <a href=\"https:\/\/agora.xtec.cat\/iesmalgrat\/estudis\/eso\/curriculum-eso\/\" title=\"Read Curriculum ESO\">Llegeix m\u00e9s\u00bb<\/a><\/p>\n","protected":false},"author":6,"featured_media":0,"parent":6078,"menu_order":2,"comment_status":"closed","ping_status":"close","template":"page-templates\/side-menu.php","meta":{"_bbp_topic_count":0,"_bbp_reply_count":0,"_bbp_total_topic_count":0,"_bbp_total_reply_count":0,"_bbp_voice_count":0,"_bbp_anonymous_reply_count":0,"_bbp_topic_count_hidden":0,"_bbp_reply_count_hidden":0,"_bbp_forum_subforum_count":0,"footnotes":""},"class_list":["post-5895","page","type-page","status-publish","hentry"],"post_mailing_queue_ids":[],"_links":{"self":[{"href":"https:\/\/agora.xtec.cat\/iesmalgrat\/wp-json\/wp\/v2\/pages\/5895","targetHints":{"allow":["GET"]}}],"collection":[{"href":"https:\/\/agora.xtec.cat\/iesmalgrat\/wp-json\/wp\/v2\/pages"}],"about":[{"href":"https:\/\/agora.xtec.cat\/iesmalgrat\/wp-json\/wp\/v2\/types\/page"}],"author":[{"embeddable":true,"href":"https:\/\/agora.xtec.cat\/iesmalgrat\/wp-json\/wp\/v2\/users\/6"}],"replies":[{"embeddable":true,"href":"https:\/\/agora.xtec.cat\/iesmalgrat\/wp-json\/wp\/v2\/comments?post=5895"}],"version-history":[{"count":3,"href":"https:\/\/agora.xtec.cat\/iesmalgrat\/wp-json\/wp\/v2\/pages\/5895\/revisions"}],"predecessor-version":[{"id":5974,"href":"https:\/\/agora.xtec.cat\/iesmalgrat\/wp-json\/wp\/v2\/pages\/5895\/revisions\/5974"}],"up":[{"embeddable":true,"href":"https:\/\/agora.xtec.cat\/iesmalgrat\/wp-json\/wp\/v2\/pages\/6078"}],"wp:attachment":[{"href":"https:\/\/agora.xtec.cat\/iesmalgrat\/wp-json\/wp\/v2\/media?parent=5895"}],"curies":[{"name":"wp","href":"https:\/\/api.w.org\/{rel}","templated":true}]}}