{"id":57,"date":"2014-09-17T17:01:07","date_gmt":"2014-09-17T17:01:07","guid":{"rendered":"http:\/\/agora.xtec.cat\/iesmalgrat\/?page_id=57"},"modified":"2024-12-12T10:34:57","modified_gmt":"2024-12-12T09:34:57","slug":"projecte-educatiu","status":"publish","type":"page","link":"https:\/\/agora.xtec.cat\/iesmalgrat\/linstitut\/projecte-educatiu\/","title":{"rendered":"Projecte educatiu"},"content":{"rendered":"<p style=\"text-align: justify;\"><a href=\"https:\/\/agora.xtec.cat\/iesmalgrat\/wp-content\/uploads\/usu615\/2024\/09\/napkin-selection-15.png\"><img loading=\"lazy\" decoding=\"async\" class=\"aligncenter wp-image-5534\" src=\"https:\/\/agora.xtec.cat\/iesmalgrat\/wp-content\/uploads\/usu615\/2024\/09\/napkin-selection-15-1024x730.png\" alt=\"\" width=\"499\" height=\"356\" srcset=\"https:\/\/agora.xtec.cat\/iesmalgrat\/wp-content\/uploads\/usu615\/2024\/09\/napkin-selection-15-1024x730.png 1024w, https:\/\/agora.xtec.cat\/iesmalgrat\/wp-content\/uploads\/usu615\/2024\/09\/napkin-selection-15-300x214.png 300w, https:\/\/agora.xtec.cat\/iesmalgrat\/wp-content\/uploads\/usu615\/2024\/09\/napkin-selection-15-768x547.png 768w, https:\/\/agora.xtec.cat\/iesmalgrat\/wp-content\/uploads\/usu615\/2024\/09\/napkin-selection-15.png 1083w\" sizes=\"auto, (max-width: 499px) 100vw, 499px\" \/><\/a> El Projecte Educatiu de Centre, anomenat col\u00b7loquialment PEC, \u00e9s un document de gesti\u00f3 que enumera i defineix els trets d\u2019identitat del nostre INS, formula els objectius que perseguim amb la nostra acci\u00f3 educativa, i concreta una estructura organitzativa per a portar-los a terme. D&#8217;aquest document-base es deriven altres documents que en formen part i que regulen les accions al centre. S\u00f3n els seg\u00fcents:<\/p>\n<ul style=\"text-align: justify;\">\n<li><span style=\"color: #000000;\"><strong>Projecte Ling\u00fc\u00edstic de Centre (PLC<span style=\"text-decoration: underline;\">)<\/span><\/strong><\/span>: El projecte ling\u00fc\u00edstic \u00e9s l\u2019element del projecte educatiu que recull els aspectes relatius a l&#8217;ensenyament i l&#8217;\u00fas de les lleng\u00fces al centre. L&#8217;objectiu fonamental ser\u00e0 aconseguir que tot l&#8217;alumnat assoleixi una s\u00f2lida compet\u00e8ncia comunicativa en acabar l&#8217;educaci\u00f3 obligat\u00f2ria, de manera que pugui utilitzar normalment i de manera correcta el catal\u00e0 i el castell\u00e0 i pugui comprendre i emetre missatges orals i escrits senzills en llengua anglesa i llengua alemanya (si l&#8217;alumne cursa, optativament, llengua alemanya al llarg de l&#8217;etapa).<\/li>\n<li><span style=\"color: #000080;\"><span style=\"color: #000000;\"><strong>Normes d&#8217;organitzaci\u00f3 i funcionament (NOFC)<\/strong><\/span>:<\/span> Vegeu l&#8217;apartat corresponent.<\/li>\n<li><strong>Projecte de Conviv\u00e8ncia (PdC)<\/strong>: Vegeu l&#8217;apartat corresponent.<\/li>\n<li><strong>Programa #aquiproubullying<\/strong>: Vegeu <a href=\"https:\/\/agora.xtec.cat\/iesmalgrat\/projectes\/programa-aquiproubullying\/\">https:\/\/agora.xtec.cat\/iesmalgrat\/projectes\/programa-aquiproubullying\/<\/a><\/li>\n<li><a href=\"https:\/\/drive.google.com\/file\/d\/1jsta3ieOtyFVXMxLKb0gcSBoOf1qDoib\/view?usp=drive_link\"><strong><span style=\"text-decoration: underline;\">Projecte de Direcci\u00f3 2024 &#8211; 2028<\/span><\/strong> <\/a>: El Projecte de Direcci\u00f3 \u00e9s el document on es concreta el desplegament i l&#8217;aplicaci\u00f3 del Projecte Educatiu de Centre (PEC) per al per\u00edode de mandat de la Direcci\u00f3 i l&#8217;estructura organitzativa del centre. Inclou els indicadors que han de servir, posteriorment, per avaluar l&#8217;exercici de la Direcci\u00f3. Es concreta, cada curs, mitjan\u00e7ant les denominades Programacions Generals Anuals (PGA) que planifiquen i temporalitzen iniciatives, estrat\u00e8gies i activitats concretes per assolir els objectius formulats en el projecte.<\/li>\n<\/ul>\n<p style=\"text-align: center;\"><a href=\"https:\/\/drive.google.com\/file\/d\/1Co11KgilTDu0dhRVxMFenFOX9H2-Dt5D\/view\"> Acc\u00e9s al document Projecte educatiu de centre<\/a><\/p>\n","protected":false},"excerpt":{"rendered":"<p><a href=\"https:\/\/agora.xtec.cat\/iesmalgrat\/wp-content\/uploads\/usu615\/2024\/09\/napkin-selection-15.png\"><\/a> El Projecte Educatiu de Centre, anomenat col\u00b7loquialment PEC, \u00e9s un document de gesti\u00f3 que enumera i defineix els trets d\u2019identitat del nostre INS, formula els objectius que perseguim amb la nostra acci\u00f3 educativa, i concreta una estructura organitzativa per a portar-los a terme.&hellip;  <a href=\"https:\/\/agora.xtec.cat\/iesmalgrat\/linstitut\/projecte-educatiu\/\" title=\"Read Projecte educatiu\">Llegeix m\u00e9s\u00bb<\/a><\/p>\n","protected":false},"author":1,"featured_media":0,"parent":19,"menu_order":4,"comment_status":"closed","ping_status":"closed","template":"page-templates\/side-menu.php","meta":{"_bbp_topic_count":0,"_bbp_reply_count":0,"_bbp_total_topic_count":0,"_bbp_total_reply_count":0,"_bbp_voice_count":0,"_bbp_anonymous_reply_count":0,"_bbp_topic_count_hidden":0,"_bbp_reply_count_hidden":0,"_bbp_forum_subforum_count":0,"footnotes":""},"class_list":["post-57","page","type-page","status-publish","hentry"],"post_mailing_queue_ids":[],"_links":{"self":[{"href":"https:\/\/agora.xtec.cat\/iesmalgrat\/wp-json\/wp\/v2\/pages\/57","targetHints":{"allow":["GET"]}}],"collection":[{"href":"https:\/\/agora.xtec.cat\/iesmalgrat\/wp-json\/wp\/v2\/pages"}],"about":[{"href":"https:\/\/agora.xtec.cat\/iesmalgrat\/wp-json\/wp\/v2\/types\/page"}],"author":[{"embeddable":true,"href":"https:\/\/agora.xtec.cat\/iesmalgrat\/wp-json\/wp\/v2\/users\/1"}],"replies":[{"embeddable":true,"href":"https:\/\/agora.xtec.cat\/iesmalgrat\/wp-json\/wp\/v2\/comments?post=57"}],"version-history":[{"count":6,"href":"https:\/\/agora.xtec.cat\/iesmalgrat\/wp-json\/wp\/v2\/pages\/57\/revisions"}],"predecessor-version":[{"id":6334,"href":"https:\/\/agora.xtec.cat\/iesmalgrat\/wp-json\/wp\/v2\/pages\/57\/revisions\/6334"}],"up":[{"embeddable":true,"href":"https:\/\/agora.xtec.cat\/iesmalgrat\/wp-json\/wp\/v2\/pages\/19"}],"wp:attachment":[{"href":"https:\/\/agora.xtec.cat\/iesmalgrat\/wp-json\/wp\/v2\/media?parent=57"}],"curies":[{"name":"wp","href":"https:\/\/api.w.org\/{rel}","templated":true}]}}