{"id":547,"date":"2017-01-31T16:05:11","date_gmt":"2017-01-31T15:05:11","guid":{"rendered":"http:\/\/agora.xtec.cat\/iesmalgrat\/?page_id=547"},"modified":"2024-10-04T21:50:52","modified_gmt":"2024-10-04T19:50:52","slug":"trets-definitoris","status":"publish","type":"page","link":"https:\/\/agora.xtec.cat\/iesmalgrat\/linstitut\/trets-definitoris\/","title":{"rendered":"Hist\u00f2ria del centre i trets definitoris"},"content":{"rendered":"<p style=\"text-align: justify;\">L\u2019Institut Ramon Turr\u00f3 i Darder va ser inaugurat el gener de l\u2019any 1993, amb molta il\u00b7lusi\u00f3, pel personal docent de Malgrat de Mar. Va iniciar les seves activitats impartint els estudis de BUP, COU i FP-1. Ben aviat, van arribar els estudis d\u2019ESO, Batxillerat LOGSE i el Cicle de Grau Mig d\u2019Instal\u00b7laci\u00f3 i manteniment electromec\u00e0nic de maquin\u00e0ria i conducci\u00f3 de l\u00ednies. Durant un breu per\u00edode es va impartir el Cicle Formatiu de Grau Superior de Desenvolupament d\u2019aplicacions inform\u00e0tiques.<a href=\"https:\/\/agora.xtec.cat\/iesmalgrat\/wp-content\/uploads\/usu615\/2024\/10\/Captura-de-pantalla-2024-10-04-214602.png\"><img loading=\"lazy\" decoding=\"async\" class=\"size-medium wp-image-5632 alignleft\" src=\"https:\/\/agora.xtec.cat\/iesmalgrat\/wp-content\/uploads\/usu615\/2024\/10\/Captura-de-pantalla-2024-10-04-214602-300x240.png\" alt=\"\" width=\"300\" height=\"240\" srcset=\"https:\/\/agora.xtec.cat\/iesmalgrat\/wp-content\/uploads\/usu615\/2024\/10\/Captura-de-pantalla-2024-10-04-214602-300x240.png 300w, https:\/\/agora.xtec.cat\/iesmalgrat\/wp-content\/uploads\/usu615\/2024\/10\/Captura-de-pantalla-2024-10-04-214602.png 533w\" sizes=\"auto, (max-width: 300px) 100vw, 300px\" \/><\/a><\/p>\n<p style=\"text-align: justify;\">En paral\u00b7lel es va implantar una nova fam\u00edlia professional, Imatge Personal, primer amb el Cicle Formatiu de Grau Mitj\u00e0 de Perruqueria (2010 a 2012) i, m\u00e9s tard, amb el Cicle Formatiu de Grau Mitj\u00e0 d\u2019Est\u00e8tica (2015-2016). Des del curs 2019-2020 s\u2019imparteix el Cicle Formatiu de Grau Mitj\u00e0 de Producci\u00f3 Agroecol\u00f2gica (PAE), en r\u00e8gim dual.<\/p>\n<p style=\"text-align: justify;\">El curs 2018 \u2013 2019 es va celebrar el 25\u00e8 aniversari del centre i es va editar un n\u00famero especial de la revista GalimatIES sobre la hist\u00f2ria del centre, que podeu fullejar<a href=\"https:\/\/drive.google.com\/file\/d\/1fpMxGCfGoaNWVRNnJZ-qhe5Adf6XkkCW\/view?usp=drive_link\"> aqu\u00ed<\/a>. Des de llavors hem seguit els seg\u00fcents principis:<\/p>\n<p><a href=\"https:\/\/agora.xtec.cat\/iesmalgrat\/wp-content\/uploads\/usu615\/2024\/09\/napkin-selection-10.png\"><img loading=\"lazy\" decoding=\"async\" class=\"wp-image-5521 alignright\" src=\"https:\/\/agora.xtec.cat\/iesmalgrat\/wp-content\/uploads\/usu615\/2024\/09\/napkin-selection-10-300x228.png\" alt=\"\" width=\"400\" height=\"304\" srcset=\"https:\/\/agora.xtec.cat\/iesmalgrat\/wp-content\/uploads\/usu615\/2024\/09\/napkin-selection-10-300x228.png 300w, https:\/\/agora.xtec.cat\/iesmalgrat\/wp-content\/uploads\/usu615\/2024\/09\/napkin-selection-10-768x584.png 768w, https:\/\/agora.xtec.cat\/iesmalgrat\/wp-content\/uploads\/usu615\/2024\/09\/napkin-selection-10.png 930w\" sizes=\"auto, (max-width: 400px) 100vw, 400px\" \/><\/a><\/p>\n<ul class=\"uk-list uk-list-space\">\n<li style=\"text-align: justify;\">La voluntat de l\u2019INS Ramon Turr\u00f3 i Darder \u00e9s fomentar l\u2019esperit cr\u00edtic dels seus alumnes, capacitar-los per prendre decisions, inculcar una actitud responsable en la feina i respectuosa vers la societat i l\u2019entorn i tamb\u00e9 el fet que se sentin satisfets i predisposats a l\u2019aprenentatge continu.<\/li>\n<li>El nostre centre vol transmetre als seus alumnes els valors b\u00e0sics d\u2019una societat democr\u00e0tica, plural i aconfessional, \u00e9s a dir, respecte, llibertat, responsabilitat, solidaritat, di\u00e0leg i la participaci\u00f3 de tots i totes.<\/li>\n<li style=\"text-align: justify;\">Garantim un \u00fas normalitzador i no discriminatori de les dues lleng\u00fces oficials. El catal\u00e0 \u00e9s la llengua de comunicaci\u00f3 oral i escrita del centre. Tamb\u00e9 es facilitar\u00e0, dins del curr\u00edculum ordinari (Llengua anglesa) i del curr\u00edculum optatiu (Llengua alemanya), el coneixement de lleng\u00fces estrangeres.<\/li>\n<li style=\"text-align: justify;\">Volem potenciar les capacitats de cada alumne i es fonamenta en un tracte personalitzat que s&#8217;orienta a l&#8217;obtenci\u00f3 de les titulacions que s&#8217;imparteixen al centre, facilitar la inserci\u00f3 dels joves en el m\u00f3n laboral i tamb\u00e9 l\u2019acc\u00e9s a la Universitat.<\/li>\n<li style=\"text-align: justify;\">Som un centre escolar obert i participatiu en les activitats de car\u00e0cter social i dona suport a iniciatives d\u2019inter\u00e8s en relaci\u00f3 amb altres centres escolars.<\/li>\n<li style=\"text-align: justify;\">La nostra gesti\u00f3 es fonamenta en la transpar\u00e8ncia i en la participaci\u00f3 activa de tota la comunitat educativa i es promouen els mecanismes necessaris per fer-les efectives.<\/li>\n<li style=\"text-align: justify;\">L\u2019INS Ramon Turr\u00f3 i Darder crea condicions adequades per estimular el treball en equip i la relaci\u00f3 personal de professors, alumnes i personal no docent.<\/li>\n<\/ul>\n","protected":false},"excerpt":{"rendered":"<p>L\u2019Institut Ramon Turr\u00f3 i Darder va ser inaugurat el gener de l\u2019any 1993, amb molta il\u00b7lusi\u00f3, pel personal docent de Malgrat de Mar. Va iniciar les seves activitats impartint els estudis de BUP, COU i FP-1. Ben aviat, van arribar els estudis d\u2019ESO, Batxillerat LOGSE&hellip;  <a href=\"https:\/\/agora.xtec.cat\/iesmalgrat\/linstitut\/trets-definitoris\/\" title=\"Read Hist\u00f2ria del centre i trets definitoris\">Llegeix m\u00e9s\u00bb<\/a><\/p>\n","protected":false},"author":8,"featured_media":0,"parent":19,"menu_order":3,"comment_status":"closed","ping_status":"closed","template":"page-templates\/side-menu.php","meta":{"_bbp_topic_count":0,"_bbp_reply_count":0,"_bbp_total_topic_count":0,"_bbp_total_reply_count":0,"_bbp_voice_count":0,"_bbp_anonymous_reply_count":0,"_bbp_topic_count_hidden":0,"_bbp_reply_count_hidden":0,"_bbp_forum_subforum_count":0,"footnotes":""},"class_list":["post-547","page","type-page","status-publish","hentry"],"post_mailing_queue_ids":[],"_links":{"self":[{"href":"https:\/\/agora.xtec.cat\/iesmalgrat\/wp-json\/wp\/v2\/pages\/547","targetHints":{"allow":["GET"]}}],"collection":[{"href":"https:\/\/agora.xtec.cat\/iesmalgrat\/wp-json\/wp\/v2\/pages"}],"about":[{"href":"https:\/\/agora.xtec.cat\/iesmalgrat\/wp-json\/wp\/v2\/types\/page"}],"author":[{"embeddable":true,"href":"https:\/\/agora.xtec.cat\/iesmalgrat\/wp-json\/wp\/v2\/users\/8"}],"replies":[{"embeddable":true,"href":"https:\/\/agora.xtec.cat\/iesmalgrat\/wp-json\/wp\/v2\/comments?post=547"}],"version-history":[{"count":5,"href":"https:\/\/agora.xtec.cat\/iesmalgrat\/wp-json\/wp\/v2\/pages\/547\/revisions"}],"predecessor-version":[{"id":5633,"href":"https:\/\/agora.xtec.cat\/iesmalgrat\/wp-json\/wp\/v2\/pages\/547\/revisions\/5633"}],"up":[{"embeddable":true,"href":"https:\/\/agora.xtec.cat\/iesmalgrat\/wp-json\/wp\/v2\/pages\/19"}],"wp:attachment":[{"href":"https:\/\/agora.xtec.cat\/iesmalgrat\/wp-json\/wp\/v2\/media?parent=547"}],"curies":[{"name":"wp","href":"https:\/\/api.w.org\/{rel}","templated":true}]}}