{"id":4973,"date":"2023-12-15T09:37:21","date_gmt":"2023-12-15T08:37:21","guid":{"rendered":"https:\/\/agora.xtec.cat\/iesmalgrat\/?page_id=4973"},"modified":"2024-10-12T09:18:51","modified_gmt":"2024-10-12T07:18:51","slug":"pla-de-comunicacio","status":"publish","type":"page","link":"https:\/\/agora.xtec.cat\/iesmalgrat\/linstitut\/pla-de-comunicacio\/","title":{"rendered":"Pla de comunicaci\u00f3"},"content":{"rendered":"<p style=\"text-align: justify;\"><strong><a href=\"https:\/\/agora.xtec.cat\/iesmalgrat\/wp-content\/uploads\/usu615\/2024\/09\/napkin-selection-14.png\"><img loading=\"lazy\" decoding=\"async\" class=\"alignright wp-image-5531\" src=\"https:\/\/agora.xtec.cat\/iesmalgrat\/wp-content\/uploads\/usu615\/2024\/09\/napkin-selection-14-300x118.png\" alt=\"Carta de comunicaci\u00f3\" width=\"401\" height=\"158\" srcset=\"https:\/\/agora.xtec.cat\/iesmalgrat\/wp-content\/uploads\/usu615\/2024\/09\/napkin-selection-14-300x118.png 300w, https:\/\/agora.xtec.cat\/iesmalgrat\/wp-content\/uploads\/usu615\/2024\/09\/napkin-selection-14-1024x404.png 1024w, https:\/\/agora.xtec.cat\/iesmalgrat\/wp-content\/uploads\/usu615\/2024\/09\/napkin-selection-14-768x303.png 768w, https:\/\/agora.xtec.cat\/iesmalgrat\/wp-content\/uploads\/usu615\/2024\/09\/napkin-selection-14.png 1065w\" sizes=\"auto, (max-width: 401px) 100vw, 401px\" \/><\/a><\/strong>El pla de comunicaci\u00f3 recull els objectius, els canals, els responsables i els destinataris de tots els actes comunicatius formals que es produeixen en tots els \u00e0mbits del nostre centre. Permet identificar, anticipar i satisfer les necessitats de comunicaci\u00f3 de tota la comunitat educativa i dels grups d\u2019inter\u00e8s, i \u00e9s clau en l\u2019assoliment dels objectius estrat\u00e8gics del centre, definits en el Projecte Educatiu de Centre, en el Projecte de Direcci\u00f3 i en la Programaci\u00f3 General Anual.<br \/>\nEl Pla de Comunicaci\u00f3 estableix l\u2019\u00fas que es fa dels diversos canals de comunicaci\u00f3 de qu\u00e8 disposa l\u2019Institut per donar a con\u00e8ixer anuncis, avisos, not\u00edcies, instruccions, activitats, reconeixements i informacions d\u2019inter\u00e8s general al nombre m\u00e9s gran possible de destinataris.<\/p>\n<p style=\"text-align: center;\"><a href=\"https:\/\/drive.google.com\/file\/d\/1CCaJhn2zIsXjH_Dot5x_k6SD3kLR8VwW\/view?usp=drive_link\"> Acc\u00e9s al document: Pla de comunicaci\u00f3<\/a><\/p>\n<p style=\"text-align: right;\">Revisi\u00f3: Juny de 2024<\/p>\n","protected":false},"excerpt":{"rendered":"<p><a href=\"https:\/\/agora.xtec.cat\/iesmalgrat\/wp-content\/uploads\/usu615\/2024\/09\/napkin-selection-14.png\"><\/a>El pla de comunicaci\u00f3 recull els objectius, els canals, els responsables i els destinataris de tots els actes comunicatius formals que es produeixen en tots els \u00e0mbits del nostre centre. Permet identificar, anticipar i satisfer les necessitats de comunicaci\u00f3 de tota la comunitat educativa&hellip;  <a href=\"https:\/\/agora.xtec.cat\/iesmalgrat\/linstitut\/pla-de-comunicacio\/\" title=\"Read Pla de comunicaci\u00f3\">Llegeix m\u00e9s\u00bb<\/a><\/p>\n","protected":false},"author":8,"featured_media":0,"parent":19,"menu_order":11,"comment_status":"closed","ping_status":"closed","template":"page-templates\/side-menu.php","meta":{"_bbp_topic_count":0,"_bbp_reply_count":0,"_bbp_total_topic_count":0,"_bbp_total_reply_count":0,"_bbp_voice_count":0,"_bbp_anonymous_reply_count":0,"_bbp_topic_count_hidden":0,"_bbp_reply_count_hidden":0,"_bbp_forum_subforum_count":0,"footnotes":""},"class_list":["post-4973","page","type-page","status-publish","hentry"],"post_mailing_queue_ids":[],"_links":{"self":[{"href":"https:\/\/agora.xtec.cat\/iesmalgrat\/wp-json\/wp\/v2\/pages\/4973","targetHints":{"allow":["GET"]}}],"collection":[{"href":"https:\/\/agora.xtec.cat\/iesmalgrat\/wp-json\/wp\/v2\/pages"}],"about":[{"href":"https:\/\/agora.xtec.cat\/iesmalgrat\/wp-json\/wp\/v2\/types\/page"}],"author":[{"embeddable":true,"href":"https:\/\/agora.xtec.cat\/iesmalgrat\/wp-json\/wp\/v2\/users\/8"}],"replies":[{"embeddable":true,"href":"https:\/\/agora.xtec.cat\/iesmalgrat\/wp-json\/wp\/v2\/comments?post=4973"}],"version-history":[{"count":6,"href":"https:\/\/agora.xtec.cat\/iesmalgrat\/wp-json\/wp\/v2\/pages\/4973\/revisions"}],"predecessor-version":[{"id":5841,"href":"https:\/\/agora.xtec.cat\/iesmalgrat\/wp-json\/wp\/v2\/pages\/4973\/revisions\/5841"}],"up":[{"embeddable":true,"href":"https:\/\/agora.xtec.cat\/iesmalgrat\/wp-json\/wp\/v2\/pages\/19"}],"wp:attachment":[{"href":"https:\/\/agora.xtec.cat\/iesmalgrat\/wp-json\/wp\/v2\/media?parent=4973"}],"curies":[{"name":"wp","href":"https:\/\/api.w.org\/{rel}","templated":true}]}}