{"id":46,"date":"2014-09-17T16:53:45","date_gmt":"2014-09-17T16:53:45","guid":{"rendered":"http:\/\/agora.xtec.cat\/iesmalgrat\/?page_id=46"},"modified":"2025-11-28T10:57:56","modified_gmt":"2025-11-28T09:57:56","slug":"organigrama","status":"publish","type":"page","link":"https:\/\/agora.xtec.cat\/iesmalgrat\/linstitut\/organigrama\/","title":{"rendered":"Organigrama"},"content":{"rendered":"<p>En aquesta secci\u00f3, es publica informaci\u00f3 relativa a l&#8217;organitzaci\u00f3 interna del centre.<\/p>\n\n\n<figure class=\"wp-block-image size-large\"><a href=\"https:\/\/agora.xtec.cat\/iesmalgrat\/wp-content\/uploads\/usu615\/2024\/09\/napkin-selection-9-1.png\"><img loading=\"lazy\" decoding=\"async\" width=\"1024\" height=\"411\" src=\"https:\/\/agora.xtec.cat\/iesmalgrat\/wp-content\/uploads\/usu615\/2024\/09\/napkin-selection-9-1-1024x411.png\" alt=\"\" class=\"wp-image-5519\" srcset=\"https:\/\/agora.xtec.cat\/iesmalgrat\/wp-content\/uploads\/usu615\/2024\/09\/napkin-selection-9-1-1024x411.png 1024w, https:\/\/agora.xtec.cat\/iesmalgrat\/wp-content\/uploads\/usu615\/2024\/09\/napkin-selection-9-1-300x120.png 300w, https:\/\/agora.xtec.cat\/iesmalgrat\/wp-content\/uploads\/usu615\/2024\/09\/napkin-selection-9-1-768x308.png 768w, https:\/\/agora.xtec.cat\/iesmalgrat\/wp-content\/uploads\/usu615\/2024\/09\/napkin-selection-9-1.png 1245w\" sizes=\"auto, (max-width: 1024px) 100vw, 1024px\" \/><\/a><\/figure>\n\n\n\n<div class=\"wp-block-getwid-accordion has-icon-left\" data-active-element=\"none\">\n<div class=\"wp-block-getwid-accordion__header-wrapper\"><span class=\"wp-block-getwid-accordion__header\"><a href=\"#\"><span class=\"wp-block-getwid-accordion__header-title\"><strong>EQUIP DIRECTIU (2024-2028)<\/strong><\/span><span class=\"wp-block-getwid-accordion__icon is-active\"><i class=\"fas fa-plus\"><\/i><\/span><span class=\"wp-block-getwid-accordion__icon is-passive\"><i class=\"fas fa-minus\"><\/i><\/span><\/a><\/span><\/div><div class=\"wp-block-getwid-accordion__content-wrapper\"><div class=\"wp-block-getwid-accordion__content\">\n<ul class=\"wp-block-list\">\n<li><strong>Directora<\/strong>: Yolanda L\u00f3pez Avil\u00e9s =&gt; <a href=\"mailto:yolanda.lopez@iesmalgrat.cat\">yolanda.lopez@iesmalgrat.cat<\/a>&nbsp;<\/li>\n\n\n\n<li><strong>Cap d&#8217;Estudis<\/strong>: Josep M Sard\u00e0 Caimel =&gt; <a href=\"mailto:cap.estudis@iesmalgrat.cat\">cap.estudis@iesmalgrat.cat<\/a><\/li>\n\n\n\n<li><strong>Cap d&#8217;Estudis FP<\/strong>: Jessica D\u00edaz Caparr\u00f3s=&gt; <a href=\"mailto:cap.estudis@iesmalgrat.cat\">cap.estudis@iesmalgrat.cat<\/a><\/li>\n\n\n\n<li><strong>Secret\u00e0ria-Administradora<\/strong>: Flora Prieto Oses =&gt; <a href=\"mailto:secretaria@iesmalgrat.cat\">secretaria@iesmalgrat.cat<\/a><\/li>\n\n\n\n<li><strong>Coordinador Pedag\u00f2gic<\/strong>: Manel Belmonte G\u00e1zquez =&gt; <a href=\"mailto:manel.belmonte@iesmalgrat.cat\">manel.belmonte@iesmalgrat.cat<\/a><\/li>\n<\/ul>\n<\/div><\/div>\n\n\n\n<div class=\"wp-block-getwid-accordion__header-wrapper\"><span class=\"wp-block-getwid-accordion__header\"><a href=\"#\"><span class=\"wp-block-getwid-accordion__header-title\"><strong>EQUIP DE COORDINACI\u00d3 2025-2026<\/strong><\/span><span class=\"wp-block-getwid-accordion__icon is-active\"><i class=\"fas fa-plus\"><\/i><\/span><span class=\"wp-block-getwid-accordion__icon is-passive\"><i class=\"fas fa-minus\"><\/i><\/span><\/a><\/span><\/div><div class=\"wp-block-getwid-accordion__content-wrapper\"><div class=\"wp-block-getwid-accordion__content\">\n<p><strong>Coordinadora d&#8217;ESO (1r cicle)<\/strong>: Anna Casadevall \u2192 <a href=\"mailto:anna.casadevall@iesmalgrat.cat\">anna.casadevall@iesmalgrat.cat<\/a><br><strong>Coordinador d&#8217;ESO (2n cicle)<\/strong>: Marta Duran \u2192 <a href=\"mailto:marta.duran@iesmalgrat.cat\">marta.duran@iesmalgrat.cat<\/a><br><strong>Coordinadora de Batxillerat<\/strong>: Alba Nonell=&gt; <a href=\"mailto:alba.nonell@iesmalgrat.cat\">alba.nonell@iesmalgrat.cat<\/a><br><strong>Coordinadora de Formaci\u00f3 Professional<\/strong>: Sarai Jallow \u2192 <a href=\"mailto:sarai.jallow@iesmalgrat.cat\">sarai.jallow@iesmalgrat.cat<\/a><br><strong>Coordinador d&#8217;Inform\u00e0tica<\/strong>: Jordi Mart\u00ed \u2192 <a href=\"mailto:jordi.marti@iesmalgrat.cat\">jordi.marti@iesmalgrat.cat<\/a><br><strong>Coordinadora de Conviv\u00e8ncia i Benestar Emocional (COCOBE)<\/strong>: Elisabel Garcia \u2192 <a href=\"mailto:elisabet.garcia@iesmalgrat.cat\">elisabet.garcia@iesmalgrat.cat<\/a><br><strong>Coordinadora de Prevenci\u00f3 de Riscos Laborals:<\/strong> Sandra Estanyol \u2192 <a href=\"mailto:sandra.estanyol@iesmalgrat.cat\">sandra.estanyol@iesmalgrat.cat<\/a><br><strong>Coordinadora de Qualitat: <\/strong>Noem\u00ed Pisa \u2192 <a href=\"mailto:noemi.pisa@iesmalgrat.cat\">noemi.pisa@iesmalgrat.cat<\/a><\/p>\n<\/div><\/div>\n\n\n\n<div class=\"wp-block-getwid-accordion__header-wrapper\"><span class=\"wp-block-getwid-accordion__header\"><a href=\"#\"><span class=\"wp-block-getwid-accordion__header-title\"><strong>CAPS DE DEPARTAMENT 2025-2026<\/strong><\/span><span class=\"wp-block-getwid-accordion__icon is-active\"><i class=\"fas fa-plus\"><\/i><\/span><span class=\"wp-block-getwid-accordion__icon is-passive\"><i class=\"fas fa-minus\"><\/i><\/span><\/a><\/span><\/div><div class=\"wp-block-getwid-accordion__content-wrapper\"><div class=\"wp-block-getwid-accordion__content\">\n<p><strong>Departament de Llengu\u00fces: <\/strong>Rosa D\u00edez \u2192 <a href=\"mailto:rosa.diez@iesmalgrat.cat\">rosa.diez@iesmalgrat.cat<\/a><br><strong>Departament de Lleng\u00fces Estrangeres:<\/strong>&nbsp;Olga Gonz\u00e1lez \u2192 <a href=\"mailto:olga.gonzalez@iesmalgrat.cat\">olga.gonzalez@iesmalgrat.cat<\/a><br><strong>Departament de Ci\u00e8ncies Socials:<\/strong> N\u00faria Ar\u00eds \u2192 <a href=\"mailto:nuria.aris@iesmalgrat.ca\">nuria.aris@iesmalgrat.ca<\/a>t<br><strong>Departament de Matem\u00e0tiques:<\/strong> Alberto Hernando \u2192 <a href=\"mailto:alberto.hernando@iesmalgrat.cat\">alberto.hernando@iesmalgrat.cat<\/a><br><strong>Departament de Ci\u00e8ncies i Tecnologia:<\/strong> Diana Martinez \u2192 <a href=\"mailto:diana.martinez@iesmalgrat.cat\">diana.martinez@iesmalgrat.cat<\/a><br><strong>Departament d&#8217;Expressi\u00f3 (Ed. F\u00edsica, Ed. Visual i Pl\u00e0stica, M\u00fasica):<\/strong> Marina Porta \u2192 <a href=\"mailto:marina.porta@iesmalgrat.cat\">marina.porta@iesmalgrat.cat<\/a><br><strong>Departament d&#8217;Imatge Personal (Cicles Formatius):<\/strong> M\u00edriam Laguna \u2192 <a href=\"mailto:miriam.laguna@iesmalgrat.cat\">miriam.laguna@iesmalgrat.cat<\/a><br><strong>Departament de Producci\u00f3 Agroecol\u00f2gica (Cicles Formatius): <\/strong>Xavier Fontanet  \u2192 <a href=\"mailto:xavier.fontanet@iesmalgrat.cat\">xavier.fontanet@iesmalgrat.cat<\/a><br><strong>Departament de Gesti\u00f3 Administrativa (Cicles Formatius)<\/strong>: Marti Buch \u2192 <a href=\"mailto:marti.buch@iesmalgrat.cat\">marti.buch@iesmalgrat.cat<\/a><\/p>\n<\/div><\/div>\n\n\n\n<div class=\"wp-block-getwid-accordion__header-wrapper\"><span class=\"wp-block-getwid-accordion__header\"><a href=\"#\"><span class=\"wp-block-getwid-accordion__header-title\"><strong>TUTORIES 2025-2026<\/strong><\/span><span class=\"wp-block-getwid-accordion__icon is-active\"><i class=\"fas fa-plus\"><\/i><\/span><span class=\"wp-block-getwid-accordion__icon is-passive\"><i class=\"fas fa-minus\"><\/i><\/span><\/a><\/span><\/div><div class=\"wp-block-getwid-accordion__content-wrapper\"><div class=\"wp-block-getwid-accordion__content\">\n<p><strong>1 ESO A :<\/strong> Noem\u00ed Rodr\u00edguez \u2192 <a href=\"mailto:noemi.rodriguez@iesmalgrat.cat\">noemi.rodriguez@iesmalgrat.cat<\/a><br><strong>1 ESO B : <\/strong>S\u00edlvia Carceller \u2192 <a href=\"mailto:silvia.carceller@iesmalgrat.cat\">silvia.carceller@iesmalgrat.cat<\/a><br><strong>1 ESO C :<\/strong> Laura Garcia \u2192 <a href=\"mailto:laura.garcia@iesmalgrat.cat\">laura.garcia@iesmalgrat.cat<\/a><br><strong>2 ESO A :<\/strong> Ra\u00fcl S\u00f2ria \u2192 <a href=\"mailto:joseraul.soria@iesmalgrat.cat\">joseraul.soria@iesmalgrat.cat<\/a><br><strong>2 ESO B :<\/strong> N\u00faria Graupera \u2192 <a href=\"mailto:nuria.graupera@iesmalgrat.cat\">nuria.graupera@iesmalgrat.cat<\/a><br><strong>2 ESO C :<\/strong> Ainoa L\u00f3pez \u2192 <a href=\"mailto:ainoa.lopez@iesmalgrat.cat\">ainoa.lopez@iesmalgrat.cat<\/a><br><strong>3 ESO A :<\/strong> Alejandro Garcia \u2192 <a href=\"mailto:alex.garcia@iesmalgrat.cat\">alex.garcia@iesmalgrat.cat<\/a><br><strong>3 ESO B <\/strong>: Hector L\u00f3pez \u2192 <a href=\"mailto:hector.lopez@iesmalgrat.cat\">hector.lopez@iesmalgrat.cat<\/a><br><strong>3 ESO C :<\/strong> Jordi Vendrell \u2192 <a href=\"mailto:jordi.vendrell@iesmalgrat.cat\">jordi.vendrell@iesmalgrat.cat<\/a><br><strong>4 ESO A :<\/strong> Llu\u00eds Conca \u2192 <a href=\"mailto:lluis.conca@iesmalgrat.cat\">lluis.conca@iesmalgrat.cat<\/a><br><strong>4 ESO B :<\/strong> C\u00e8sar Amig\u00f3 \u2192 <a href=\"mailto:cesar.amigo@iesmalgrat.cat\">cesar.amigo@iesmalgrat.cat<\/a><br><strong>4 ESO C :<\/strong> Andreu Albiol \u2192 <a href=\"mailto:andreu.albiol@iesmalgrat.cat\">andreu.albiol@iesmalgrat.cat<\/a><br><strong>1 BTX A :<\/strong> Marcel Roca \u2192 <a href=\"mailto:marcel.roca@iesmalgrat.cat\">marcel.roca@iesmalgrat.cat<\/a><br><strong>1 BTX B : <\/strong>Yaiza G\u00f3mez \u2192 <a href=\"mailto:yaiza.gomez@iesmalgrat.cat\">yaiza.gomez@iesmalgrat.cat<\/a><br><strong>1 BTX C :<\/strong> \u00d3scar Cort\u00e9s \u2192 <a href=\"mailto:oscar.cortes@iesmalgrat.cat\">oscar.cortes@iesmalgrat.cat<\/a><br><strong>1 BTX D :<\/strong> Eva Ramon \u2192 <a href=\"mailto:eva.ramon@iesmalgrat.cat\">eva.ramon@iesmalgrat.cat<\/a><br><strong>2 BTX A :<\/strong> \u00c1ngel Lu\u00eds Mart\u00edn \u2192 <a href=\"mailto:angelluis.martin@iesmalgrat.cat\">angelluis.martin@iesmalgrat.cat<\/a><br><strong>2 BTX B :<\/strong> Marc Egea \u2192 <a href=\"mailto:marc.egea@iesmalgrat.cat\">marc.egea@iesmalgrat.cat<\/a><br><strong>2 BTX C :<\/strong> S\u00f2nia Garangou\u2192 <a href=\"mailto:sonia.garangou@iesmalgrat.cat\">sonia.garangou@iesmalgrat.cat<\/a><br><strong>1CF IP10 PERRUQUERIA : <\/strong>Jessica Moreno \u2192 <a href=\"mailto:jessica.moreno@iesmalgrat.cat\">jessica.moreno@iesmalgrat.cat<\/a><br><strong>2 CF IP10 PERRUQUERIA :<\/strong> Alicia Yag\u00fce \u2192 <a href=\"mailto:alicia.yague@iesmalgrat.cat\">alicia.yague@iesmalgrat.cat<\/a><br><strong>1CF IP20 EST\u00c8TICA :<\/strong> Anna Gallardo \u2192 <a href=\"mailto:ana.gallardo@iesmalgrat.cat\">ana.gallardo@iesmalgrat.cat<\/a><br><strong>2CF IP20 EST\u00c8TICA :<\/strong> Lucia Marin \u2192 <a href=\"mailto:lucia.marin@iesmalgrat.cat\">lucia.marin@iesmalgrat.cat<\/a><br><strong>1 CF AR20 Producci\u00f3 agroecol\u00f2gica : <\/strong>Jessica Barranco \u2192 <a href=\"mailto:jessica.barranco@iesmalgrat.cat\">jessica.barranco@iesmalgrat.cat<\/a><br><strong>2 CF AR20 Producci\u00f3 agroecol\u00f2gica :<\/strong> Bet Rosanas \u2192 <a href=\"mailto:bet.rosanas@iesmalgrat.cat\">bet.rosanas@iesmalgrat.cat<\/a><br><strong>1 CF Gesti\u00f3 Administrativa:<\/strong> Vanessa Mu\u00f1oz \u2192 <a href=\"mailto:vanessa.munoz@iesmalgrat.cat\">vanessa.munoz@iesmalgrat.cat<\/a><br><strong>PFI d&#8217;Auxiliar d&#8217;Imatge Personal :<\/strong> Rai Peralta \u2192 <a href=\"mailto:rai.peralta@iesmalgrat.cat\">rai.peralta@iesmalgrat.cat<\/a><br><strong>PFI d&#8217;Auxiliar d&#8217;Activitats Agropecu\u00e0ries :<\/strong> Maite Escribano \u2192 <a href=\"mailto:maite.escribano@iesmalgrat.cat\">maite.escribano@iesmalgrat.cat<\/a><\/p>\n<\/div><\/div>\n\n\n\n<div class=\"wp-block-getwid-accordion__header-wrapper\"><span class=\"wp-block-getwid-accordion__header\"><a href=\"#\"><span class=\"wp-block-getwid-accordion__header-title\"><strong>ORIENTACI\u00d3 EDUCATIVA 2025-2026<\/strong><\/span><span class=\"wp-block-getwid-accordion__icon is-active\"><i class=\"fas fa-plus\"><\/i><\/span><span class=\"wp-block-getwid-accordion__icon is-passive\"><i class=\"fas fa-minus\"><\/i><\/span><\/a><\/span><\/div><div class=\"wp-block-getwid-accordion__content-wrapper\"><div class=\"wp-block-getwid-accordion__content\">\n<p>Carola Sard\u00e0 Moral \u2192 <a href=\"mailto:carola.sarda@iesmalgrat.cat\">carola.sarda@iesmalgrat.cat<\/a><br>Elisabet Garcia \u2192 <a href=\"mailto:elisabet.garcia@iesmalgrat.cat\">elisabet.garcia@iesmalgrat.cat<\/a><br>Lluis Ferrer \u2192 <a href=\"mailto:lluis.ferrer@iesmalgrat.cat\">lluis.ferrrer@iesmalgrat.cat<\/a><br><\/p>\n\n\n\n<p><\/p>\n<\/div><\/div>\n<\/div>\n\n\n\n<p><\/p>\n","protected":false},"excerpt":{"rendered":"<p>En aquesta secci\u00f3, es publica informaci\u00f3 relativa a l&#8217;organitzaci\u00f3 interna del centre.<\/p>\n<p><a href=\"https:\/\/agora.xtec.cat\/iesmalgrat\/wp-content\/uploads\/usu615\/2024\/09\/napkin-selection-9-1.png\"><\/a><\/p>\n<p><a href=\"#\">EQUIP DIRECTIU (2024-2028)<\/a><\/p>\n<ul class=\"wp-block-list\">\n<li>Directora: Yolanda L\u00f3pez Avil\u00e9s =&gt; <a href=\"mailto:yolanda.lopez@iesmalgrat.cat\">yolanda.lopez@iesmalgrat.cat<\/a>&nbsp;<\/li>\n<li>Cap d&#8217;Estudis: Josep M Sard\u00e0 Caimel =&gt; <a href=\"mailto:cap.estudis@iesmalgrat.cat\">cap.estudis@iesmalgrat.cat<\/a><\/li>\n<li>Cap d&#8217;Estudis FP: Jessica D\u00edaz Caparr\u00f3s=&gt; <a href=\"mailto:cap.estudis@iesmalgrat.cat\">cap.estudis@iesmalgrat.cat<\/a><\/li>\n<li>Secret\u00e0ria-Administradora: Flora Prieto Oses =&gt; <a href=\"mailto:secretaria@iesmalgrat.cat\">secretaria@iesmalgrat.cat<\/a><\/li>\n<li>Coordinador Pedag\u00f2gic:&hellip;  <a href=\"https:\/\/agora.xtec.cat\/iesmalgrat\/linstitut\/organigrama\/\" title=\"Read Organigrama\">Llegeix m\u00e9s\u00bb<\/a><br \/>\n","protected":false},"author":1,"featured_media":0,"parent":19,"menu_order":2,"comment_status":"closed","ping_status":"closed","template":"page-templates\/side-menu.php","meta":{"_bbp_topic_count":0,"_bbp_reply_count":0,"_bbp_total_topic_count":0,"_bbp_total_reply_count":0,"_bbp_voice_count":0,"_bbp_anonymous_reply_count":0,"_bbp_topic_count_hidden":0,"_bbp_reply_count_hidden":0,"_bbp_forum_subforum_count":0,"footnotes":""},"class_list":["post-46","page","type-page","status-publish","hentry"],"post_mailing_queue_ids":[],"_links":{"self":[{"href":"https:\/\/agora.xtec.cat\/iesmalgrat\/wp-json\/wp\/v2\/pages\/46","targetHints":{"allow":["GET"]}}],"collection":[{"href":"https:\/\/agora.xtec.cat\/iesmalgrat\/wp-json\/wp\/v2\/pages"}],"about":[{"href":"https:\/\/agora.xtec.cat\/iesmalgrat\/wp-json\/wp\/v2\/types\/page"}],"author":[{"embeddable":true,"href":"https:\/\/agora.xtec.cat\/iesmalgrat\/wp-json\/wp\/v2\/users\/1"}],"replies":[{"embeddable":true,"href":"https:\/\/agora.xtec.cat\/iesmalgrat\/wp-json\/wp\/v2\/comments?post=46"}],"version-history":[{"count":6,"href":"https:\/\/agora.xtec.cat\/iesmalgrat\/wp-json\/wp\/v2\/pages\/46\/revisions"}],"predecessor-version":[{"id":7528,"href":"https:\/\/agora.xtec.cat\/iesmalgrat\/wp-json\/wp\/v2\/pages\/46\/revisions\/7528"}],"up":[{"embeddable":true,"href":"https:\/\/agora.xtec.cat\/iesmalgrat\/wp-json\/wp\/v2\/pages\/19"}],"wp:attachment":[{"href":"https:\/\/agora.xtec.cat\/iesmalgrat\/wp-json\/wp\/v2\/media?parent=46"}],"curies":[{"name":"wp","href":"https:\/\/api.w.org\/{rel}","templated":true}]}}