{"id":1687,"date":"2018-06-11T08:24:04","date_gmt":"2018-06-11T06:24:04","guid":{"rendered":"http:\/\/agora.xtec.cat\/iesmalgrat\/?page_id=1687"},"modified":"2024-10-12T09:45:39","modified_gmt":"2024-10-12T07:45:39","slug":"pla-tac","status":"publish","type":"page","link":"https:\/\/agora.xtec.cat\/iesmalgrat\/linstitut\/pla-tac\/","title":{"rendered":"Estrat\u00e8gia Digital de Centre (EDC)"},"content":{"rendered":"<p class=\"zfr3Q CDt4Ke \" dir=\"ltr\" style=\"text-align: justify;\"><a href=\"https:\/\/agora.xtec.cat\/iesmalgrat\/wp-content\/uploads\/usu615\/2024\/09\/napkin-selection-12.png\"><img loading=\"lazy\" decoding=\"async\" class=\"alignright wp-image-5525\" src=\"https:\/\/agora.xtec.cat\/iesmalgrat\/wp-content\/uploads\/usu615\/2024\/09\/napkin-selection-12-300x205.png\" alt=\"EDC\" width=\"400\" height=\"273\" srcset=\"https:\/\/agora.xtec.cat\/iesmalgrat\/wp-content\/uploads\/usu615\/2024\/09\/napkin-selection-12-300x205.png 300w, https:\/\/agora.xtec.cat\/iesmalgrat\/wp-content\/uploads\/usu615\/2024\/09\/napkin-selection-12-768x525.png 768w, https:\/\/agora.xtec.cat\/iesmalgrat\/wp-content\/uploads\/usu615\/2024\/09\/napkin-selection-12.png 900w\" sizes=\"auto, (max-width: 400px) 100vw, 400px\" \/><\/a>L\u2019Estrat\u00e8gia Digital de Centre<span class=\"C9DxTc \"> (EDC) \u00e9s un document que, tenint com a refer\u00e8ncia el Pla d&#8217;Educaci\u00f3 Digital de Catalunya, recull totes les accions que es realitzen en un centre i les que es realitzaran a mitj\u00e0 termini, per aconseguir la m\u00e0xima compet\u00e8ncia digital de l\u2019alumnat, del professorat i del centre educatiu. Ser\u00e0 la refer\u00e8ncia del centre en l\u2019\u00e0mbit de tecnologies digitals: gesti\u00f3 di\u00e0ria de l\u2019organitzaci\u00f3 digital del centre, actuacions del centre en temes digitals en funcionament o en projecte de desenvolupament, plans, procediments, normatives, protocols, etc.\u00a0<\/span><\/p>\n<p class=\"zfr3Q CDt4Ke \" dir=\"ltr\" style=\"text-align: justify;\"><span class=\"C9DxTc \">L&#8217;EDC t\u00e9, b\u00e0sicament dues parts. Una primera part que \u00e9s m\u00e9s <\/span><span class=\"C9DxTc \">estrat\u00e8gica<\/span><span class=\"C9DxTc \"> (objectius, activitats, planificaci\u00f3, etc.), on es defineix on vol arribar el centre digitalment parlant (<\/span><span class=\"C9DxTc \">on volem anar?<\/span><span class=\"C9DxTc \">). La segona part mostra la <\/span><span class=\"C9DxTc \">cultura digital,<\/span><span class=\"C9DxTc \"> ja que \u00e9s on es va recollint el que el centre ja t\u00e9 establert en aquest sentit (<\/span><span class=\"C9DxTc \">qu\u00e8 estem fent?<\/span><span class=\"C9DxTc \">).<\/span><\/p>\n<p class=\"zfr3Q CDt4Ke \" dir=\"ltr\" style=\"text-align: justify;\"><span class=\"C9DxTc \">La <\/span><span class=\"C9DxTc \">diagnosi<\/span><span class=\"C9DxTc \"> efectuada amb l&#8217;eina SELFIE de la Uni\u00f3 Europea ens ha perm\u00e8s determinar els punts forts i els punts febles de la nostra organitzaci\u00f3. Aix\u00f2 permet establir i temporalitzar objectius de millora que concretaran les <\/span><span class=\"C9DxTc \">l\u00ednies d&#8217;actuaci\u00f3 de la part estrat\u00e8gica de l&#8217;EDC<\/span><span class=\"C9DxTc \"> que, amb els <\/span><span class=\"C9DxTc \">indicadors<\/span><span class=\"C9DxTc \"> corresponents, seran <\/span><span class=\"C9DxTc \">avaluades<\/span><span class=\"C9DxTc \"> i es revisaran peri\u00f2dicament per la <\/span><span class=\"C9DxTc \">comissi\u00f3 d&#8217;estrat\u00e8gia digital<\/span><span class=\"C9DxTc \">.\u00a0<\/span><\/p>\n<p class=\"zfr3Q CDt4Ke \" dir=\"ltr\" style=\"text-align: justify;\"><span class=\"C9DxTc \">A l&#8217;apartat de <\/span><span class=\"C9DxTc \">cultura digital de l\u2019EDC<\/span><span class=\"C9DxTc \"> s&#8217;incorporen refer\u00e8ncies a les Normes d&#8217;Organitzaci\u00f3 i Funcionament del centre (NOFC), acords de claustre o de Consell Escolar, plans espec\u00edfics dissenyats per millorar aspectes concrets, protocols a seguir per la gesti\u00f3 dels serveis, com es fa l&#8217;acollida digital de l&#8217;alumnat i el professorat, quins s\u00f3n els portals i xarxes socials del centre, quines s\u00f3n les autoritzacions que les fam\u00edlies han de signar, es descriuen els serveis que s\u2019utilitzen al centre i es fa refer\u00e8ncia a all\u00f2 que es contempla en el Projecte Educatiu de Centre (PEC) i en el Projecte de Direcci\u00f3 (PdD) en la part metodol\u00f2gica de l\u2019\u00fas de les tecnologies, etc.<\/span><\/p>\n<p class=\"zfr3Q CDt4Ke \" dir=\"ltr\" style=\"text-align: justify;\"><span class=\"C9DxTc \">La lectura del Projecte Educatiu de Centre (PEC) permet deduir una clara aposta del centre per la seva digitalitzaci\u00f3. Tot l&#8217;alumnat i el professorat del centre t\u00e9 un compte d&#8217;usuari que els permet accedir a serveis com el correu electr\u00f2nic i l&#8217;emmagatzematge al n\u00favol. Aquests serveis, conjuntament amb altres aplicatius comercials contractats pel centre (i-Educa, Additio, EdVoice), permeten garantir una comunicaci\u00f3 correcta i efectiva entre els components de la comunitat educativa.\u00a0<\/span><\/p>\n<p class=\"zfr3Q CDt4Ke \" dir=\"ltr\" style=\"text-align: justify;\"><span class=\"C9DxTc \">El Pla d&#8217;Educaci\u00f3 Digital de Catalunya permet cedir un ordinador port\u00e0til al professorat que forma part de la plantilla del centre i a l&#8217;alumnat d&#8217;ESO, Batxillerat i Cicles Formatius de Grau Mig. Tamb\u00e9 ha proporcionat nous equipaments relacionats amb la rob\u00f2tica i ,properament, amb mitjans audiovisuals de Teleturr\u00f3.<\/span><\/p>\n<p style=\"text-align: center;\"><a href=\"https:\/\/sites.google.com\/iesmalgrat.cat\/edc-irtd\/\"> Acc\u00e9s a la web d&#8217;estrat\u00e8gia digital de centre (INS Ramon Turr\u00f3 i Darder)<\/a><\/p>\n<p style=\"text-align: right;\">Revisi\u00f3: Juny de 2024<\/p>\n","protected":false},"excerpt":{"rendered":"<p><a href=\"https:\/\/agora.xtec.cat\/iesmalgrat\/wp-content\/uploads\/usu615\/2024\/09\/napkin-selection-12.png\"><\/a>L\u2019Estrat\u00e8gia Digital de Centre (EDC) \u00e9s un document que, tenint com a refer\u00e8ncia el Pla d&#8217;Educaci\u00f3 Digital de Catalunya, recull totes les accions que es realitzen en un centre i les que es realitzaran a mitj\u00e0 termini, per aconseguir la m\u00e0xima compet\u00e8ncia digital de&hellip;  <a href=\"https:\/\/agora.xtec.cat\/iesmalgrat\/linstitut\/pla-tac\/\" title=\"Read Estrat\u00e8gia Digital de Centre (EDC)\">Llegeix m\u00e9s\u00bb<\/a><\/p>\n","protected":false},"author":6,"featured_media":0,"parent":19,"menu_order":8,"comment_status":"closed","ping_status":"closed","template":"page-templates\/side-menu.php","meta":{"_bbp_topic_count":0,"_bbp_reply_count":0,"_bbp_total_topic_count":0,"_bbp_total_reply_count":0,"_bbp_voice_count":0,"_bbp_anonymous_reply_count":0,"_bbp_topic_count_hidden":0,"_bbp_reply_count_hidden":0,"_bbp_forum_subforum_count":0,"footnotes":""},"class_list":["post-1687","page","type-page","status-publish","hentry"],"post_mailing_queue_ids":[],"_links":{"self":[{"href":"https:\/\/agora.xtec.cat\/iesmalgrat\/wp-json\/wp\/v2\/pages\/1687","targetHints":{"allow":["GET"]}}],"collection":[{"href":"https:\/\/agora.xtec.cat\/iesmalgrat\/wp-json\/wp\/v2\/pages"}],"about":[{"href":"https:\/\/agora.xtec.cat\/iesmalgrat\/wp-json\/wp\/v2\/types\/page"}],"author":[{"embeddable":true,"href":"https:\/\/agora.xtec.cat\/iesmalgrat\/wp-json\/wp\/v2\/users\/6"}],"replies":[{"embeddable":true,"href":"https:\/\/agora.xtec.cat\/iesmalgrat\/wp-json\/wp\/v2\/comments?post=1687"}],"version-history":[{"count":6,"href":"https:\/\/agora.xtec.cat\/iesmalgrat\/wp-json\/wp\/v2\/pages\/1687\/revisions"}],"predecessor-version":[{"id":5850,"href":"https:\/\/agora.xtec.cat\/iesmalgrat\/wp-json\/wp\/v2\/pages\/1687\/revisions\/5850"}],"up":[{"embeddable":true,"href":"https:\/\/agora.xtec.cat\/iesmalgrat\/wp-json\/wp\/v2\/pages\/19"}],"wp:attachment":[{"href":"https:\/\/agora.xtec.cat\/iesmalgrat\/wp-json\/wp\/v2\/media?parent=1687"}],"curies":[{"name":"wp","href":"https:\/\/api.w.org\/{rel}","templated":true}]}}