{"id":1253,"date":"2017-10-23T13:17:19","date_gmt":"2017-10-23T11:17:19","guid":{"rendered":"http:\/\/agora.xtec.cat\/iesmalgrat\/?page_id=1253"},"modified":"2024-12-12T10:42:33","modified_gmt":"2024-12-12T09:42:33","slug":"memories-anuals-de-centre","status":"publish","type":"page","link":"https:\/\/agora.xtec.cat\/iesmalgrat\/linstitut\/memories-anuals-de-centre\/","title":{"rendered":"Mem\u00f2ries anuals de centre"},"content":{"rendered":"<p>Un cop finalitzat el curs escolar, els centres educatius han de fer el balan\u00e7 i la valoraci\u00f3 dels fets educatius i de la vida organitzativa escolar que s&#8217;han produ\u00eft al llarg del curs. El document que ho recull \u00e9s la Mem\u00f2ria Anual de Centre (MAC), tamb\u00e9 anomenada mem\u00f2ria final de curs.<\/p>\n<p><strong>TRANSPAR\u00c8NCIA<\/strong><\/p>\n<p>Els ciutadans majors de setze anys i les persones jur\u00eddiques degudament acreditades tenen dret a sol\u00b7licitar informaci\u00f3 p\u00fablica als centres educatius.<br \/>\nEn el cas dels centres educatius, els pares, mares i tutors legals dels alumnes escolaritzats al centre, o el mateix l&#8217;alumne si \u00e9s major de setze anys, tenen la condici\u00f3 de persones interessades per poder sol\u00b7licitar informaci\u00f3 sobre els seus resultats acad\u00e8mics i altres aspectes que els afectin directament. <strong>Les sol\u00b7licituds d&#8217;informaci\u00f3 p\u00fablica es fan per escrit i es presenten de forma presencial.<\/strong><\/p>\n<p style=\"text-align: center;\">\n<p style=\"text-align: right;\">Revisi\u00f3: Desembre de 2024<\/p>\n","protected":false},"excerpt":{"rendered":"<p>Un cop finalitzat el curs escolar, els centres educatius han de fer el balan\u00e7 i la valoraci\u00f3 dels fets educatius i de la vida organitzativa escolar que s&#8217;han produ\u00eft al llarg del curs. El document que ho recull \u00e9s la Mem\u00f2ria Anual de Centre (MAC),&hellip;  <a href=\"https:\/\/agora.xtec.cat\/iesmalgrat\/linstitut\/memories-anuals-de-centre\/\" title=\"Read Mem\u00f2ries anuals de centre\">Llegeix m\u00e9s\u00bb<\/a><\/p>\n","protected":false},"author":8,"featured_media":0,"parent":19,"menu_order":10,"comment_status":"closed","ping_status":"closed","template":"page-templates\/side-menu.php","meta":{"_bbp_topic_count":0,"_bbp_reply_count":0,"_bbp_total_topic_count":0,"_bbp_total_reply_count":0,"_bbp_voice_count":0,"_bbp_anonymous_reply_count":0,"_bbp_topic_count_hidden":0,"_bbp_reply_count_hidden":0,"_bbp_forum_subforum_count":0,"footnotes":""},"class_list":["post-1253","page","type-page","status-publish","hentry"],"post_mailing_queue_ids":[],"_links":{"self":[{"href":"https:\/\/agora.xtec.cat\/iesmalgrat\/wp-json\/wp\/v2\/pages\/1253","targetHints":{"allow":["GET"]}}],"collection":[{"href":"https:\/\/agora.xtec.cat\/iesmalgrat\/wp-json\/wp\/v2\/pages"}],"about":[{"href":"https:\/\/agora.xtec.cat\/iesmalgrat\/wp-json\/wp\/v2\/types\/page"}],"author":[{"embeddable":true,"href":"https:\/\/agora.xtec.cat\/iesmalgrat\/wp-json\/wp\/v2\/users\/8"}],"replies":[{"embeddable":true,"href":"https:\/\/agora.xtec.cat\/iesmalgrat\/wp-json\/wp\/v2\/comments?post=1253"}],"version-history":[{"count":6,"href":"https:\/\/agora.xtec.cat\/iesmalgrat\/wp-json\/wp\/v2\/pages\/1253\/revisions"}],"predecessor-version":[{"id":6335,"href":"https:\/\/agora.xtec.cat\/iesmalgrat\/wp-json\/wp\/v2\/pages\/1253\/revisions\/6335"}],"up":[{"embeddable":true,"href":"https:\/\/agora.xtec.cat\/iesmalgrat\/wp-json\/wp\/v2\/pages\/19"}],"wp:attachment":[{"href":"https:\/\/agora.xtec.cat\/iesmalgrat\/wp-json\/wp\/v2\/media?parent=1253"}],"curies":[{"name":"wp","href":"https:\/\/api.w.org\/{rel}","templated":true}]}}