{"id":49,"date":"2019-12-11T16:55:55","date_gmt":"2019-12-11T15:55:55","guid":{"rendered":"http:\/\/agora.xtec.cat\/ieslluisvives\/?page_id=49"},"modified":"2023-10-09T01:45:30","modified_gmt":"2023-10-08T23:45:30","slug":"normes-dorganitzacio-i-funcionament","status":"publish","type":"page","link":"https:\/\/agora.xtec.cat\/ieslluisvives\/linstitut\/normes-dorganitzacio-i-funcionament\/","title":{"rendered":"Documents de gesti\u00f3 i organitzaci\u00f3 de centre"},"content":{"rendered":"<ul>\n<li><strong><span style=\"color: #000000;\"><a style=\"color: #000000;\" href=\"https:\/\/drive.google.com\/file\/d\/1Nb9GjQiMQ9yg0HynaaNkzwdgl4KJpx1m\/view?usp=sharing\"><span style=\"color: #ff0000;\"><span style=\"color: #993300;\">Projecte educatiu de centre (PEC) -en proc\u00e9s de redefinici\u00f3-<\/span><\/span><\/a><\/span><\/strong><\/li>\n<li><span style=\"color: #993300;\"><strong><a style=\"color: #993300;\" href=\"https:\/\/drive.google.com\/file\/d\/17wr1mayIEQM6k0d7k5zMgRS3YhrlvuVx\/view?usp=sharing\">Normes d&#8217;organitzaci\u00f3 i funcionament de centre (NOFC) -en proc\u00e9s de revisi\u00f3-<\/a><\/strong><\/span><\/li>\n<li><span style=\"color: #993300;\"><strong><a style=\"color: #993300;\" href=\"https:\/\/drive.google.com\/file\/d\/1txwsefSfvjRdlzQCBFQSed-QV5b2ztq1\/view?usp=sharing\">Projecte ling\u00fc\u00edstic de centre (PLC)<\/a><\/strong><\/span><\/li>\n<li><span style=\"color: #993300;\"><a style=\"color: #993300;\" href=\"https:\/\/drive.google.com\/file\/d\/1Zv_6iKcg-7zH26oGhULSbYlmJ--md9Qt\/view?usp=sharing\" target=\"_blank\" rel=\"noopener\"><strong>Actualitzaci\u00f3 Projecte de direcci\u00f3 2022-26 (extracte)<\/strong><\/a><\/span><\/li>\n<li><strong><span style=\"color: #993300;\"><a style=\"color: #993300;\" href=\"https:\/\/sites.google.com\/illuisvives.cat\/estrategiadigital\/inicio\" target=\"_blank\" rel=\"noopener\">Estrat\u00e8gia digital de centre<\/a><\/span><\/strong><\/li>\n<\/ul>\n<p>&nbsp;<\/p>\n","protected":false},"excerpt":{"rendered":"<ul>\n<li><a style=\"color: #000000;\" href=\"https:\/\/drive.google.com\/file\/d\/1Nb9GjQiMQ9yg0HynaaNkzwdgl4KJpx1m\/view?usp=sharing\">Projecte educatiu de centre (PEC) -en proc\u00e9s de redefinici\u00f3-<\/a><\/li>\n<li><a style=\"color: #993300;\" href=\"https:\/\/drive.google.com\/file\/d\/17wr1mayIEQM6k0d7k5zMgRS3YhrlvuVx\/view?usp=sharing\">Normes d&#8217;organitzaci\u00f3 i funcionament de centre (NOFC) -en proc\u00e9s de revisi\u00f3-<\/a><\/li>\n<li><a style=\"color: #993300;\" href=\"https:\/\/drive.google.com\/file\/d\/1txwsefSfvjRdlzQCBFQSed-QV5b2ztq1\/view?usp=sharing\">Projecte ling\u00fc\u00edstic de centre (PLC)<\/a><\/li>\n<li><a style=\"color: #993300;\" href=\"https:\/\/drive.google.com\/file\/d\/1Zv_6iKcg-7zH26oGhULSbYlmJ--md9Qt\/view?usp=sharing\" target=\"_blank\" rel=\"noopener\">Actualitzaci\u00f3 Projecte de direcci\u00f3 2022-26 (extracte)<\/a><\/li>\n<li><a style=\"color: #993300;\" href=\"https:\/\/sites.google.com\/illuisvives.cat\/estrategiadigital\/inicio\"&hellip;  <a href=\"https:\/\/agora.xtec.cat\/ieslluisvives\/linstitut\/normes-dorganitzacio-i-funcionament\/\" title=\"Read Documents de gesti\u00f3 i organitzaci\u00f3 de centre\">Llegeix m\u00e9s\u00bb<\/a><br \/>\n","protected":false},"author":1,"featured_media":0,"parent":19,"menu_order":60,"comment_status":"closed","ping_status":"closed","template":"page-templates\/side-menu.php","meta":{"_bbp_topic_count":0,"_bbp_reply_count":0,"_bbp_total_topic_count":0,"_bbp_total_reply_count":0,"_bbp_voice_count":0,"_bbp_anonymous_reply_count":0,"_bbp_topic_count_hidden":0,"_bbp_reply_count_hidden":0,"_bbp_forum_subforum_count":0,"footnotes":""},"class_list":["post-49","page","type-page","status-publish","hentry"],"post_mailing_queue_ids":[],"_links":{"self":[{"href":"https:\/\/agora.xtec.cat\/ieslluisvives\/wp-json\/wp\/v2\/pages\/49","targetHints":{"allow":["GET"]}}],"collection":[{"href":"https:\/\/agora.xtec.cat\/ieslluisvives\/wp-json\/wp\/v2\/pages"}],"about":[{"href":"https:\/\/agora.xtec.cat\/ieslluisvives\/wp-json\/wp\/v2\/types\/page"}],"author":[{"embeddable":true,"href":"https:\/\/agora.xtec.cat\/ieslluisvives\/wp-json\/wp\/v2\/users\/1"}],"replies":[{"embeddable":true,"href":"https:\/\/agora.xtec.cat\/ieslluisvives\/wp-json\/wp\/v2\/comments?post=49"}],"version-history":[{"count":5,"href":"https:\/\/agora.xtec.cat\/ieslluisvives\/wp-json\/wp\/v2\/pages\/49\/revisions"}],"predecessor-version":[{"id":1913,"href":"https:\/\/agora.xtec.cat\/ieslluisvives\/wp-json\/wp\/v2\/pages\/49\/revisions\/1913"}],"up":[{"embeddable":true,"href":"https:\/\/agora.xtec.cat\/ieslluisvives\/wp-json\/wp\/v2\/pages\/19"}],"wp:attachment":[{"href":"https:\/\/agora.xtec.cat\/ieslluisvives\/wp-json\/wp\/v2\/media?parent=49"}],"curies":[{"name":"wp","href":"https:\/\/api.w.org\/{rel}","templated":true}]}}