{"id":46,"date":"2025-09-05T16:53:45","date_gmt":"2025-09-05T14:53:45","guid":{"rendered":"http:\/\/agora.xtec.cat\/ieslluisvives\/?page_id=46"},"modified":"2025-11-12T22:49:37","modified_gmt":"2025-11-12T21:49:37","slug":"organigrama","status":"publish","type":"page","link":"https:\/\/agora.xtec.cat\/ieslluisvives\/linstitut\/organigrama\/","title":{"rendered":"Organigrama"},"content":{"rendered":"<h6><span style=\"color: #e05814;\"><strong>EQUIP DIRECTIU<\/strong><\/span><\/h6>\n<ul>\n<li><span style=\"color: #000000;\"><strong>Directora:<\/strong> N\u00faria Prun\u00e9s<\/span><\/li>\n<li><span style=\"color: #000000;\"><strong>Cap d&#8217;estudis: <\/strong>Ana Quesada<\/span><\/li>\n<li><span style=\"color: #000000;\"><strong>Coordinador pedag\u00f2gic:<\/strong> Oriol Costa<\/span><\/li>\n<li><span style=\"color: #000000;\"><strong>Secret\u00e0ria:<\/strong> Anna Cabr\u00e9 \/ Sebastiana Bote<\/span><\/li>\n<\/ul>\n<h6><strong><span style=\"color: #e05814;\">CAPS D&#8217;\u00c0MBIT<\/span><\/strong><\/h6>\n<ul>\n<li><strong>\u00c0mbit STEM:<\/strong> Jordi Ortiz<\/li>\n<li><strong>\u00c0mbit social i d&#8217;expressi\u00f3:<\/strong> Jes\u00fas Mart\u00edn<\/li>\n<li><strong>\u00c0mbit de llengua i comunicaci\u00f3: <\/strong>Vanessa Coll<\/li>\n<li><strong>\u00c0mbit d&#8217;orientaci\u00f3: <\/strong>Caridad Ruiz<\/li>\n<\/ul>\n<h6><strong><span style=\"color: #e05814;\">COORDINACIONS<\/span><\/strong><\/h6>\n<ul>\n<li><strong>Coordinaci\u00f3 digital:<\/strong> Amadeu Bosch<\/li>\n<li><strong>Coordinaci\u00f3 LIC:<\/strong> Roser Orquin<\/li>\n<li><strong>Coordinaci\u00f3 prevenci\u00f3 riscos laborals:<\/strong> Anna Cabr\u00e9<\/li>\n<li><strong>Coordinaci\u00f3 ESO:<\/strong> David Gonz\u00e1lez<\/li>\n<li><strong>Coordinaci\u00f3 Batxillerat:<\/strong> M\u00edriam Margalef<\/li>\n<li><strong>COCOBE:<\/strong> Juan Ambrosio Nieto<\/li>\n<\/ul>\n<h6><strong><span style=\"color: #e05814;\">PAS\/PAE<\/span><\/strong><\/h6>\n<ul>\n<li><strong>Consergeria:\u00a0<\/strong>M.Jos\u00e9 P\u00e1rraga i Cristina Fern\u00e1ndez<\/li>\n<li><strong>Secretaria:\u00a0<\/strong> Sonia Millon<\/li>\n<li><strong>Vetlladora:<\/strong> Elisabeth Molpeceres<\/li>\n<li><strong>Educador d&#8217;educaci\u00f3 especial:<\/strong> Juan Manuel Fern\u00e1ndez<\/li>\n<li><strong>TIS:\u00a0<\/strong>Carlos Franco<\/li>\n<\/ul>\n","protected":false},"excerpt":{"rendered":"<p>EQUIP DIRECTIU<\/p>\n<ul>\n<li>Directora: N\u00faria Prun\u00e9s<\/li>\n<li>Cap d&#8217;estudis: Ana Quesada<\/li>\n<li>Coordinador pedag\u00f2gic: Oriol Costa<\/li>\n<li>Secret\u00e0ria: Anna Cabr\u00e9 \/ Sebastiana Bote<\/li>\n<\/ul>\n<p>CAPS D&#8217;\u00c0MBIT<\/p>\n<ul>\n<li>\u00c0mbit STEM: Jordi Ortiz<\/li>\n<li>\u00c0mbit social i d&#8217;expressi\u00f3: Jes\u00fas Mart\u00edn<\/li>\n<li>\u00c0mbit de llengua i comunicaci\u00f3: Vanessa Coll<\/li>\n<li>\u00c0mbit d&#8217;orientaci\u00f3: Caridad Ruiz<\/li>\n<\/ul>\n<p>COORDINACIONS<\/p>\n<ul>\n<li>Coordinaci\u00f3 digital: Amadeu Bosch<\/li>\n<li>Coordinaci\u00f3 LIC: Roser Orquin<\/li>\n<li>Coordinaci\u00f3 prevenci\u00f3 riscos laborals: Anna Cabr\u00e9<\/li>\n<li>Coordinaci\u00f3 ESO:&hellip;  <a href=\"https:\/\/agora.xtec.cat\/ieslluisvives\/linstitut\/organigrama\/\" title=\"Read Organigrama\">Llegeix m\u00e9s\u00bb<\/a><br \/>\n","protected":false},"author":1,"featured_media":0,"parent":19,"menu_order":50,"comment_status":"closed","ping_status":"closed","template":"page-templates\/side-menu.php","meta":{"_bbp_topic_count":0,"_bbp_reply_count":0,"_bbp_total_topic_count":0,"_bbp_total_reply_count":0,"_bbp_voice_count":0,"_bbp_anonymous_reply_count":0,"_bbp_topic_count_hidden":0,"_bbp_reply_count_hidden":0,"_bbp_forum_subforum_count":0,"footnotes":""},"class_list":["post-46","page","type-page","status-publish","hentry"],"post_mailing_queue_ids":[],"_links":{"self":[{"href":"https:\/\/agora.xtec.cat\/ieslluisvives\/wp-json\/wp\/v2\/pages\/46","targetHints":{"allow":["GET"]}}],"collection":[{"href":"https:\/\/agora.xtec.cat\/ieslluisvives\/wp-json\/wp\/v2\/pages"}],"about":[{"href":"https:\/\/agora.xtec.cat\/ieslluisvives\/wp-json\/wp\/v2\/types\/page"}],"author":[{"embeddable":true,"href":"https:\/\/agora.xtec.cat\/ieslluisvives\/wp-json\/wp\/v2\/users\/1"}],"replies":[{"embeddable":true,"href":"https:\/\/agora.xtec.cat\/ieslluisvives\/wp-json\/wp\/v2\/comments?post=46"}],"version-history":[{"count":7,"href":"https:\/\/agora.xtec.cat\/ieslluisvives\/wp-json\/wp\/v2\/pages\/46\/revisions"}],"predecessor-version":[{"id":671,"href":"https:\/\/agora.xtec.cat\/ieslluisvives\/wp-json\/wp\/v2\/pages\/46\/revisions\/671"}],"up":[{"embeddable":true,"href":"https:\/\/agora.xtec.cat\/ieslluisvives\/wp-json\/wp\/v2\/pages\/19"}],"wp:attachment":[{"href":"https:\/\/agora.xtec.cat\/ieslluisvives\/wp-json\/wp\/v2\/media?parent=46"}],"curies":[{"name":"wp","href":"https:\/\/api.w.org\/{rel}","templated":true}]}}