{"id":951,"date":"2024-11-03T18:20:51","date_gmt":"2024-11-03T17:20:51","guid":{"rendered":"https:\/\/agora.xtec.cat\/ieslluiscompanys\/?page_id=951"},"modified":"2024-11-03T18:22:46","modified_gmt":"2024-11-03T17:22:46","slug":"carta-de-serveis-2","status":"publish","type":"page","link":"https:\/\/agora.xtec.cat\/ieslluiscompanys\/qualitat\/carta-de-serveis-2\/","title":{"rendered":"Carta de Serveis"},"content":{"rendered":"<p>Aquest \u00e9s el document de la carta de serveis del nostre centre: <a href=\"https:\/\/agora.xtec.cat\/ieslluiscompanys\/wp-content\/uploads\/usu3024\/2024\/11\/CARTA-DE-SERVEIS.pdf\" target=\"_blank\" rel=\"noopener\">CARTA-DE-SERVEIS<\/a><\/p>\n<p>I aqu\u00ed teniu una versi\u00f3 abreujada, amb format de tr\u00edptica, d&#8217;aquesta carta de serveis: <a href=\"https:\/\/agora.xtec.cat\/ieslluiscompanys\/wp-content\/uploads\/usu3024\/2024\/11\/TRIPTIC-CARTA-DE-SERVEIS.pdf\" target=\"_blank\" rel=\"noopener\">TR\u00cdPTIC-CARTA-DE-SERVEIS<\/a><\/p>\n","protected":false},"excerpt":{"rendered":"<p>Aquest \u00e9s el document de la carta de serveis del nostre centre: <a href=\"https:\/\/agora.xtec.cat\/ieslluiscompanys\/wp-content\/uploads\/usu3024\/2024\/11\/CARTA-DE-SERVEIS.pdf\" target=\"_blank\" rel=\"noopener\">CARTA-DE-SERVEIS<\/a><br \/>\nI aqu\u00ed teniu una versi\u00f3 abreujada, amb format de tr\u00edptica, d&#8217;aquesta carta de serveis: <a href=\"https:\/\/agora.xtec.cat\/ieslluiscompanys\/wp-content\/uploads\/usu3024\/2024\/11\/TRIPTIC-CARTA-DE-SERVEIS.pdf\" target=\"_blank\" rel=\"noopener\">TR\u00cdPTIC-CARTA-DE-SERVEIS<\/a><\/p>\n","protected":false},"author":6,"featured_media":0,"parent":944,"menu_order":30,"comment_status":"closed","ping_status":"close","template":"","meta":{"_bbp_topic_count":0,"_bbp_reply_count":0,"_bbp_total_topic_count":0,"_bbp_total_reply_count":0,"_bbp_voice_count":0,"_bbp_anonymous_reply_count":0,"_bbp_topic_count_hidden":0,"_bbp_reply_count_hidden":0,"_bbp_forum_subforum_count":0,"footnotes":""},"class_list":["post-951","page","type-page","status-publish","hentry"],"post_mailing_queue_ids":[],"_links":{"self":[{"href":"https:\/\/agora.xtec.cat\/ieslluiscompanys\/wp-json\/wp\/v2\/pages\/951","targetHints":{"allow":["GET"]}}],"collection":[{"href":"https:\/\/agora.xtec.cat\/ieslluiscompanys\/wp-json\/wp\/v2\/pages"}],"about":[{"href":"https:\/\/agora.xtec.cat\/ieslluiscompanys\/wp-json\/wp\/v2\/types\/page"}],"author":[{"embeddable":true,"href":"https:\/\/agora.xtec.cat\/ieslluiscompanys\/wp-json\/wp\/v2\/users\/6"}],"replies":[{"embeddable":true,"href":"https:\/\/agora.xtec.cat\/ieslluiscompanys\/wp-json\/wp\/v2\/comments?post=951"}],"version-history":[{"count":1,"href":"https:\/\/agora.xtec.cat\/ieslluiscompanys\/wp-json\/wp\/v2\/pages\/951\/revisions"}],"predecessor-version":[{"id":954,"href":"https:\/\/agora.xtec.cat\/ieslluiscompanys\/wp-json\/wp\/v2\/pages\/951\/revisions\/954"}],"up":[{"embeddable":true,"href":"https:\/\/agora.xtec.cat\/ieslluiscompanys\/wp-json\/wp\/v2\/pages\/944"}],"wp:attachment":[{"href":"https:\/\/agora.xtec.cat\/ieslluiscompanys\/wp-json\/wp\/v2\/media?parent=951"}],"curies":[{"name":"wp","href":"https:\/\/api.w.org\/{rel}","templated":true}]}}